{"id":13631,"date":"2016-07-21T18:55:39","date_gmt":"2016-07-21T21:55:39","guid":{"rendered":"https:\/\/www.inet.edu.ar\/wp-content\/uploads\/2016\/07\/atm-santiago-inauguracion.jpg"},"modified":"2016-07-21T18:56:31","modified_gmt":"2016-07-21T21:56:31","slug":"atm-santiago-inauguracion","status":"inherit","type":"attachment","link":"https:\/\/www.inet.edu.ar\/index.php\/entrega-de-certificados-en-aulas-talleres-moviles-de-santiago-del-estero\/atm-santiago-inauguracion\/#main","title":{"rendered":"Exhibici\u00f3n de las aulas talleres m\u00f3viles que el Ministerio de Educaci\u00f3n de la Naci\u00f3n entreg\u00f3 a la provincia de Santiago del Estero"},"author":7,"featured_media":0,"comment_status":"closed","ping_status":"closed","template":"","meta":[],"class_list":["post-13631","attachment","type-attachment","status-inherit","hentry"],"description":{"rendered":"<p class=\"attachment\"><a href='https:\/\/www.inet.edu.ar\/wp-content\/uploads\/2016\/07\/atm-santiago-inauguracion.jpg'><img loading=\"lazy\" decoding=\"async\" width=\"240\" height=\"151\" src=\"https:\/\/www.inet.edu.ar\/wp-content\/uploads\/2016\/07\/atm-santiago-inauguracion-240x151.jpg\" class=\"attachment-medium size-medium\" alt=\"\" srcset=\"https:\/\/www.inet.edu.ar\/wp-content\/uploads\/2016\/07\/atm-santiago-inauguracion-240x151.jpg 240w, https:\/\/www.inet.edu.ar\/wp-content\/uploads\/2016\/07\/atm-santiago-inauguracion-768x482.jpg 768w, https:\/\/www.inet.edu.ar\/wp-content\/uploads\/2016\/07\/atm-santiago-inauguracion-468x294.jpg 468w, https:\/\/www.inet.edu.ar\/wp-content\/uploads\/2016\/07\/atm-santiago-inauguracion.jpg 1600w\" sizes=\"auto, (max-width: 240px) 100vw, 240px\" \/><\/a><\/p>\n"},"caption":{"rendered":""},"alt_text":"","media_type":"image","mime_type":"image\/jpeg","media_details":{"width":1600,"height":1004,"file":"2016\/07\/atm-santiago-inauguracion.jpg","sizes":{"thumbnail":{"file":"atm-santiago-inauguracion-150x100.jpg","width":150,"height":100,"mime_type":"image\/jpeg","source_url":"https:\/\/www.inet.edu.ar\/wp-content\/uploads\/2016\/07\/atm-santiago-inauguracion-150x100.jpg"},"medium":{"file":"atm-santiago-inauguracion-240x151.jpg","width":240,"height":151,"mime_type":"image\/jpeg","source_url":"https:\/\/www.inet.edu.ar\/wp-content\/uploads\/2016\/07\/atm-santiago-inauguracion-240x151.jpg"},"medium_large":{"file":"atm-santiago-inauguracion-768x482.jpg","width":768,"height":482,"mime_type":"image\/jpeg","source_url":"https:\/\/www.inet.edu.ar\/wp-content\/uploads\/2016\/07\/atm-santiago-inauguracion-768x482.jpg"},"large":{"file":"atm-santiago-inauguracion-468x294.jpg","width":468,"height":294,"mime_type":"image\/jpeg","source_url":"https:\/\/www.inet.edu.ar\/wp-content\/uploads\/2016\/07\/atm-santiago-inauguracion-468x294.jpg"},"full":{"file":"atm-santiago-inauguracion.jpg","width":1600,"height":1004,"mime_type":"image\/jpeg","source_url":"https:\/\/www.inet.edu.ar\/wp-content\/uploads\/2016\/07\/atm-santiago-inauguracion.jpg"}},"image_meta":{"aperture":"0","credit":"","camera":"","caption":"","created_timestamp":"0","copyright":"","focal_length":"0","iso":"0","shutter_speed":"0","title":"","orientation":"0","keywords":[]}},"post":13618,"source_url":"https:\/\/www.inet.edu.ar\/wp-content\/uploads\/2016\/07\/atm-santiago-inauguracion.jpg","_links":{"self":[{"href":"https:\/\/www.inet.edu.ar\/index.php\/wp-json\/wp\/v2\/media\/13631","targetHints":{"allow":["GET"]}}],"collection":[{"href":"https:\/\/www.inet.edu.ar\/index.php\/wp-json\/wp\/v2\/media"}],"about":[{"href":"https:\/\/www.inet.edu.ar\/index.php\/wp-json\/wp\/v2\/types\/attachment"}],"author":[{"embeddable":true,"href":"https:\/\/www.inet.edu.ar\/index.php\/wp-json\/wp\/v2\/users\/7"}],"replies":[{"embeddable":true,"href":"https:\/\/www.inet.edu.ar\/index.php\/wp-json\/wp\/v2\/comments?post=13631"}],"wp:attached-to":[{"embeddable":true,"post_type":"post","id":13618,"href":"https:\/\/www.inet.edu.ar\/index.php\/wp-json\/wp\/v2\/posts\/13618"}],"curies":[{"name":"wp","href":"https:\/\/api.w.org\/{rel}","templated":true}]}}

Exhibición de las aulas talleres móviles que el Ministerio de Educación de la Nación entregó a la provincia de Santiago del Estero
