{"id":17025,"date":"2016-11-03T14:16:59","date_gmt":"2016-11-03T17:16:59","guid":{"rendered":"https:\/\/www.inet.edu.ar\/wp-content\/uploads\/2016\/11\/20161103_103850.jpg"},"modified":"2016-11-03T14:17:23","modified_gmt":"2016-11-03T17:17:23","slug":"20161103_103850","status":"inherit","type":"attachment","link":"https:\/\/www.inet.edu.ar\/index.php\/nueva-comision-tecnica-de-energia-electrica-y-energias-renovables\/20161103_103850\/#main","title":{"rendered":"Nueva Comisi\u00f3n T\u00e9cnica de Energ\u00eda El\u00e9ctrica y Energ\u00edas Renovables"},"author":7,"featured_media":0,"comment_status":"closed","ping_status":"closed","template":"","meta":[],"class_list":["post-17025","attachment","type-attachment","status-inherit","hentry"],"description":{"rendered":"<p class=\"attachment\"><a href='https:\/\/www.inet.edu.ar\/wp-content\/uploads\/2016\/11\/20161103_103850.jpg'><img loading=\"lazy\" decoding=\"async\" width=\"240\" height=\"135\" src=\"https:\/\/www.inet.edu.ar\/wp-content\/uploads\/2016\/11\/20161103_103850-240x135.jpg\" class=\"attachment-medium size-medium\" alt=\"\" srcset=\"https:\/\/www.inet.edu.ar\/wp-content\/uploads\/2016\/11\/20161103_103850-240x135.jpg 240w, https:\/\/www.inet.edu.ar\/wp-content\/uploads\/2016\/11\/20161103_103850-768x432.jpg 768w, https:\/\/www.inet.edu.ar\/wp-content\/uploads\/2016\/11\/20161103_103850-468x263.jpg 468w\" sizes=\"auto, (max-width: 240px) 100vw, 240px\" \/><\/a><\/p>\n"},"caption":{"rendered":""},"alt_text":"","media_type":"image","mime_type":"image\/jpeg","media_details":{"width":4608,"height":2592,"file":"2016\/11\/20161103_103850.jpg","sizes":{"thumbnail":{"file":"20161103_103850-150x100.jpg","width":150,"height":100,"mime_type":"image\/jpeg","source_url":"https:\/\/www.inet.edu.ar\/wp-content\/uploads\/2016\/11\/20161103_103850-150x100.jpg"},"medium":{"file":"20161103_103850-240x135.jpg","width":240,"height":135,"mime_type":"image\/jpeg","source_url":"https:\/\/www.inet.edu.ar\/wp-content\/uploads\/2016\/11\/20161103_103850-240x135.jpg"},"medium_large":{"file":"20161103_103850-768x432.jpg","width":768,"height":432,"mime_type":"image\/jpeg","source_url":"https:\/\/www.inet.edu.ar\/wp-content\/uploads\/2016\/11\/20161103_103850-768x432.jpg"},"large":{"file":"20161103_103850-468x263.jpg","width":468,"height":263,"mime_type":"image\/jpeg","source_url":"https:\/\/www.inet.edu.ar\/wp-content\/uploads\/2016\/11\/20161103_103850-468x263.jpg"},"full":{"file":"20161103_103850.jpg","width":4608,"height":2592,"mime_type":"image\/jpeg","source_url":"https:\/\/www.inet.edu.ar\/wp-content\/uploads\/2016\/11\/20161103_103850.jpg"}},"image_meta":{"aperture":"1.9","credit":"","camera":"SM-G903F","caption":"","created_timestamp":"1478169530","copyright":"","focal_length":"3.7","iso":"64","shutter_speed":"0.03030303030303","title":"","orientation":"1","keywords":[]}},"post":17023,"source_url":"https:\/\/www.inet.edu.ar\/wp-content\/uploads\/2016\/11\/20161103_103850.jpg","_links":{"self":[{"href":"https:\/\/www.inet.edu.ar\/index.php\/wp-json\/wp\/v2\/media\/17025","targetHints":{"allow":["GET"]}}],"collection":[{"href":"https:\/\/www.inet.edu.ar\/index.php\/wp-json\/wp\/v2\/media"}],"about":[{"href":"https:\/\/www.inet.edu.ar\/index.php\/wp-json\/wp\/v2\/types\/attachment"}],"author":[{"embeddable":true,"href":"https:\/\/www.inet.edu.ar\/index.php\/wp-json\/wp\/v2\/users\/7"}],"replies":[{"embeddable":true,"href":"https:\/\/www.inet.edu.ar\/index.php\/wp-json\/wp\/v2\/comments?post=17025"}],"wp:attached-to":[{"embeddable":true,"post_type":"post","id":17023,"href":"https:\/\/www.inet.edu.ar\/index.php\/wp-json\/wp\/v2\/posts\/17023"}],"curies":[{"name":"wp","href":"https:\/\/api.w.org\/{rel}","templated":true}]}}

Nueva Comisión Técnica de Energía Eléctrica y Energías Renovables
