{"id":17361,"date":"2016-11-21T18:10:26","date_gmt":"2016-11-21T21:10:26","guid":{"rendered":"https:\/\/www.inet.edu.ar\/wp-content\/uploads\/2016\/11\/El-Director-Ejecutivo-del-Instituto-Nacional-de-Escuelas-T\u00e9cnicas-INET-Ministerio-de-Educaci\u00f3n-y-Deporte-de-la-Naci\u00f3n-Gabriel-S\u00e1nchez-Zinny.jpg"},"modified":"2016-11-21T18:18:58","modified_gmt":"2016-11-21T21:18:58","slug":"el-director-ejecutivo-del-instituto-nacional-de-escuelas-tecnicas-inet-ministerio-de-educacion-y-deporte-de-la-nacion-gabriel-sanchez-zinny","status":"inherit","type":"attachment","link":"https:\/\/www.inet.edu.ar\/index.php\/firma-de-convenio-con-peugeot-interaccion-entre-nacion-provincia-municipio-para-promover-la-conexion-escuela-trabajo\/el-director-ejecutivo-del-instituto-nacional-de-escuelas-tecnicas-inet-ministerio-de-educacion-y-deporte-de-la-nacion-gabriel-sanchez-zinny\/#main","title":{"rendered":"El director Ejecutivo del INET"},"author":7,"featured_media":0,"comment_status":"closed","ping_status":"closed","template":"","meta":[],"class_list":["post-17361","attachment","type-attachment","status-inherit","hentry"],"description":{"rendered":"<p class=\"attachment\"><a href='https:\/\/www.inet.edu.ar\/wp-content\/uploads\/2016\/11\/El-Director-Ejecutivo-del-Instituto-Nacional-de-Escuelas-T\u00e9cnicas-INET-Ministerio-de-Educaci\u00f3n-y-Deporte-de-la-Naci\u00f3n-Gabriel-S\u00e1nchez-Zinny.jpg'><img loading=\"lazy\" decoding=\"async\" width=\"240\" height=\"160\" src=\"https:\/\/www.inet.edu.ar\/wp-content\/uploads\/2016\/11\/El-Director-Ejecutivo-del-Instituto-Nacional-de-Escuelas-T\u00e9cnicas-INET-Ministerio-de-Educaci\u00f3n-y-Deporte-de-la-Naci\u00f3n-Gabriel-S\u00e1nchez-Zinny-240x160.jpg\" class=\"attachment-medium size-medium\" alt=\"\" srcset=\"https:\/\/www.inet.edu.ar\/wp-content\/uploads\/2016\/11\/El-Director-Ejecutivo-del-Instituto-Nacional-de-Escuelas-T\u00e9cnicas-INET-Ministerio-de-Educaci\u00f3n-y-Deporte-de-la-Naci\u00f3n-Gabriel-S\u00e1nchez-Zinny-240x160.jpg 240w, https:\/\/www.inet.edu.ar\/wp-content\/uploads\/2016\/11\/El-Director-Ejecutivo-del-Instituto-Nacional-de-Escuelas-T\u00e9cnicas-INET-Ministerio-de-Educaci\u00f3n-y-Deporte-de-la-Naci\u00f3n-Gabriel-S\u00e1nchez-Zinny-150x100.jpg 150w, https:\/\/www.inet.edu.ar\/wp-content\/uploads\/2016\/11\/El-Director-Ejecutivo-del-Instituto-Nacional-de-Escuelas-T\u00e9cnicas-INET-Ministerio-de-Educaci\u00f3n-y-Deporte-de-la-Naci\u00f3n-Gabriel-S\u00e1nchez-Zinny-768x513.jpg 768w, https:\/\/www.inet.edu.ar\/wp-content\/uploads\/2016\/11\/El-Director-Ejecutivo-del-Instituto-Nacional-de-Escuelas-T\u00e9cnicas-INET-Ministerio-de-Educaci\u00f3n-y-Deporte-de-la-Naci\u00f3n-Gabriel-S\u00e1nchez-Zinny-468x312.jpg 468w\" sizes=\"auto, (max-width: 240px) 100vw, 240px\" \/><\/a><\/p>\n"},"caption":{"rendered":""},"alt_text":"","media_type":"image","mime_type":"image\/jpeg","media_details":{"width":6016,"height":4016,"file":"2016\/11\/El-Director-Ejecutivo-del-Instituto-Nacional-de-Escuelas-T\u00e9cnicas-INET-Ministerio-de-Educaci\u00f3n-y-Deporte-de-la-Naci\u00f3n-Gabriel-S\u00e1nchez-Zinny.jpg","sizes":{"thumbnail":{"file":"El-Director-Ejecutivo-del-Instituto-Nacional-de-Escuelas-T\u00e9cnicas-INET-Ministerio-de-Educaci\u00f3n-y-Deporte-de-la-Naci\u00f3n-Gabriel-S\u00e1nchez-Zinny-150x100.jpg","width":150,"height":100,"mime_type":"image\/jpeg","source_url":"https:\/\/www.inet.edu.ar\/wp-content\/uploads\/2016\/11\/El-Director-Ejecutivo-del-Instituto-Nacional-de-Escuelas-T\u00e9cnicas-INET-Ministerio-de-Educaci\u00f3n-y-Deporte-de-la-Naci\u00f3n-Gabriel-S\u00e1nchez-Zinny-150x100.jpg"},"medium":{"file":"El-Director-Ejecutivo-del-Instituto-Nacional-de-Escuelas-T\u00e9cnicas-INET-Ministerio-de-Educaci\u00f3n-y-Deporte-de-la-Naci\u00f3n-Gabriel-S\u00e1nchez-Zinny-240x160.jpg","width":240,"height":160,"mime_type":"image\/jpeg","source_url":"https:\/\/www.inet.edu.ar\/wp-content\/uploads\/2016\/11\/El-Director-Ejecutivo-del-Instituto-Nacional-de-Escuelas-T\u00e9cnicas-INET-Ministerio-de-Educaci\u00f3n-y-Deporte-de-la-Naci\u00f3n-Gabriel-S\u00e1nchez-Zinny-240x160.jpg"},"medium_large":{"file":"El-Director-Ejecutivo-del-Instituto-Nacional-de-Escuelas-T\u00e9cnicas-INET-Ministerio-de-Educaci\u00f3n-y-Deporte-de-la-Naci\u00f3n-Gabriel-S\u00e1nchez-Zinny-768x513.jpg","width":768,"height":513,"mime_type":"image\/jpeg","source_url":"https:\/\/www.inet.edu.ar\/wp-content\/uploads\/2016\/11\/El-Director-Ejecutivo-del-Instituto-Nacional-de-Escuelas-T\u00e9cnicas-INET-Ministerio-de-Educaci\u00f3n-y-Deporte-de-la-Naci\u00f3n-Gabriel-S\u00e1nchez-Zinny-768x513.jpg"},"large":{"file":"El-Director-Ejecutivo-del-Instituto-Nacional-de-Escuelas-T\u00e9cnicas-INET-Ministerio-de-Educaci\u00f3n-y-Deporte-de-la-Naci\u00f3n-Gabriel-S\u00e1nchez-Zinny-468x312.jpg","width":468,"height":312,"mime_type":"image\/jpeg","source_url":"https:\/\/www.inet.edu.ar\/wp-content\/uploads\/2016\/11\/El-Director-Ejecutivo-del-Instituto-Nacional-de-Escuelas-T\u00e9cnicas-INET-Ministerio-de-Educaci\u00f3n-y-Deporte-de-la-Naci\u00f3n-Gabriel-S\u00e1nchez-Zinny-468x312.jpg"},"full":{"file":"El-Director-Ejecutivo-del-Instituto-Nacional-de-Escuelas-T\u00e9cnicas-INET-Ministerio-de-Educaci\u00f3n-y-Deporte-de-la-Naci\u00f3n-Gabriel-S\u00e1nchez-Zinny.jpg","width":6016,"height":4016,"mime_type":"image\/jpeg","source_url":"https:\/\/www.inet.edu.ar\/wp-content\/uploads\/2016\/11\/El-Director-Ejecutivo-del-Instituto-Nacional-de-Escuelas-T\u00e9cnicas-INET-Ministerio-de-Educaci\u00f3n-y-Deporte-de-la-Naci\u00f3n-Gabriel-S\u00e1nchez-Zinny.jpg"}},"image_meta":{"aperture":"4","credit":"","camera":"NIKON D750","caption":"","created_timestamp":"1479723510","copyright":"","focal_length":"116","iso":"1250","shutter_speed":"0.003125","title":"","orientation":"0","keywords":[]}},"post":17354,"source_url":"https:\/\/www.inet.edu.ar\/wp-content\/uploads\/2016\/11\/El-Director-Ejecutivo-del-Instituto-Nacional-de-Escuelas-T\u00e9cnicas-INET-Ministerio-de-Educaci\u00f3n-y-Deporte-de-la-Naci\u00f3n-Gabriel-S\u00e1nchez-Zinny.jpg","_links":{"self":[{"href":"https:\/\/www.inet.edu.ar\/index.php\/wp-json\/wp\/v2\/media\/17361","targetHints":{"allow":["GET"]}}],"collection":[{"href":"https:\/\/www.inet.edu.ar\/index.php\/wp-json\/wp\/v2\/media"}],"about":[{"href":"https:\/\/www.inet.edu.ar\/index.php\/wp-json\/wp\/v2\/types\/attachment"}],"author":[{"embeddable":true,"href":"https:\/\/www.inet.edu.ar\/index.php\/wp-json\/wp\/v2\/users\/7"}],"replies":[{"embeddable":true,"href":"https:\/\/www.inet.edu.ar\/index.php\/wp-json\/wp\/v2\/comments?post=17361"}],"wp:attached-to":[{"embeddable":true,"post_type":"post","id":17354,"href":"https:\/\/www.inet.edu.ar\/index.php\/wp-json\/wp\/v2\/posts\/17354"}],"curies":[{"name":"wp","href":"https:\/\/api.w.org\/{rel}","templated":true}]}}

https://www.inet.edu.ar/wp-content/uploads/2016/11/El-Director-Ejecutivo-del-Instituto-Nacional-de-Escuelas-Técnicas-INET-Ministerio-de-Educación-y-Deporte-de-la-Nación-Gabriel-Sánchez-Zinny.jpg

<p class="attachment"><a href='https://www.inet.edu.ar/wp-content/uploads/2016/11/El-Director-Ejecutivo-del-Instituto-Nacional-de-Escuelas-Técnicas-INET-Ministerio-de-Educación-y-Deporte-de-la-Nación-Gabriel-Sánchez-Zinny.jpg'><img loading="lazy" decoding="async" width="240" height="160" src="https://www.inet.edu.ar/wp-content/uploads/2016/11/El-Director-Ejecutivo-del-Instituto-Nacional-de-Escuelas-Técnicas-INET-Ministerio-de-Educación-y-Deporte-de-la-Nación-Gabriel-Sánchez-Zinny-240x160.jpg" class="attachment-medium size-medium" alt="" srcset="https://www.inet.edu.ar/wp-content/uploads/2016/11/El-Director-Ejecutivo-del-Instituto-Nacional-de-Escuelas-Técnicas-INET-Ministerio-de-Educación-y-Deporte-de-la-Nación-Gabriel-Sánchez-Zinny-240x160.jpg 240w, https://www.inet.edu.ar/wp-content/uploads/2016/11/El-Director-Ejecutivo-del-Instituto-Nacional-de-Escuelas-Técnicas-INET-Ministerio-de-Educación-y-Deporte-de-la-Nación-Gabriel-Sánchez-Zinny-150x100.jpg 150w, https://www.inet.edu.ar/wp-content/uploads/2016/11/El-Director-Ejecutivo-del-Instituto-Nacional-de-Escuelas-Técnicas-INET-Ministerio-de-Educación-y-Deporte-de-la-Nación-Gabriel-Sánchez-Zinny-768x513.jpg 768w, https://www.inet.edu.ar/wp-content/uploads/2016/11/El-Director-Ejecutivo-del-Instituto-Nacional-de-Escuelas-Técnicas-INET-Ministerio-de-Educación-y-Deporte-de-la-Nación-Gabriel-Sánchez-Zinny-468x312.jpg 468w" sizes="auto, (max-width: 240px) 100vw, 240px" /></a></p>

2016/11/El-Director-Ejecutivo-del-Instituto-Nacional-de-Escuelas-Técnicas-INET-Ministerio-de-Educación-y-Deporte-de-la-Nación-Gabriel-Sánchez-Zinny.jpg

El-Director-Ejecutivo-del-Instituto-Nacional-de-Escuelas-Técnicas-INET-Ministerio-de-Educación-y-Deporte-de-la-Nación-Gabriel-Sánchez-Zinny-150x100.jpg

https://www.inet.edu.ar/wp-content/uploads/2016/11/El-Director-Ejecutivo-del-Instituto-Nacional-de-Escuelas-Técnicas-INET-Ministerio-de-Educación-y-Deporte-de-la-Nación-Gabriel-Sánchez-Zinny-150x100.jpg

El-Director-Ejecutivo-del-Instituto-Nacional-de-Escuelas-Técnicas-INET-Ministerio-de-Educación-y-Deporte-de-la-Nación-Gabriel-Sánchez-Zinny-240x160.jpg

https://www.inet.edu.ar/wp-content/uploads/2016/11/El-Director-Ejecutivo-del-Instituto-Nacional-de-Escuelas-Técnicas-INET-Ministerio-de-Educación-y-Deporte-de-la-Nación-Gabriel-Sánchez-Zinny-240x160.jpg

El-Director-Ejecutivo-del-Instituto-Nacional-de-Escuelas-Técnicas-INET-Ministerio-de-Educación-y-Deporte-de-la-Nación-Gabriel-Sánchez-Zinny-768x513.jpg

https://www.inet.edu.ar/wp-content/uploads/2016/11/El-Director-Ejecutivo-del-Instituto-Nacional-de-Escuelas-Técnicas-INET-Ministerio-de-Educación-y-Deporte-de-la-Nación-Gabriel-Sánchez-Zinny-768x513.jpg

El-Director-Ejecutivo-del-Instituto-Nacional-de-Escuelas-Técnicas-INET-Ministerio-de-Educación-y-Deporte-de-la-Nación-Gabriel-Sánchez-Zinny-468x312.jpg

https://www.inet.edu.ar/wp-content/uploads/2016/11/El-Director-Ejecutivo-del-Instituto-Nacional-de-Escuelas-Técnicas-INET-Ministerio-de-Educación-y-Deporte-de-la-Nación-Gabriel-Sánchez-Zinny-468x312.jpg

El-Director-Ejecutivo-del-Instituto-Nacional-de-Escuelas-Técnicas-INET-Ministerio-de-Educación-y-Deporte-de-la-Nación-Gabriel-Sánchez-Zinny.jpg
