{"id":17376,"date":"2016-11-22T17:25:56","date_gmt":"2016-11-22T20:25:56","guid":{"rendered":"https:\/\/www.inet.edu.ar\/wp-content\/uploads\/2016\/11\/DSC_7512.jpg"},"modified":"2016-11-22T17:26:25","modified_gmt":"2016-11-22T20:26:25","slug":"dsc_7512","status":"inherit","type":"attachment","link":"https:\/\/www.inet.edu.ar\/index.php\/el-inet-presente-en-los-festejos-por-el-dia-de-la-educacion-tecnica-en-escuela-de-caba\/dsc_7512\/#main","title":{"rendered":"El INET presente en los festejos por el D\u00eda de la Educaci\u00f3n T\u00e9cnica en escuela de CABA"},"author":7,"featured_media":0,"comment_status":"closed","ping_status":"closed","template":"","meta":[],"class_list":["post-17376","attachment","type-attachment","status-inherit","hentry"],"description":{"rendered":"<p class=\"attachment\"><a href='https:\/\/www.inet.edu.ar\/wp-content\/uploads\/2016\/11\/DSC_7512.jpg'><img loading=\"lazy\" decoding=\"async\" width=\"240\" height=\"160\" src=\"https:\/\/www.inet.edu.ar\/wp-content\/uploads\/2016\/11\/DSC_7512-240x160.jpg\" class=\"attachment-medium size-medium\" alt=\"\" srcset=\"https:\/\/www.inet.edu.ar\/wp-content\/uploads\/2016\/11\/DSC_7512-240x160.jpg 240w, https:\/\/www.inet.edu.ar\/wp-content\/uploads\/2016\/11\/DSC_7512-150x100.jpg 150w, https:\/\/www.inet.edu.ar\/wp-content\/uploads\/2016\/11\/DSC_7512-768x511.jpg 768w, https:\/\/www.inet.edu.ar\/wp-content\/uploads\/2016\/11\/DSC_7512-468x311.jpg 468w, https:\/\/www.inet.edu.ar\/wp-content\/uploads\/2016\/11\/DSC_7512.jpg 921w\" sizes=\"auto, (max-width: 240px) 100vw, 240px\" \/><\/a><\/p>\n"},"caption":{"rendered":""},"alt_text":"","media_type":"image","mime_type":"image\/jpeg","media_details":{"width":921,"height":613,"file":"2016\/11\/DSC_7512.jpg","sizes":{"thumbnail":{"file":"DSC_7512-150x100.jpg","width":150,"height":100,"mime_type":"image\/jpeg","source_url":"https:\/\/www.inet.edu.ar\/wp-content\/uploads\/2016\/11\/DSC_7512-150x100.jpg"},"medium":{"file":"DSC_7512-240x160.jpg","width":240,"height":160,"mime_type":"image\/jpeg","source_url":"https:\/\/www.inet.edu.ar\/wp-content\/uploads\/2016\/11\/DSC_7512-240x160.jpg"},"medium_large":{"file":"DSC_7512-768x511.jpg","width":768,"height":511,"mime_type":"image\/jpeg","source_url":"https:\/\/www.inet.edu.ar\/wp-content\/uploads\/2016\/11\/DSC_7512-768x511.jpg"},"large":{"file":"DSC_7512-468x311.jpg","width":468,"height":311,"mime_type":"image\/jpeg","source_url":"https:\/\/www.inet.edu.ar\/wp-content\/uploads\/2016\/11\/DSC_7512-468x311.jpg"},"full":{"file":"DSC_7512.jpg","width":921,"height":613,"mime_type":"image\/jpeg","source_url":"https:\/\/www.inet.edu.ar\/wp-content\/uploads\/2016\/11\/DSC_7512.jpg"}},"image_meta":{"aperture":"0","credit":"CESAR M DANERI","camera":"","caption":"","created_timestamp":"0","copyright":"","focal_length":"0","iso":"0","shutter_speed":"0","title":"","orientation":"0","keywords":[]}},"post":17372,"source_url":"https:\/\/www.inet.edu.ar\/wp-content\/uploads\/2016\/11\/DSC_7512.jpg","_links":{"self":[{"href":"https:\/\/www.inet.edu.ar\/index.php\/wp-json\/wp\/v2\/media\/17376","targetHints":{"allow":["GET"]}}],"collection":[{"href":"https:\/\/www.inet.edu.ar\/index.php\/wp-json\/wp\/v2\/media"}],"about":[{"href":"https:\/\/www.inet.edu.ar\/index.php\/wp-json\/wp\/v2\/types\/attachment"}],"author":[{"embeddable":true,"href":"https:\/\/www.inet.edu.ar\/index.php\/wp-json\/wp\/v2\/users\/7"}],"replies":[{"embeddable":true,"href":"https:\/\/www.inet.edu.ar\/index.php\/wp-json\/wp\/v2\/comments?post=17376"}],"wp:attached-to":[{"embeddable":true,"post_type":"post","id":17372,"href":"https:\/\/www.inet.edu.ar\/index.php\/wp-json\/wp\/v2\/posts\/17372"}],"curies":[{"name":"wp","href":"https:\/\/api.w.org\/{rel}","templated":true}]}}

El INET presente en los festejos por el Día de la Educación Técnica en escuela de CABA
