{"id":17381,"date":"2016-11-22T17:33:37","date_gmt":"2016-11-22T20:33:37","guid":{"rendered":"https:\/\/www.inet.edu.ar\/wp-content\/uploads\/2016\/11\/Sin-t\u00edtulo-2-1.jpg"},"modified":"2016-11-22T17:33:43","modified_gmt":"2016-11-22T20:33:43","slug":"sin-titulo-2-24","status":"inherit","type":"attachment","link":"https:\/\/www.inet.edu.ar\/index.php\/el-inet-presente-en-los-festejos-por-el-dia-de-la-educacion-tecnica-en-escuela-de-caba\/sin-titulo-2-24\/#main","title":{"rendered":"El INET presente en los festejos por el D\u00eda de la Educaci\u00f3n T\u00e9cnica en escuela de CABA"},"author":7,"featured_media":0,"comment_status":"closed","ping_status":"closed","template":"","meta":[],"class_list":["post-17381","attachment","type-attachment","status-inherit","hentry"],"description":{"rendered":"<p class=\"attachment\"><a href='https:\/\/www.inet.edu.ar\/wp-content\/uploads\/2016\/11\/Sin-t\u00edtulo-2-1.jpg'><img loading=\"lazy\" decoding=\"async\" width=\"240\" height=\"171\" src=\"https:\/\/www.inet.edu.ar\/wp-content\/uploads\/2016\/11\/Sin-t\u00edtulo-2-1-240x171.jpg\" class=\"attachment-medium size-medium\" alt=\"\" srcset=\"https:\/\/www.inet.edu.ar\/wp-content\/uploads\/2016\/11\/Sin-t\u00edtulo-2-1-240x171.jpg 240w, https:\/\/www.inet.edu.ar\/wp-content\/uploads\/2016\/11\/Sin-t\u00edtulo-2-1-768x547.jpg 768w, https:\/\/www.inet.edu.ar\/wp-content\/uploads\/2016\/11\/Sin-t\u00edtulo-2-1-468x333.jpg 468w, https:\/\/www.inet.edu.ar\/wp-content\/uploads\/2016\/11\/Sin-t\u00edtulo-2-1.jpg 1280w\" sizes=\"auto, (max-width: 240px) 100vw, 240px\" \/><\/a><\/p>\n"},"caption":{"rendered":""},"alt_text":"","media_type":"image","mime_type":"image\/jpeg","media_details":{"width":1280,"height":911,"file":"2016\/11\/Sin-t\u00edtulo-2-1.jpg","sizes":{"thumbnail":{"file":"Sin-t\u00edtulo-2-1-150x100.jpg","width":150,"height":100,"mime_type":"image\/jpeg","source_url":"https:\/\/www.inet.edu.ar\/wp-content\/uploads\/2016\/11\/Sin-t\u00edtulo-2-1-150x100.jpg"},"medium":{"file":"Sin-t\u00edtulo-2-1-240x171.jpg","width":240,"height":171,"mime_type":"image\/jpeg","source_url":"https:\/\/www.inet.edu.ar\/wp-content\/uploads\/2016\/11\/Sin-t\u00edtulo-2-1-240x171.jpg"},"medium_large":{"file":"Sin-t\u00edtulo-2-1-768x547.jpg","width":768,"height":547,"mime_type":"image\/jpeg","source_url":"https:\/\/www.inet.edu.ar\/wp-content\/uploads\/2016\/11\/Sin-t\u00edtulo-2-1-768x547.jpg"},"large":{"file":"Sin-t\u00edtulo-2-1-468x333.jpg","width":468,"height":333,"mime_type":"image\/jpeg","source_url":"https:\/\/www.inet.edu.ar\/wp-content\/uploads\/2016\/11\/Sin-t\u00edtulo-2-1-468x333.jpg"},"full":{"file":"Sin-t\u00edtulo-2-1.jpg","width":1280,"height":911,"mime_type":"image\/jpeg","source_url":"https:\/\/www.inet.edu.ar\/wp-content\/uploads\/2016\/11\/Sin-t\u00edtulo-2-1.jpg"}},"image_meta":{"aperture":"0","credit":"","camera":"","caption":"","created_timestamp":"0","copyright":"","focal_length":"0","iso":"0","shutter_speed":"0","title":"","orientation":"0","keywords":[]}},"post":17372,"source_url":"https:\/\/www.inet.edu.ar\/wp-content\/uploads\/2016\/11\/Sin-t\u00edtulo-2-1.jpg","_links":{"self":[{"href":"https:\/\/www.inet.edu.ar\/index.php\/wp-json\/wp\/v2\/media\/17381","targetHints":{"allow":["GET"]}}],"collection":[{"href":"https:\/\/www.inet.edu.ar\/index.php\/wp-json\/wp\/v2\/media"}],"about":[{"href":"https:\/\/www.inet.edu.ar\/index.php\/wp-json\/wp\/v2\/types\/attachment"}],"author":[{"embeddable":true,"href":"https:\/\/www.inet.edu.ar\/index.php\/wp-json\/wp\/v2\/users\/7"}],"replies":[{"embeddable":true,"href":"https:\/\/www.inet.edu.ar\/index.php\/wp-json\/wp\/v2\/comments?post=17381"}],"wp:attached-to":[{"embeddable":true,"post_type":"post","id":17372,"href":"https:\/\/www.inet.edu.ar\/index.php\/wp-json\/wp\/v2\/posts\/17372"}],"curies":[{"name":"wp","href":"https:\/\/api.w.org\/{rel}","templated":true}]}}

https://www.inet.edu.ar/wp-content/uploads/2016/11/Sin-título-2-1.jpg

El INET presente en los festejos por el Día de la Educación Técnica en escuela de CABA

<p class="attachment"><a href='https://www.inet.edu.ar/wp-content/uploads/2016/11/Sin-título-2-1.jpg'><img loading="lazy" decoding="async" width="240" height="171" src="https://www.inet.edu.ar/wp-content/uploads/2016/11/Sin-título-2-1-240x171.jpg" class="attachment-medium size-medium" alt="" srcset="https://www.inet.edu.ar/wp-content/uploads/2016/11/Sin-título-2-1-240x171.jpg 240w, https://www.inet.edu.ar/wp-content/uploads/2016/11/Sin-título-2-1-768x547.jpg 768w, https://www.inet.edu.ar/wp-content/uploads/2016/11/Sin-título-2-1-468x333.jpg 468w, https://www.inet.edu.ar/wp-content/uploads/2016/11/Sin-título-2-1.jpg 1280w" sizes="auto, (max-width: 240px) 100vw, 240px" /></a></p>

2016/11/Sin-título-2-1.jpg

Sin-título-2-1-150x100.jpg

https://www.inet.edu.ar/wp-content/uploads/2016/11/Sin-título-2-1-150x100.jpg

Sin-título-2-1-240x171.jpg

https://www.inet.edu.ar/wp-content/uploads/2016/11/Sin-título-2-1-240x171.jpg

Sin-título-2-1-768x547.jpg

https://www.inet.edu.ar/wp-content/uploads/2016/11/Sin-título-2-1-768x547.jpg

Sin-título-2-1-468x333.jpg

https://www.inet.edu.ar/wp-content/uploads/2016/11/Sin-título-2-1-468x333.jpg

Sin-título-2-1.jpg
