{"id":21160,"date":"2017-09-05T12:27:10","date_gmt":"2017-09-05T15:27:10","guid":{"rendered":"https:\/\/www.inet.edu.ar\/wp-content\/uploads\/2017\/09\/3-1.jpg"},"modified":"2017-09-05T12:27:20","modified_gmt":"2017-09-05T15:27:20","slug":"3-37","status":"inherit","type":"attachment","link":"https:\/\/www.inet.edu.ar\/index.php\/lanzamiento-de-curso-de-formacion-en-energias-renovables-en-neuquen\/3-37\/#main","title":{"rendered":"Lanzamiento de curso de formaci\u00f3n en Energ\u00edas Renovables en Neuqu\u00e9n"},"author":7,"featured_media":0,"comment_status":"closed","ping_status":"closed","template":"","meta":[],"class_list":["post-21160","attachment","type-attachment","status-inherit","hentry"],"description":{"rendered":"<p class=\"attachment\"><a href='https:\/\/www.inet.edu.ar\/wp-content\/uploads\/2017\/09\/3-1.jpg'><img loading=\"lazy\" decoding=\"async\" width=\"240\" height=\"131\" src=\"https:\/\/www.inet.edu.ar\/wp-content\/uploads\/2017\/09\/3-1-240x131.jpg\" class=\"attachment-medium size-medium\" alt=\"\" srcset=\"https:\/\/www.inet.edu.ar\/wp-content\/uploads\/2017\/09\/3-1-240x131.jpg 240w, https:\/\/www.inet.edu.ar\/wp-content\/uploads\/2017\/09\/3-1-768x419.jpg 768w, https:\/\/www.inet.edu.ar\/wp-content\/uploads\/2017\/09\/3-1-468x255.jpg 468w, https:\/\/www.inet.edu.ar\/wp-content\/uploads\/2017\/09\/3-1.jpg 1200w\" sizes=\"auto, (max-width: 240px) 100vw, 240px\" \/><\/a><\/p>\n"},"caption":{"rendered":""},"alt_text":"","media_type":"image","mime_type":"image\/jpeg","media_details":{"width":1200,"height":654,"file":"2017\/09\/3-1.jpg","sizes":{"thumbnail":{"file":"3-1-150x100.jpg","width":150,"height":100,"mime_type":"image\/jpeg","source_url":"https:\/\/www.inet.edu.ar\/wp-content\/uploads\/2017\/09\/3-1-150x100.jpg"},"medium":{"file":"3-1-240x131.jpg","width":240,"height":131,"mime_type":"image\/jpeg","source_url":"https:\/\/www.inet.edu.ar\/wp-content\/uploads\/2017\/09\/3-1-240x131.jpg"},"medium_large":{"file":"3-1-768x419.jpg","width":768,"height":419,"mime_type":"image\/jpeg","source_url":"https:\/\/www.inet.edu.ar\/wp-content\/uploads\/2017\/09\/3-1-768x419.jpg"},"large":{"file":"3-1-468x255.jpg","width":468,"height":255,"mime_type":"image\/jpeg","source_url":"https:\/\/www.inet.edu.ar\/wp-content\/uploads\/2017\/09\/3-1-468x255.jpg"},"full":{"file":"3-1.jpg","width":1200,"height":654,"mime_type":"image\/jpeg","source_url":"https:\/\/www.inet.edu.ar\/wp-content\/uploads\/2017\/09\/3-1.jpg"}},"image_meta":{"aperture":"0","credit":"","camera":"","caption":"","created_timestamp":"0","copyright":"","focal_length":"0","iso":"0","shutter_speed":"0","title":"","orientation":"0","keywords":[]}},"post":21152,"source_url":"https:\/\/www.inet.edu.ar\/wp-content\/uploads\/2017\/09\/3-1.jpg","_links":{"self":[{"href":"https:\/\/www.inet.edu.ar\/index.php\/wp-json\/wp\/v2\/media\/21160","targetHints":{"allow":["GET"]}}],"collection":[{"href":"https:\/\/www.inet.edu.ar\/index.php\/wp-json\/wp\/v2\/media"}],"about":[{"href":"https:\/\/www.inet.edu.ar\/index.php\/wp-json\/wp\/v2\/types\/attachment"}],"author":[{"embeddable":true,"href":"https:\/\/www.inet.edu.ar\/index.php\/wp-json\/wp\/v2\/users\/7"}],"replies":[{"embeddable":true,"href":"https:\/\/www.inet.edu.ar\/index.php\/wp-json\/wp\/v2\/comments?post=21160"}],"wp:attached-to":[{"embeddable":true,"post_type":"post","id":21152,"href":"https:\/\/www.inet.edu.ar\/index.php\/wp-json\/wp\/v2\/posts\/21152"}],"curies":[{"name":"wp","href":"https:\/\/api.w.org\/{rel}","templated":true}]}}

Lanzamiento de curso de formación en Energías Renovables en Neuquén
