{"id":23530,"date":"2018-02-08T18:01:24","date_gmt":"2018-02-08T21:01:24","guid":{"rendered":"https:\/\/www.inet.edu.ar\/wp-content\/uploads\/2018\/02\/2.jpg"},"modified":"2018-02-08T18:01:44","modified_gmt":"2018-02-08T21:01:44","slug":"2-90","status":"inherit","type":"attachment","link":"https:\/\/www.inet.edu.ar\/index.php\/consejo-federal-de-educacion-se-aprobaron-marcos-de-referencia-de-energias-renovables-y-seguridad-publica\/2-90\/#main","title":{"rendered":"Consejo Federal de Educaci\u00f3n: Se aprobaron marcos de referencia de Energ\u00edas Renovables y Seguridad P\u00fablica"},"author":7,"featured_media":0,"comment_status":"closed","ping_status":"closed","template":"","meta":[],"class_list":["post-23530","attachment","type-attachment","status-inherit","hentry"],"description":{"rendered":"<p class=\"attachment\"><a href='https:\/\/www.inet.edu.ar\/wp-content\/uploads\/2018\/02\/2.jpg'><img loading=\"lazy\" decoding=\"async\" width=\"240\" height=\"160\" src=\"https:\/\/www.inet.edu.ar\/wp-content\/uploads\/2018\/02\/2.jpg\" class=\"attachment-medium size-medium\" alt=\"\" \/><\/a><\/p>\n"},"caption":{"rendered":""},"alt_text":"","media_type":"image","mime_type":"image\/jpeg","media_details":{"width":1600,"height":1067,"file":"2018\/02\/2.jpg","image_meta":{"aperture":"0","credit":"","camera":"","caption":"","created_timestamp":"0","copyright":"","focal_length":"0","iso":"0","shutter_speed":"0","title":"","orientation":"0","keywords":[]},"sizes":{}},"post":23523,"source_url":"https:\/\/www.inet.edu.ar\/wp-content\/uploads\/2018\/02\/2.jpg","_links":{"self":[{"href":"https:\/\/www.inet.edu.ar\/index.php\/wp-json\/wp\/v2\/media\/23530","targetHints":{"allow":["GET"]}}],"collection":[{"href":"https:\/\/www.inet.edu.ar\/index.php\/wp-json\/wp\/v2\/media"}],"about":[{"href":"https:\/\/www.inet.edu.ar\/index.php\/wp-json\/wp\/v2\/types\/attachment"}],"author":[{"embeddable":true,"href":"https:\/\/www.inet.edu.ar\/index.php\/wp-json\/wp\/v2\/users\/7"}],"replies":[{"embeddable":true,"href":"https:\/\/www.inet.edu.ar\/index.php\/wp-json\/wp\/v2\/comments?post=23530"}],"wp:attached-to":[{"embeddable":true,"post_type":"post","id":23523,"href":"https:\/\/www.inet.edu.ar\/index.php\/wp-json\/wp\/v2\/posts\/23523"}],"curies":[{"name":"wp","href":"https:\/\/api.w.org\/{rel}","templated":true}]}}

Consejo Federal de Educación: Se aprobaron marcos de referencia de Energías Renovables y Seguridad Pública
