{"id":23645,"date":"2018-02-21T15:20:55","date_gmt":"2018-02-21T18:20:55","guid":{"rendered":"https:\/\/www.inet.edu.ar\/wp-content\/uploads\/2018\/02\/3-3.jpg"},"modified":"2018-02-21T15:32:59","modified_gmt":"2018-02-21T18:32:59","slug":"3-75","status":"inherit","type":"attachment","link":"https:\/\/www.inet.edu.ar\/index.php\/avanza-la-educacion-tecnico-profesional-en-rio-negro-gracias-al-trabajo-conjunto-entre-nacion-y-provincia\/3-75\/#main","title":{"rendered":"Avanza la Educaci\u00f3n T\u00e9cnico Profesional en R\u00edo Negro gracias al trabajo conjunto entre Naci\u00f3n y Provincia"},"author":7,"featured_media":0,"comment_status":"closed","ping_status":"closed","template":"","meta":[],"class_list":["post-23645","attachment","type-attachment","status-inherit","hentry"],"description":{"rendered":"<p class=\"attachment\"><a href='https:\/\/www.inet.edu.ar\/wp-content\/uploads\/2018\/02\/3-3.jpg'><img loading=\"lazy\" decoding=\"async\" width=\"240\" height=\"135\" src=\"https:\/\/www.inet.edu.ar\/wp-content\/uploads\/2018\/02\/3-3.jpg\" class=\"attachment-medium size-medium\" alt=\"\" \/><\/a><\/p>\n"},"caption":{"rendered":""},"alt_text":"","media_type":"image","mime_type":"image\/jpeg","media_details":{"width":1040,"height":584,"file":"2018\/02\/3-3.jpg","image_meta":{"aperture":"0","credit":"","camera":"","caption":"","created_timestamp":"0","copyright":"","focal_length":"0","iso":"0","shutter_speed":"0","title":"","orientation":"0","keywords":[]},"sizes":{}},"post":23637,"source_url":"https:\/\/www.inet.edu.ar\/wp-content\/uploads\/2018\/02\/3-3.jpg","_links":{"self":[{"href":"https:\/\/www.inet.edu.ar\/index.php\/wp-json\/wp\/v2\/media\/23645","targetHints":{"allow":["GET"]}}],"collection":[{"href":"https:\/\/www.inet.edu.ar\/index.php\/wp-json\/wp\/v2\/media"}],"about":[{"href":"https:\/\/www.inet.edu.ar\/index.php\/wp-json\/wp\/v2\/types\/attachment"}],"author":[{"embeddable":true,"href":"https:\/\/www.inet.edu.ar\/index.php\/wp-json\/wp\/v2\/users\/7"}],"replies":[{"embeddable":true,"href":"https:\/\/www.inet.edu.ar\/index.php\/wp-json\/wp\/v2\/comments?post=23645"}],"wp:attached-to":[{"embeddable":true,"post_type":"post","id":23637,"href":"https:\/\/www.inet.edu.ar\/index.php\/wp-json\/wp\/v2\/posts\/23637"}],"curies":[{"name":"wp","href":"https:\/\/api.w.org\/{rel}","templated":true}]}}

Avanza la Educación Técnico Profesional en Río Negro gracias al trabajo conjunto entre Nación y Provincia
