{"id":24745,"date":"2018-05-03T12:35:32","date_gmt":"2018-05-03T15:35:32","guid":{"rendered":"https:\/\/www.inet.edu.ar\/wp-content\/uploads\/2018\/05\/1-1.jpg"},"modified":"2018-05-03T12:35:35","modified_gmt":"2018-05-03T15:35:35","slug":"1-131","status":"inherit","type":"attachment","link":"https:\/\/www.inet.edu.ar\/index.php\/ampliacion-y-refaccion-integral-de-secundario-tecnico-de-santa-cruz\/1-131\/#main","title":{"rendered":"Ampliaci\u00f3n y refacci\u00f3n integral de Secundario T\u00e9cnico de Santa Cruz"},"author":7,"featured_media":0,"comment_status":"closed","ping_status":"closed","template":"","meta":[],"class_list":["post-24745","attachment","type-attachment","status-inherit","hentry"],"description":{"rendered":"<p class=\"attachment\"><a href='https:\/\/www.inet.edu.ar\/wp-content\/uploads\/2018\/05\/1-1.jpg'><img loading=\"lazy\" decoding=\"async\" width=\"240\" height=\"180\" src=\"https:\/\/www.inet.edu.ar\/wp-content\/uploads\/2018\/05\/1-1-240x180.jpg\" class=\"attachment-medium size-medium\" alt=\"\" srcset=\"https:\/\/www.inet.edu.ar\/wp-content\/uploads\/2018\/05\/1-1-240x180.jpg 240w, https:\/\/www.inet.edu.ar\/wp-content\/uploads\/2018\/05\/1-1-768x577.jpg 768w, https:\/\/www.inet.edu.ar\/wp-content\/uploads\/2018\/05\/1-1-468x351.jpg 468w, https:\/\/www.inet.edu.ar\/wp-content\/uploads\/2018\/05\/1-1.jpg 1160w\" sizes=\"auto, (max-width: 240px) 100vw, 240px\" \/><\/a><\/p>\n"},"caption":{"rendered":""},"alt_text":"","media_type":"image","mime_type":"image\/jpeg","media_details":{"width":1160,"height":871,"file":"2018\/05\/1-1.jpg","sizes":{"thumbnail":{"file":"1-1-150x100.jpg","width":150,"height":100,"mime_type":"image\/jpeg","source_url":"https:\/\/www.inet.edu.ar\/wp-content\/uploads\/2018\/05\/1-1-150x100.jpg"},"medium":{"file":"1-1-240x180.jpg","width":240,"height":180,"mime_type":"image\/jpeg","source_url":"https:\/\/www.inet.edu.ar\/wp-content\/uploads\/2018\/05\/1-1-240x180.jpg"},"medium_large":{"file":"1-1-768x577.jpg","width":768,"height":577,"mime_type":"image\/jpeg","source_url":"https:\/\/www.inet.edu.ar\/wp-content\/uploads\/2018\/05\/1-1-768x577.jpg"},"large":{"file":"1-1-468x351.jpg","width":468,"height":351,"mime_type":"image\/jpeg","source_url":"https:\/\/www.inet.edu.ar\/wp-content\/uploads\/2018\/05\/1-1-468x351.jpg"},"full":{"file":"1-1.jpg","width":1160,"height":871,"mime_type":"image\/jpeg","source_url":"https:\/\/www.inet.edu.ar\/wp-content\/uploads\/2018\/05\/1-1.jpg"}},"image_meta":{"aperture":"0","credit":"","camera":"","caption":"","created_timestamp":"0","copyright":"","focal_length":"0","iso":"0","shutter_speed":"0","title":"","orientation":"0","keywords":[]}},"post":24718,"source_url":"https:\/\/www.inet.edu.ar\/wp-content\/uploads\/2018\/05\/1-1.jpg","_links":{"self":[{"href":"https:\/\/www.inet.edu.ar\/index.php\/wp-json\/wp\/v2\/media\/24745","targetHints":{"allow":["GET"]}}],"collection":[{"href":"https:\/\/www.inet.edu.ar\/index.php\/wp-json\/wp\/v2\/media"}],"about":[{"href":"https:\/\/www.inet.edu.ar\/index.php\/wp-json\/wp\/v2\/types\/attachment"}],"author":[{"embeddable":true,"href":"https:\/\/www.inet.edu.ar\/index.php\/wp-json\/wp\/v2\/users\/7"}],"replies":[{"embeddable":true,"href":"https:\/\/www.inet.edu.ar\/index.php\/wp-json\/wp\/v2\/comments?post=24745"}],"wp:attached-to":[{"embeddable":true,"post_type":"post","id":24718,"href":"https:\/\/www.inet.edu.ar\/index.php\/wp-json\/wp\/v2\/posts\/24718"}],"curies":[{"name":"wp","href":"https:\/\/api.w.org\/{rel}","templated":true}]}}

Ampliación y refacción integral de Secundario Técnico de Santa Cruz
