{"id":12,"date":"2012-10-22T23:20:51","date_gmt":"2012-10-22T23:20:51","guid":{"rendered":"https:\/\/www.inet.edu.ar\/?page_id=12"},"modified":"2025-01-30T11:42:19","modified_gmt":"2025-01-30T14:42:19","slug":"comision-federal","status":"publish","type":"page","link":"https:\/\/www.inet.edu.ar\/index.php\/institucional\/comision-federal\/","title":{"rendered":"Comisi\u00f3n Federal de la Educaci\u00f3n T\u00e9cnico Profesional"},"content":{"rendered":"<p style=\"text-align: justify;\">La <strong>Comisi\u00f3n Federal de Educaci\u00f3n T\u00e9cnico Profesional<\/strong> es un \u00e1mbito de discusi\u00f3n de los lineamientos y criterios para el desarrollo de los programas federales que implementa la Secretar\u00eda de Educaci\u00f3n de la Naci\u00f3n a trav\u00e9s del INET.<\/p>\n<p>Re\u00fane a representantes de la modalidad de las 24 jurisdicciones (las provincias y la Ciudad Aut\u00f3noma de Buenos Aires), designados por las m\u00e1ximas autoridades educativas respectivas. Aunque en las reuniones suelen participar ministros de las carteras educativas jurisdiccionales incluyendo la nacional. La <a href=\"https:\/\/www.inet.edu.ar\/index.php\/institucional\/normativa\/ley-de-educacion-tecnico-profesional\/\" target=\"_blank\" rel=\"noopener\">Ley de ETP<\/a> le otorga al INET la funci\u00f3n de coordinar la Comisi\u00f3n.<\/p>\n<p>La Comisi\u00f3n tiene como principal funci\u00f3n elaborar documentos relacionados con las pol\u00edticas a ser implementadas en las instituciones t\u00e9cnico profesionales del pa\u00eds que luego ser\u00e1n presentadas ante el Consejo Federal de Educaci\u00f3n (CFE). Su facilita la toma de decisiones de las m\u00e1ximas autoridades jurisdiccionales. Se desarrolla en el seno de la misma un fuerte y pormenorizado trabajo t\u00e9cnico, de planeamiento compartido, plasmado en acuerdos, sobre el que se apoyan las propuestas de acci\u00f3n de gobierno viabilizando la tarea de discusi\u00f3n y consenso posterior<br \/>\nen la Asamblea del CFE.<\/p>\n<p><strong>Historia<\/strong><\/p>\n<p>En 1992,\u00a0 Argentina decidi\u00f3 -por Ley 24.049- transferir los servicios educativos que pose\u00edan una administraci\u00f3n directa por parte la cartera educativa nacional a las jurisdicciones. La denominada <em>Ley de Transferencia<\/em> implic\u00f3 la profundizaci\u00f3n de la necesidad de di\u00e1logo y consensos interjurisdiccionales, como as\u00ed tambi\u00e9n fortalecer una din\u00e1mica de trabajo con car\u00e1cter federal.<\/p>\n<p>La Educaci\u00f3n T\u00e9cnica, desde el a\u00f1o 1959, pose\u00eda un ejercicio de trabajo de definici\u00f3n de su pol\u00edtica en \u00e1mbitos de discusi\u00f3n colegiada a trav\u00e9s del funcionamiento del Consejo Nacional de Educaci\u00f3n T\u00e9cnica (CoNET). Pero es a partir de la Ley 15.240, con la creaci\u00f3n del CoNET (de representaci\u00f3n tripartita: Estado, Trabajadores, y Empleadores) cuando se organiza y sistematiza la Educaci\u00f3n T\u00e9cnico Profesional (ETP) -que posteriormente va a ser transferida a las jurisdicciones provinciales y de CABA.<\/p>\n<p>En el a\u00f1o 2002, el Consejo Federal de Cultura y Educaci\u00f3n (CFCyE) establece la metodolog\u00eda en la Resoluci\u00f3n 187\/02. Para entonces se hab\u00edan sistematizado los \u201cEncuentros Federales de Educaci\u00f3n Trabajo\u201d y dicha resoluci\u00f3n los reconoce como \u00e1mbitos de<em> \u201cconsulta, consenso, intercambios de experiencias y trabajos\u201d<\/em>. Ese gesto normativo del Consejo institucionaliz\u00f3 el \u00e1mbito de trabajo federal de la ETP hasta el d\u00eda de hoy.<\/p>\n<p>La <a href=\"https:\/\/www.inet.edu.ar\/index.php\/institucional\/normativa\/ley-de-educacion-tecnico-profesional\/\" target=\"_blank\" rel=\"noopener\">Ley de ETP 26.058<\/a>, en vigencia desde 2005, recuper\u00f3 en su esp\u00edritu la forma de trabajo federal, es as\u00ed que en su Cap\u00edtulo VII instituye la Comisi\u00f3n Federal de ETP, y a partir de ah\u00ed los Encuentros Federales de Educaci\u00f3n Trabajo cobijan las reuniones la Comisi\u00f3n.<\/p>\n<p>&nbsp;<\/p>\n<p>&nbsp;<\/p>\n","protected":false},"excerpt":{"rendered":"<p>La Comisi\u00f3n Federal de Educaci\u00f3n T\u00e9cnico Profesional es un \u00e1mbito de discusi\u00f3n de los lineamientos y criterios para el desarrollo de los programas federales que implementa la Secretar\u00eda de Educaci\u00f3n de la Naci\u00f3n a trav\u00e9s del INET. Re\u00fane a representantes de la modalidad de las 24 jurisdicciones (las provincias y la Ciudad Aut\u00f3noma de Buenos [&hellip;]<\/p>\n","protected":false},"author":3,"featured_media":0,"parent":2,"menu_order":2,"comment_status":"open","ping_status":"open","template":"","meta":{"footnotes":""},"class_list":["post-12","page","type-page","status-publish","hentry"],"_links":{"self":[{"href":"https:\/\/www.inet.edu.ar\/index.php\/wp-json\/wp\/v2\/pages\/12","targetHints":{"allow":["GET"]}}],"collection":[{"href":"https:\/\/www.inet.edu.ar\/index.php\/wp-json\/wp\/v2\/pages"}],"about":[{"href":"https:\/\/www.inet.edu.ar\/index.php\/wp-json\/wp\/v2\/types\/page"}],"author":[{"embeddable":true,"href":"https:\/\/www.inet.edu.ar\/index.php\/wp-json\/wp\/v2\/users\/3"}],"replies":[{"embeddable":true,"href":"https:\/\/www.inet.edu.ar\/index.php\/wp-json\/wp\/v2\/comments?post=12"}],"version-history":[{"count":25,"href":"https:\/\/www.inet.edu.ar\/index.php\/wp-json\/wp\/v2\/pages\/12\/revisions"}],"predecessor-version":[{"id":39755,"href":"https:\/\/www.inet.edu.ar\/index.php\/wp-json\/wp\/v2\/pages\/12\/revisions\/39755"}],"up":[{"embeddable":true,"href":"https:\/\/www.inet.edu.ar\/index.php\/wp-json\/wp\/v2\/pages\/2"}],"wp:attachment":[{"href":"https:\/\/www.inet.edu.ar\/index.php\/wp-json\/wp\/v2\/media?parent=12"}],"curies":[{"name":"wp","href":"https:\/\/api.w.org\/{rel}","templated":true}]}}