{"id":1474,"date":"2013-04-26T14:51:22","date_gmt":"2013-04-26T17:51:22","guid":{"rendered":"https:\/\/www.inet.edu.ar\/?page_id=1474"},"modified":"2023-06-05T16:28:12","modified_gmt":"2023-06-05T19:28:12","slug":"gestion-de-la-calidad","status":"publish","type":"page","link":"https:\/\/www.inet.edu.ar\/index.php\/material-de-capacitacion\/desarrollo-de-contenidos\/gestion-de-la-calidad\/","title":{"rendered":"Gesti\u00f3n de la Calidad"},"content":{"rendered":"<h2>1. Gesti\u00f3n organizacional y gesti\u00f3n de la calidad<\/h2>\n<p><strong>Oscar Greco &#8211; INET. 2001. Buenos Aires\u00a0<\/strong><\/p>\n<p>Plantea los componentes b\u00e1sicos de la gesti\u00f3n organizacional concebida \u2013hoy, en la era de los sistemas\u2013 desde un encuadre sist\u00e9mico; ahonda en los rasgos que configuran la gesti\u00f3n de la calidad, a partir de la especificaci\u00f3n de sus par\u00e1metros.<\/p>\n<p><a class=\"media media-zip\" href=\"https:\/\/www.inet.edu.ar\/wp-content\/uploads\/2013\/04\/1_gest-org_mat.zip\">Descargar<\/a><\/p>\n<h2>2. Conceptos b\u00e1sicos de la Calidad Total<\/h2>\n<p><strong>Jos\u00e9 Luis Paladino &#8211; Daniel Luis Croce &#8211; INET. 2002. Buenos Aires\u00a0<\/strong><\/p>\n<p>Propicia la inclusi\u00f3n de problemas y temas vinculados con la calidad total entre los que se ense\u00f1an en el marco de las tecnolog\u00edas gestionales; difunde los conceptos de la Gesti\u00f3n de la calidad en el accionar cotidiano de las personas que desarrollan su actividad en todo tipo de organizaci\u00f3n, a fin de lograr el mejor funcionamiento de \u00e9stas y la completa satisfacci\u00f3n de sus clientes.<\/p>\n<p><a class=\"media media-zip\" href=\"https:\/\/www.inet.edu.ar\/wp-content\/uploads\/2013\/04\/2_cal-total_mat.zip\">Descargar<\/a><\/p>\n<h2>3. Los grupos y sus herramientas de mejora continua<\/h2>\n<p><strong>Oscar Greco &#8211; INET. 2004. Buenos Aires\u00a0<\/strong><\/p>\n<p>Ayuda a comprender c\u00f3mo se forma un equipo de trabajo eficaz, valorando su importancia para el desarrollo de la organizaci\u00f3n de la que forma parte. Permite contar con herramientas para encarar procesos de mejora continua: metodolog\u00eda para la soluci\u00f3n de problemas, tormenta de ideas, diagrama causa-efecto, diagrama por qu\u00e9-por qu\u00e9, diagrama c\u00f3mo-c\u00f3mo, diagrama de afinidad, diagrama de campo de fuerzas, diagrama de flujo de procesos y diagrama de Pareto.<\/p>\n<p><a class=\"media media-zip\" href=\"https:\/\/www.inet.edu.ar\/wp-content\/uploads\/2013\/04\/3_grupos_mejora_mat.zip\">Descargar<\/a><\/p>\n","protected":false},"excerpt":{"rendered":"<p>1. Gesti\u00f3n organizacional y gesti\u00f3n de la calidad Oscar Greco &#8211; INET. 2001. Buenos Aires\u00a0 Plantea los componentes b\u00e1sicos de la gesti\u00f3n organizacional concebida \u2013hoy, en la era de los sistemas\u2013 desde un encuadre sist\u00e9mico; ahonda en los rasgos que configuran la gesti\u00f3n de la calidad, a partir de la especificaci\u00f3n de sus par\u00e1metros. Descargar [&hellip;]<\/p>\n","protected":false},"author":3,"featured_media":0,"parent":826,"menu_order":6,"comment_status":"closed","ping_status":"open","template":"","meta":{"footnotes":""},"class_list":["post-1474","page","type-page","status-publish","hentry"],"_links":{"self":[{"href":"https:\/\/www.inet.edu.ar\/index.php\/wp-json\/wp\/v2\/pages\/1474","targetHints":{"allow":["GET"]}}],"collection":[{"href":"https:\/\/www.inet.edu.ar\/index.php\/wp-json\/wp\/v2\/pages"}],"about":[{"href":"https:\/\/www.inet.edu.ar\/index.php\/wp-json\/wp\/v2\/types\/page"}],"author":[{"embeddable":true,"href":"https:\/\/www.inet.edu.ar\/index.php\/wp-json\/wp\/v2\/users\/3"}],"replies":[{"embeddable":true,"href":"https:\/\/www.inet.edu.ar\/index.php\/wp-json\/wp\/v2\/comments?post=1474"}],"version-history":[{"count":2,"href":"https:\/\/www.inet.edu.ar\/index.php\/wp-json\/wp\/v2\/pages\/1474\/revisions"}],"predecessor-version":[{"id":37675,"href":"https:\/\/www.inet.edu.ar\/index.php\/wp-json\/wp\/v2\/pages\/1474\/revisions\/37675"}],"up":[{"embeddable":true,"href":"https:\/\/www.inet.edu.ar\/index.php\/wp-json\/wp\/v2\/pages\/826"}],"wp:attachment":[{"href":"https:\/\/www.inet.edu.ar\/index.php\/wp-json\/wp\/v2\/media?parent=1474"}],"curies":[{"name":"wp","href":"https:\/\/api.w.org\/{rel}","templated":true}]}}

Gestión de la Calidad

<h2>1. Gestión organizacional y gestión de la calidad</h2>
<p><strong>Oscar Greco &#8211; INET. 2001. Buenos Aires </strong></p>
<p>Plantea los componentes básicos de la gestión organizacional concebida –hoy, en la era de los sistemas– desde un encuadre sistémico; ahonda en los rasgos que configuran la gestión de la calidad, a partir de la especificación de sus parámetros.</p>
<p><a class="media media-zip" href="https://www.inet.edu.ar/wp-content/uploads/2013/04/1_gest-org_mat.zip">Descargar</a></p>
<h2>2. Conceptos básicos de la Calidad Total</h2>
<p><strong>José Luis Paladino &#8211; Daniel Luis Croce &#8211; INET. 2002. Buenos Aires </strong></p>
<p>Propicia la inclusión de problemas y temas vinculados con la calidad total entre los que se enseñan en el marco de las tecnologías gestionales; difunde los conceptos de la Gestión de la calidad en el accionar cotidiano de las personas que desarrollan su actividad en todo tipo de organización, a fin de lograr el mejor funcionamiento de éstas y la completa satisfacción de sus clientes.</p>
<p><a class="media media-zip" href="https://www.inet.edu.ar/wp-content/uploads/2013/04/2_cal-total_mat.zip">Descargar</a></p>
<h2>3. Los grupos y sus herramientas de mejora continua</h2>
<p><strong>Oscar Greco &#8211; INET. 2004. Buenos Aires </strong></p>
<p>Ayuda a comprender cómo se forma un equipo de trabajo eficaz, valorando su importancia para el desarrollo de la organización de la que forma parte. Permite contar con herramientas para encarar procesos de mejora continua: metodología para la solución de problemas, tormenta de ideas, diagrama causa-efecto, diagrama por qué-por qué, diagrama cómo-cómo, diagrama de afinidad, diagrama de campo de fuerzas, diagrama de flujo de procesos y diagrama de Pareto.</p>
<p><a class="media media-zip" href="https://www.inet.edu.ar/wp-content/uploads/2013/04/3_grupos_mejora_mat.zip">Descargar</a></p>

<p>1. Gestión organizacional y gestión de la calidad Oscar Greco &#8211; INET. 2001. Buenos Aires  Plantea los componentes básicos de la gestión organizacional concebida –hoy, en la era de los sistemas– desde un encuadre sistémico; ahonda en los rasgos que configuran la gestión de la calidad, a partir de la especificación de sus parámetros. Descargar [&hellip;]</p>
