{"id":1485,"date":"2013-04-26T14:59:10","date_gmt":"2013-04-26T17:59:10","guid":{"rendered":"https:\/\/www.inet.edu.ar\/?page_id=1485"},"modified":"2023-06-05T16:44:36","modified_gmt":"2023-06-05T19:44:36","slug":"proyecto-tecnologico","status":"publish","type":"page","link":"https:\/\/www.inet.edu.ar\/index.php\/material-de-capacitacion\/desarrollo-de-contenidos\/proyecto-tecnologico\/","title":{"rendered":"Proyecto tecnol\u00f3gico"},"content":{"rendered":"<h2>1. Representaci\u00f3n y modelizaci\u00f3n en Educaci\u00f3n Tecnol\u00f3gica \u2013Secuencia introductoria de actividades para su tratamiento\u2013.<\/h2>\n<p><strong>Laura Lopresti &#8211; Andrea Barbeito &#8211; INET. 2002. Buenos Aires\u00a0<\/strong><\/p>\n<p>Plantea una experiencia de capacitaci\u00f3n de maestros y profesores que retoma componentes b\u00e1sicos de la Educaci\u00f3n Tecnol\u00f3gica y que fue llevada a cabo con la modalidad presencial de cursado. Partiendo de situaciones problem\u00e1ticas referidas al mundo artificial, la experiencia avanza hacia el uso de sistemas para representar ese mundo.<\/p>\n<p><a class=\"media media-zip\" href=\"https:\/\/www.inet.edu.ar\/wp-content\/uploads\/2013\/04\/1_repres_y_model_en_edutec.zip\">Descargar<\/a><\/p>\n<h2>2. La fase de planificaci\u00f3n de un proyecto tecnol\u00f3gico<\/h2>\n<p><strong>Araceli Dal Santo, N\u00e9stor Machado Susseret, Hayde\u00e9 Noceti, Cecilia Trueba &#8211; INET. 2003. Buenos Aires<\/strong><\/p>\n<p>Rese\u00f1a la experiencia desarrollada por cuatro profesores que planificaron conjuntamente la presentaci\u00f3n de un proyecto tecnol\u00f3gico, planteando todas las decisiones tomadas y todas las dimensiones consideradas en esta intensa tarea inicial de detecci\u00f3n de situaciones problem\u00e1ticas, organizaci\u00f3n, toma de decisiones curriculares y gesti\u00f3n, que conforma la instancia preparatoria a la puesta en pr\u00e1ctica de ese proyecto por parte de los alumnos.<\/p>\n<p><a class=\"media media-zip\" href=\"https:\/\/www.inet.edu.ar\/wp-content\/uploads\/2013\/04\/2_plan_museo_mat.zip\">Descargar<\/a><\/p>\n<h2>3. Procesos de ense\u00f1anza y de aprendizaje en construcci\u00f3n de edificios, basados en problemas<\/h2>\n<p><strong>Hayde\u00e9 Noceti &#8211; INET. 2003. Buenos Aires\u00a0<\/strong><\/p>\n<p>Analiza testimonios de pr\u00e1cticas docentes en las asignaturas \u00abConstrucciones de hormig\u00f3n armado\u00bb, y \u00abConstrucciones met\u00e1licas y de madera\u00bb de la especialidad Construcciones, del ciclo superior de una escuela t\u00e9cnica de la Ciudad Aut\u00f3noma de Buenos Aires; desde estos datos de realidad plantea los fundamentos de los procesos de ense\u00f1anza y de aprendizaje basados en la resoluci\u00f3n de problemas.<\/p>\n<p><a class=\"media media-zip\" href=\"https:\/\/www.inet.edu.ar\/wp-content\/uploads\/2013\/04\/3_construc_edificios.zip\">Descargar<\/a><\/p>\n","protected":false},"excerpt":{"rendered":"<p>1. Representaci\u00f3n y modelizaci\u00f3n en Educaci\u00f3n Tecnol\u00f3gica \u2013Secuencia introductoria de actividades para su tratamiento\u2013. Laura Lopresti &#8211; Andrea Barbeito &#8211; INET. 2002. Buenos Aires\u00a0 Plantea una experiencia de capacitaci\u00f3n de maestros y profesores que retoma componentes b\u00e1sicos de la Educaci\u00f3n Tecnol\u00f3gica y que fue llevada a cabo con la modalidad presencial de cursado. Partiendo de [&hellip;]<\/p>\n","protected":false},"author":3,"featured_media":0,"parent":826,"menu_order":10,"comment_status":"closed","ping_status":"open","template":"","meta":{"footnotes":""},"class_list":["post-1485","page","type-page","status-publish","hentry"],"_links":{"self":[{"href":"https:\/\/www.inet.edu.ar\/index.php\/wp-json\/wp\/v2\/pages\/1485","targetHints":{"allow":["GET"]}}],"collection":[{"href":"https:\/\/www.inet.edu.ar\/index.php\/wp-json\/wp\/v2\/pages"}],"about":[{"href":"https:\/\/www.inet.edu.ar\/index.php\/wp-json\/wp\/v2\/types\/page"}],"author":[{"embeddable":true,"href":"https:\/\/www.inet.edu.ar\/index.php\/wp-json\/wp\/v2\/users\/3"}],"replies":[{"embeddable":true,"href":"https:\/\/www.inet.edu.ar\/index.php\/wp-json\/wp\/v2\/comments?post=1485"}],"version-history":[{"count":3,"href":"https:\/\/www.inet.edu.ar\/index.php\/wp-json\/wp\/v2\/pages\/1485\/revisions"}],"predecessor-version":[{"id":37680,"href":"https:\/\/www.inet.edu.ar\/index.php\/wp-json\/wp\/v2\/pages\/1485\/revisions\/37680"}],"up":[{"embeddable":true,"href":"https:\/\/www.inet.edu.ar\/index.php\/wp-json\/wp\/v2\/pages\/826"}],"wp:attachment":[{"href":"https:\/\/www.inet.edu.ar\/index.php\/wp-json\/wp\/v2\/media?parent=1485"}],"curies":[{"name":"wp","href":"https:\/\/api.w.org\/{rel}","templated":true}]}}

Proyecto tecnológico

<h2>1. Representación y modelización en Educación Tecnológica –Secuencia introductoria de actividades para su tratamiento–.</h2>
<p><strong>Laura Lopresti &#8211; Andrea Barbeito &#8211; INET. 2002. Buenos Aires </strong></p>
<p>Plantea una experiencia de capacitación de maestros y profesores que retoma componentes básicos de la Educación Tecnológica y que fue llevada a cabo con la modalidad presencial de cursado. Partiendo de situaciones problemáticas referidas al mundo artificial, la experiencia avanza hacia el uso de sistemas para representar ese mundo.</p>
<p><a class="media media-zip" href="https://www.inet.edu.ar/wp-content/uploads/2013/04/1_repres_y_model_en_edutec.zip">Descargar</a></p>
<h2>2. La fase de planificación de un proyecto tecnológico</h2>
<p><strong>Araceli Dal Santo, Néstor Machado Susseret, Haydeé Noceti, Cecilia Trueba &#8211; INET. 2003. Buenos Aires</strong></p>
<p>Reseña la experiencia desarrollada por cuatro profesores que planificaron conjuntamente la presentación de un proyecto tecnológico, planteando todas las decisiones tomadas y todas las dimensiones consideradas en esta intensa tarea inicial de detección de situaciones problemáticas, organización, toma de decisiones curriculares y gestión, que conforma la instancia preparatoria a la puesta en práctica de ese proyecto por parte de los alumnos.</p>
<p><a class="media media-zip" href="https://www.inet.edu.ar/wp-content/uploads/2013/04/2_plan_museo_mat.zip">Descargar</a></p>
<h2>3. Procesos de enseñanza y de aprendizaje en construcción de edificios, basados en problemas</h2>
<p><strong>Haydeé Noceti &#8211; INET. 2003. Buenos Aires </strong></p>
<p>Analiza testimonios de prácticas docentes en las asignaturas «Construcciones de hormigón armado», y «Construcciones metálicas y de madera» de la especialidad Construcciones, del ciclo superior de una escuela técnica de la Ciudad Autónoma de Buenos Aires; desde estos datos de realidad plantea los fundamentos de los procesos de enseñanza y de aprendizaje basados en la resolución de problemas.</p>
<p><a class="media media-zip" href="https://www.inet.edu.ar/wp-content/uploads/2013/04/3_construc_edificios.zip">Descargar</a></p>

<p>1. Representación y modelización en Educación Tecnológica –Secuencia introductoria de actividades para su tratamiento–. Laura Lopresti &#8211; Andrea Barbeito &#8211; INET. 2002. Buenos Aires  Plantea una experiencia de capacitación de maestros y profesores que retoma componentes básicos de la Educación Tecnológica y que fue llevada a cabo con la modalidad presencial de cursado. Partiendo de [&hellip;]</p>
