{"id":1496,"date":"2013-04-26T15:06:23","date_gmt":"2013-04-26T18:06:23","guid":{"rendered":"https:\/\/www.inet.edu.ar\/?page_id=1496"},"modified":"2023-06-05T17:06:50","modified_gmt":"2023-06-05T20:06:50","slug":"unidades-de-cultura-tecnologica","status":"publish","type":"page","link":"https:\/\/www.inet.edu.ar\/index.php\/material-de-capacitacion\/desarrollo-de-contenidos\/unidades-de-cultura-tecnologica\/","title":{"rendered":"Unidades de Cultura Tecnol\u00f3gica"},"content":{"rendered":"<h2>1. Experiencias telem\u00e1ticas con las Unidades de Cultura Tecnol\u00f3gica<\/h2>\n<p><strong>Pablo Pilotto &#8211; INET. 2003. Buenos Aires\u00a0<\/strong><\/p>\n<p>Plantea las posibilidades educativas de una Unidad de Cultura Tecnol\u00f3gica, la que est\u00e1 integrada por un equipamiento dise\u00f1ado con fines educativos que permite a la persona que est\u00e1 form\u00e1ndose o capacit\u00e1ndose comprender aquellas intervenciones que la tecnolog\u00eda puede realizar sobre los materiales, la energ\u00eda o la informaci\u00f3n. Plantea experiencias de uso del equipamiento de algunas de las estaciones de las UCT por parte de profesores y alumnos que no cuentan con una unidad cercana en la cual desarrollar sus proyectos de ense\u00f1anza, pero que se asocian con una de ellas \u2013de ah\u00ed que el t\u00edtulo remita a experiencias con UCT y no a experiencias en UCT\u2013 a trav\u00e9s de medios telem\u00e1ticos.<\/p>\n<p><a class=\"media media-zip\" href=\"https:\/\/www.inet.edu.ar\/wp-content\/uploads\/2013\/04\/1_exp_telematicas.zip\">Descargar<\/a><\/p>\n<h2>2. Integraci\u00f3n de la UCT a partir de proyectos tecnol\u00f3gicos \u2013Una experiencia de capacitaci\u00f3n\u2013<\/h2>\n<p><strong>Luis Doval &#8211; INET. 2003. Buenos Aires<\/strong><\/p>\n<p>Reconstruye una actividad de actualizaci\u00f3n en Tecnolog\u00eda llevada a cabo por profesores de disciplinas t\u00e9cnicas en un aula particular, la Unidad de Cultura Tecnol\u00f3gica; all\u00ed, un grupo de profesores y otro de muchachos, sus alumnos de EGB3, llevan a cabo proyectos tecnol\u00f3gicos, y an\u00e1lisis de productos y de procesos tecnol\u00f3gicos. El coordinador de la experiencia lo acompa\u00f1a a lo largo de la lectura, detall\u00e1ndole las consignas de trabajo que present\u00f3 a los grupos, sus prop\u00f3sitos, los contenidos que sustentaron a cada consigna y los recursos did\u00e1cticos que propuso a profesores y a alumnos para cada construcci\u00f3n y para cada momento de fundamentaci\u00f3n te\u00f3rica.<\/p>\n<p><a class=\"media media-zip\" href=\"https:\/\/www.inet.edu.ar\/wp-content\/uploads\/2013\/04\/2_integracion_uct.zip\">Descargar<\/a><\/p>\n<h2>3. Experiencias de trabajo con las UCT<\/h2>\n<p><strong>Marcelo Palavecino &#8211; INET. 2003. Buenos Aires<\/strong><\/p>\n<p>Rese\u00f1a tareas realizadas por educadores en Tecnolog\u00eda y por sus alumnos, integrando distintas estaciones de las Unidades de Cultura Tecnol\u00f3gica para el desarrollo de an\u00e1lisis de productos y de proyectos tecnol\u00f3gicos.<\/p>\n<p><a class=\"media media-zip\" href=\"https:\/\/www.inet.edu.ar\/wp-content\/uploads\/2013\/04\/3_exp_trabajo_uct.zip\">Descargar<\/a><\/p>\n<h2>4. Transformaci\u00f3n de movimientos -La UCT en la formaci\u00f3n pre-profesional-<\/h2>\n<p><strong>Miguel \u00c1ngel Reinero &#8211; UCT. 2006. Villa Mercedes\u00a0<\/strong><\/p>\n<p>Presenta una experiencia llevada a cabo por alumnos de noveno a\u00f1o de la educaci\u00f3n general b\u00e1sica, integrando las estaciones \u00abTorno CNC\u00bb y \u00abBrazo rob\u00f3tico\u00bb y una aplicaci\u00f3n \u2013puertas autom\u00e1ticas con sistemas neum\u00e1ticos\u2013 vinculada con la estaci\u00f3n \u00abNeum\u00e1tica\u00bb.<\/p>\n<p><a class=\"media media-zip\" href=\"https:\/\/www.inet.edu.ar\/wp-content\/uploads\/2013\/04\/4_transf_de_mov_cc.zip\">Descargar<\/a><\/p>\n","protected":false},"excerpt":{"rendered":"<p>1. Experiencias telem\u00e1ticas con las Unidades de Cultura Tecnol\u00f3gica Pablo Pilotto &#8211; INET. 2003. Buenos Aires\u00a0 Plantea las posibilidades educativas de una Unidad de Cultura Tecnol\u00f3gica, la que est\u00e1 integrada por un equipamiento dise\u00f1ado con fines educativos que permite a la persona que est\u00e1 form\u00e1ndose o capacit\u00e1ndose comprender aquellas intervenciones que la tecnolog\u00eda puede realizar [&hellip;]<\/p>\n","protected":false},"author":3,"featured_media":0,"parent":826,"menu_order":14,"comment_status":"closed","ping_status":"open","template":"","meta":{"footnotes":""},"class_list":["post-1496","page","type-page","status-publish","hentry"],"_links":{"self":[{"href":"https:\/\/www.inet.edu.ar\/index.php\/wp-json\/wp\/v2\/pages\/1496","targetHints":{"allow":["GET"]}}],"collection":[{"href":"https:\/\/www.inet.edu.ar\/index.php\/wp-json\/wp\/v2\/pages"}],"about":[{"href":"https:\/\/www.inet.edu.ar\/index.php\/wp-json\/wp\/v2\/types\/page"}],"author":[{"embeddable":true,"href":"https:\/\/www.inet.edu.ar\/index.php\/wp-json\/wp\/v2\/users\/3"}],"replies":[{"embeddable":true,"href":"https:\/\/www.inet.edu.ar\/index.php\/wp-json\/wp\/v2\/comments?post=1496"}],"version-history":[{"count":2,"href":"https:\/\/www.inet.edu.ar\/index.php\/wp-json\/wp\/v2\/pages\/1496\/revisions"}],"predecessor-version":[{"id":37685,"href":"https:\/\/www.inet.edu.ar\/index.php\/wp-json\/wp\/v2\/pages\/1496\/revisions\/37685"}],"up":[{"embeddable":true,"href":"https:\/\/www.inet.edu.ar\/index.php\/wp-json\/wp\/v2\/pages\/826"}],"wp:attachment":[{"href":"https:\/\/www.inet.edu.ar\/index.php\/wp-json\/wp\/v2\/media?parent=1496"}],"curies":[{"name":"wp","href":"https:\/\/api.w.org\/{rel}","templated":true}]}}

Unidades de Cultura Tecnológica

<h2>1. Experiencias telemáticas con las Unidades de Cultura Tecnológica</h2>
<p><strong>Pablo Pilotto &#8211; INET. 2003. Buenos Aires </strong></p>
<p>Plantea las posibilidades educativas de una Unidad de Cultura Tecnológica, la que está integrada por un equipamiento diseñado con fines educativos que permite a la persona que está formándose o capacitándose comprender aquellas intervenciones que la tecnología puede realizar sobre los materiales, la energía o la información. Plantea experiencias de uso del equipamiento de algunas de las estaciones de las UCT por parte de profesores y alumnos que no cuentan con una unidad cercana en la cual desarrollar sus proyectos de enseñanza, pero que se asocian con una de ellas –de ahí que el título remita a experiencias con UCT y no a experiencias en UCT– a través de medios telemáticos.</p>
<p><a class="media media-zip" href="https://www.inet.edu.ar/wp-content/uploads/2013/04/1_exp_telematicas.zip">Descargar</a></p>
<h2>2. Integración de la UCT a partir de proyectos tecnológicos –Una experiencia de capacitación–</h2>
<p><strong>Luis Doval &#8211; INET. 2003. Buenos Aires</strong></p>
<p>Reconstruye una actividad de actualización en Tecnología llevada a cabo por profesores de disciplinas técnicas en un aula particular, la Unidad de Cultura Tecnológica; allí, un grupo de profesores y otro de muchachos, sus alumnos de EGB3, llevan a cabo proyectos tecnológicos, y análisis de productos y de procesos tecnológicos. El coordinador de la experiencia lo acompaña a lo largo de la lectura, detallándole las consignas de trabajo que presentó a los grupos, sus propósitos, los contenidos que sustentaron a cada consigna y los recursos didácticos que propuso a profesores y a alumnos para cada construcción y para cada momento de fundamentación teórica.</p>
<p><a class="media media-zip" href="https://www.inet.edu.ar/wp-content/uploads/2013/04/2_integracion_uct.zip">Descargar</a></p>
<h2>3. Experiencias de trabajo con las UCT</h2>
<p><strong>Marcelo Palavecino &#8211; INET. 2003. Buenos Aires</strong></p>
<p>Reseña tareas realizadas por educadores en Tecnología y por sus alumnos, integrando distintas estaciones de las Unidades de Cultura Tecnológica para el desarrollo de análisis de productos y de proyectos tecnológicos.</p>
<p><a class="media media-zip" href="https://www.inet.edu.ar/wp-content/uploads/2013/04/3_exp_trabajo_uct.zip">Descargar</a></p>
<h2>4. Transformación de movimientos -La UCT en la formación pre-profesional-</h2>
<p><strong>Miguel Ángel Reinero &#8211; UCT. 2006. Villa Mercedes </strong></p>
<p>Presenta una experiencia llevada a cabo por alumnos de noveno año de la educación general básica, integrando las estaciones «Torno CNC» y «Brazo robótico» y una aplicación –puertas automáticas con sistemas neumáticos– vinculada con la estación «Neumática».</p>
<p><a class="media media-zip" href="https://www.inet.edu.ar/wp-content/uploads/2013/04/4_transf_de_mov_cc.zip">Descargar</a></p>

<p>1. Experiencias telemáticas con las Unidades de Cultura Tecnológica Pablo Pilotto &#8211; INET. 2003. Buenos Aires  Plantea las posibilidades educativas de una Unidad de Cultura Tecnológica, la que está integrada por un equipamiento diseñado con fines educativos que permite a la persona que está formándose o capacitándose comprender aquellas intervenciones que la tecnología puede realizar [&hellip;]</p>
