{"id":1497,"date":"2013-04-26T15:01:29","date_gmt":"2013-04-26T18:01:29","guid":{"rendered":"https:\/\/www.inet.edu.ar\/?page_id=1497"},"modified":"2013-04-26T15:04:09","modified_gmt":"2013-04-26T18:04:09","slug":"educacion-y-prevencion-de-las-adicciones-y-el-consumo-indebido-de-drogas","status":"publish","type":"page","link":"https:\/\/www.inet.edu.ar\/index.php\/politicas-transversales\/educacion-y-prevencion-de-las-adicciones-y-el-consumo-indebido-de-drogas\/","title":{"rendered":"Educaci\u00f3n y prevenci\u00f3n de las adicciones y el consumo indebido de drogas"},"content":{"rendered":"<p><strong>Antecedentes<\/strong><\/p>\n<p><span style=\"line-height: 1.21em;\">Durante el a\u00f1o 2009 una conjunci\u00f3n de factores han dado lugar a la creaci\u00f3n en el \u00e1mbito del Ministerio de Educaci\u00f3n de un nuevo programa abocado a la prevenci\u00f3n del consumo problem\u00e1tico de drogas en los ni\u00f1os, ni\u00f1as y adolescentes.<\/span><\/p>\n<p>En primer lugar la Corte Suprema de Justicia en el Fallo Arriola, Sebasti\u00e1n y otros s\/causa 9080, exhorta a todos los poderes p\u00fablicos a \u201dadoptar medidas de salud preventivas, con informaci\u00f3n y educaci\u00f3n disuasiva del consumo, sobre todo enfocada en los grupos m\u00e1s vulnerables, especialmente los menores\u2026\u201d.<\/p>\n<p>En segundo t\u00e9rmino, en el marco de las reuniones interministeriales convocadas por el Comit\u00e9 Cient\u00edfico Asesor en Materia de Control del Tr\u00e1fico Il\u00edcito de Estupefacientes, Sustancias Psicotr\u00f3picas y Criminalidad compleja del Ministerio de Justicia, el Ministerio de Educaci\u00f3n acord\u00f3 elaborar un plan de prevenci\u00f3n del consumo de drogas.<\/p>\n<p>Por \u00faltimo se ha sancionado la Ley N\u00ba 26.586 que crea el Programa Nacional de Educaci\u00f3n y Prevenci\u00f3n sobre las Adicciones y el Consumo Indebido de Drogas en el \u00e1mbito del Ministerio de Educaci\u00f3n, cuyo objetivo es orientar las pr\u00e1cticas educativas para trabajar en la educaci\u00f3n y prevenci\u00f3n sobre las adicciones y el consumo indebido de drogas, en todas las modalidades y niveles del sistema Educativo Nacional<\/p>\n<p>Estos antecedentes junto a la convicci\u00f3n de la importancia de la instituci\u00f3n escolar en la prevenci\u00f3n del consumo de drogas ha llevado a la definici\u00f3n de una serie de objetivos y actividades a encarar en la comunidad educativa desde un enfoque integral de prevenci\u00f3n. Para mayor informaci\u00f3n puede contactarse con el equipo de trabajo.<\/p>\n<p><strong>Objetivo general<\/strong><\/p>\n<p>Dise\u00f1ar pol\u00edticas, estrategias y l\u00edneas de acci\u00f3n para orientar las pr\u00e1cticas educativas hacia una prevenci\u00f3n espec\u00edfica e inespec\u00edfica del consumo problem\u00e1tico de drogas legales e ilegales en todas las modalidades y niveles del Sistema educativo Nacional.<\/p>\n<p><strong>Objetivos Espec\u00edficos<\/strong><\/p>\n<p>1. Promover la vinculaci\u00f3n con distintos sectores e instituciones, con el prop\u00f3sito de sensibilizar a la sociedad toda, sobre la necesidad de actuar conjuntamente en la prevenci\u00f3n del consumo de drogas.<\/p>\n<p>2. Colaborar desde una \u00f3ptica educativa al abordaje de la problem\u00e1tica desde las m\u00faltiples facetas que la misma tiene y desde su interdisciplinariedad, en coordinaci\u00f3n con otros organismos p\u00fablicos nacionales y provinciales, particularmente con las \u00e1reas responsables de salud, desarrollo social y drogas, fomentando y fortaleciendo las redes de derivaci\u00f3n y contenci\u00f3n de los estudiantes que presenten problemas que desborden a la instituci\u00f3n escolar, poniendo especial \u00e9nfasis en la integraci\u00f3n de los sectores socioecon\u00f3micos m\u00e1s vulnerables.<\/p>\n<p>3. Capacitar al personal docente de las instituciones escolares en prevenci\u00f3n espec\u00edfica e inespec\u00edfica del consumo de drogas legales e ilegales, a fin de estimular conductas que no impliquen riesgos para la salud o el desarrollo de los j\u00f3venes, educando en un marco de libertad desde un rol docente que haga de la escuela un pilar para que los ni\u00f1os, ni\u00f1as y adolescentes, construyan proyectos personales y colectivos.<\/p>\n<p>4. Contribuir a un trayecto escolar en el cual los ni\u00f1os y adolescentes puedan construir un sentido de vida, de respeto de s\u00ed mismos, de libertad, de responsabilidad, de b\u00fasqueda del bien com\u00fan y que puedan elaborar juicio cr\u00edtico acerca de los mensajes de est\u00edmulo al consumo.<\/p>\n<p>5. Fomentar la realizaci\u00f3n de actividades con la finalidad de apoyar a las familias en la promoci\u00f3n de un entorno que colabore en el sostenimiento de la escolaridad.<\/p>\n<p>6. Impulsar la no discriminaci\u00f3n de las personas con problemas de consumo de drogas, apuntando a la integraci\u00f3n plena y el respecto a los derechos individuales.<\/p>\n<p>7. Articular con las distintas Jurisdicciones Nacionales, Provinciales y con la Ciudad Aut\u00f3noma de Buenos Aires a fin de instrumentar los mecanismos necesarios para sostener la escolaridad de los chicos con consumos problem\u00e1ticos, facilitar la reinserci\u00f3n de quienes hubieran abandonado sus estudios por problemas de consumo de sustancias y garantizar el acceso a la educaci\u00f3n de aquellos que no puedan asistir a la escuela por encontrarse bajo tratamiento.<\/p>\n<p>8. Aportar elementos para generar marcos que permitan monitorear los problemas que surjan por el consumo de drogas en las instituciones educativas a fin de dise\u00f1ar o adaptar estrategias e instrumentos de intervenci\u00f3n acordes.<\/p>\n<p><a href=\"http:\/\/portal.educacion.gov.ar\/?page_id=321\" target=\"_blank\">M\u00e1s informaci\u00f3n sobre el Programa de Educaci\u00f3n y Prevenci\u00f3n de las adicciones y consumo indebido de drogas<\/a><\/p>\n<p>&nbsp;<\/p>\n","protected":false},"excerpt":{"rendered":"<p>Antecedentes Durante el a\u00f1o 2009 una conjunci\u00f3n de factores han dado lugar a la creaci\u00f3n en el \u00e1mbito del Ministerio de Educaci\u00f3n de un nuevo programa abocado a la prevenci\u00f3n del consumo problem\u00e1tico de drogas en los ni\u00f1os, ni\u00f1as y adolescentes. En primer lugar la Corte Suprema de Justicia en el Fallo Arriola, Sebasti\u00e1n y [&hellip;]<\/p>\n","protected":false},"author":3,"featured_media":0,"parent":1462,"menu_order":2,"comment_status":"closed","ping_status":"open","template":"","meta":{"footnotes":""},"class_list":["post-1497","page","type-page","status-publish","hentry"],"_links":{"self":[{"href":"https:\/\/www.inet.edu.ar\/index.php\/wp-json\/wp\/v2\/pages\/1497","targetHints":{"allow":["GET"]}}],"collection":[{"href":"https:\/\/www.inet.edu.ar\/index.php\/wp-json\/wp\/v2\/pages"}],"about":[{"href":"https:\/\/www.inet.edu.ar\/index.php\/wp-json\/wp\/v2\/types\/page"}],"author":[{"embeddable":true,"href":"https:\/\/www.inet.edu.ar\/index.php\/wp-json\/wp\/v2\/users\/3"}],"replies":[{"embeddable":true,"href":"https:\/\/www.inet.edu.ar\/index.php\/wp-json\/wp\/v2\/comments?post=1497"}],"version-history":[{"count":5,"href":"https:\/\/www.inet.edu.ar\/index.php\/wp-json\/wp\/v2\/pages\/1497\/revisions"}],"predecessor-version":[{"id":1503,"href":"https:\/\/www.inet.edu.ar\/index.php\/wp-json\/wp\/v2\/pages\/1497\/revisions\/1503"}],"up":[{"embeddable":true,"href":"https:\/\/www.inet.edu.ar\/index.php\/wp-json\/wp\/v2\/pages\/1462"}],"wp:attachment":[{"href":"https:\/\/www.inet.edu.ar\/index.php\/wp-json\/wp\/v2\/media?parent=1497"}],"curies":[{"name":"wp","href":"https:\/\/api.w.org\/{rel}","templated":true}]}}