{"id":1539,"date":"2013-04-26T15:31:18","date_gmt":"2013-04-26T18:31:18","guid":{"rendered":"https:\/\/www.inet.edu.ar\/?page_id=1539"},"modified":"2023-06-05T16:15:58","modified_gmt":"2023-06-05T19:15:58","slug":"construcciones","status":"publish","type":"page","link":"https:\/\/www.inet.edu.ar\/index.php\/material-de-capacitacion\/desarrollo-de-contenidos\/construcciones\/","title":{"rendered":"Construcciones"},"content":{"rendered":"<h2>1. Construcci\u00f3n de edificios. C\u00f3mo ense\u00f1arla a trav\u00e9s de la resoluci\u00f3n de problemas<\/h2>\n<p>Analiza testimonios de pr\u00e1cticas docentes en las asignaturas \u00abConstrucciones de hormig\u00f3n armado\u00bb y \u00abConstrucciones met\u00e1licas y de madera\u00bb de la especialidad Construcciones, del ciclo superior de una escuela t\u00e9cnica de la Ciudad Aut\u00f3noma de Buenos Aires; desde estos datos de realidad, plantea los fundamentos de los procesos de ense\u00f1anza y de aprendizaje basados en la resoluci\u00f3n de problemas.<\/p>\n<p><a class=\"media media-zip\" href=\"https:\/\/www.inet.edu.ar\/wp-content\/uploads\/2013\/04\/1_Construccion_Edificios-output.zip\">Descargar<\/a><\/p>\n<h2>2. Construcciones en hormig\u00f3n armado: tecnolog\u00eda, dise\u00f1o estructural y dimensionamiento<\/h2>\n<p>A partir de la resoluci\u00f3n de problemas, permite analizar el comportamiento estructural del hormig\u00f3n armado, y el dimensionamiento de elementos estructurales, losas, vigas, columnas&#8230;<\/p>\n<p><a class=\"media media-zip\" href=\"https:\/\/www.inet.edu.ar\/wp-content\/uploads\/2013\/04\/2_Construcciones_hormigon.zip\">Descargar<\/a><\/p>\n<h2>3. Familias profesionales y calificaciones clave en la construcci\u00f3n civil<\/h2>\n<p><strong>Ana Mar\u00eda Catalano &#8211; GTZ-INET. 2000. Buenos Aires<\/strong><\/p>\n<p>Incluye la metodolog\u00eda de trabajo para la construcci\u00f3n de familias profesionales y el mapa de calificaciones clave.<\/p>\n<p><a class=\"media media-zip\" href=\"https:\/\/www.inet.edu.ar\/wp-content\/uploads\/2013\/04\/3_construccion_civil.zip\">Descargar<\/a><\/p>\n<h2>4. El dise\u00f1o de familias profesionales en construcciones<\/h2>\n<p><strong>M\u00f3nica G. Sladogna, Fernando Paoletti y Marcelo H. Casartelli &#8211; GTZ-INET. 2000. Buenos Aires<\/strong><\/p>\n<p>Explica el proceso de definici\u00f3n de los componentes de la familia profesional en construcciones.<\/p>\n<p><a class=\"media media-zip\" href=\"https:\/\/www.inet.edu.ar\/wp-content\/uploads\/2013\/04\/4_familias_contrucciones.zip\">Descargar<\/a><\/p>\n","protected":false},"excerpt":{"rendered":"<p>1. Construcci\u00f3n de edificios. C\u00f3mo ense\u00f1arla a trav\u00e9s de la resoluci\u00f3n de problemas Analiza testimonios de pr\u00e1cticas docentes en las asignaturas \u00abConstrucciones de hormig\u00f3n armado\u00bb y \u00abConstrucciones met\u00e1licas y de madera\u00bb de la especialidad Construcciones, del ciclo superior de una escuela t\u00e9cnica de la Ciudad Aut\u00f3noma de Buenos Aires; desde estos datos de realidad, plantea [&hellip;]<\/p>\n","protected":false},"author":3,"featured_media":0,"parent":826,"menu_order":1,"comment_status":"closed","ping_status":"open","template":"","meta":{"footnotes":""},"class_list":["post-1539","page","type-page","status-publish","hentry"],"_links":{"self":[{"href":"https:\/\/www.inet.edu.ar\/index.php\/wp-json\/wp\/v2\/pages\/1539","targetHints":{"allow":["GET"]}}],"collection":[{"href":"https:\/\/www.inet.edu.ar\/index.php\/wp-json\/wp\/v2\/pages"}],"about":[{"href":"https:\/\/www.inet.edu.ar\/index.php\/wp-json\/wp\/v2\/types\/page"}],"author":[{"embeddable":true,"href":"https:\/\/www.inet.edu.ar\/index.php\/wp-json\/wp\/v2\/users\/3"}],"replies":[{"embeddable":true,"href":"https:\/\/www.inet.edu.ar\/index.php\/wp-json\/wp\/v2\/comments?post=1539"}],"version-history":[{"count":3,"href":"https:\/\/www.inet.edu.ar\/index.php\/wp-json\/wp\/v2\/pages\/1539\/revisions"}],"predecessor-version":[{"id":37667,"href":"https:\/\/www.inet.edu.ar\/index.php\/wp-json\/wp\/v2\/pages\/1539\/revisions\/37667"}],"up":[{"embeddable":true,"href":"https:\/\/www.inet.edu.ar\/index.php\/wp-json\/wp\/v2\/pages\/826"}],"wp:attachment":[{"href":"https:\/\/www.inet.edu.ar\/index.php\/wp-json\/wp\/v2\/media?parent=1539"}],"curies":[{"name":"wp","href":"https:\/\/api.w.org\/{rel}","templated":true}]}}