{"id":1622,"date":"2013-04-29T15:59:02","date_gmt":"2013-04-29T18:59:02","guid":{"rendered":"https:\/\/www.inet.edu.ar\/?page_id=1622"},"modified":"2025-09-05T12:45:32","modified_gmt":"2025-09-05T15:45:32","slug":"marcos-de-referencia-de-nivel-secundario","status":"publish","type":"page","link":"https:\/\/www.inet.edu.ar\/index.php\/niveles-educativos\/educacion-secundaria-tecnica\/marcos-de-referencia-de-nivel-secundario\/","title":{"rendered":"Marcos de Referencia de Nivel Secundario"},"content":{"rendered":"\n<p><span style=\"line-height: 1.21em;\">Los marcos de referencia enuncian el conjunto de los criterios b\u00e1sicos y est\u00e1ndares que definen y caracterizan los aspectos sustantivos a ser considerados en el proceso de homologaci\u00f3n de los t\u00edtulos o certificados y sus correspondientes ofertas formativas, brindando los elementos necesarios para llevar a cabo las acciones de an\u00e1lisis y de evaluaci\u00f3n comparativa antes se\u00f1aladas.<\/span><\/p>\n\n\n\n<p><span style=\"line-height: 1.21em;\">En distintas Reuniones de la Comisi\u00f3n Federal de la Educaci\u00f3n T\u00e9cnico Profesional, que instituye la Ley de Educaci\u00f3n T\u00e9cnico Profesional&nbsp;(Ley N\u00b0&nbsp;26.058) y en talleres espec\u00edficos se han definido y desarrollado una serie de Marcos de referencia para la homologaci\u00f3n de T\u00edtulos de T\u00e9cnicos de nivel secundario que se detallan a continuaci\u00f3n, priorizando seg\u00fan el volumen de oferta formativa a nivel nacional y tecnicaturas que deben estar a resguardo del estado en virtud de que el ejercicio profesional pone en riesgo de modo directo el medio ambiente, la salud y los bienes de los habitantes.<\/span><\/p>\n\n\n\n<figure class=\"wp-block-table\"><table><tbody><tr><td><\/td><td><strong>Especialidad<\/strong><\/td><td><strong>Estado de situaci\u00f3n<\/strong><\/td><\/tr><tr><td>1)<\/td><td>Producci\u00f3n agropecuaria<\/td><td>Aprobado por <a href=\"https:\/\/www.inet.edu.ar\/wp-content\/uploads\/2013\/05\/15-07.pdf\" target=\"_blank\" rel=\"noopener\">Res. CFE Nro. 15\/07<\/a>&nbsp; &#8211;&nbsp;<a href=\"https:\/\/www.inet.edu.ar\/wp-content\/uploads\/2013\/05\/15-07-anexo1.pdf\" target=\"_blank\" rel=\"noopener\">Anexo I<\/a><\/td><\/tr><tr><td>2)<\/td><td>Construcciones civiles<\/td><td>Aprobado por <a href=\"https:\/\/www.inet.edu.ar\/wp-content\/uploads\/2013\/05\/15-07.pdf\" target=\"_blank\" rel=\"noopener\">Res. CFE Nro. 15\/07<\/a>&nbsp;&#8211;&nbsp;<a href=\"https:\/\/www.inet.edu.ar\/wp-content\/uploads\/2013\/05\/15-07-anexo02.pdf\" target=\"_blank\" rel=\"noopener\">Anexo II<\/a><\/td><\/tr><tr><td>3)<\/td><td>Electr\u00f3nica<\/td><td>Aprobado por <a href=\"https:\/\/www.inet.edu.ar\/wp-content\/uploads\/2013\/05\/15-07.pdf\">Res. CFE Nro. 15\/07<\/a>&nbsp;&#8211;&nbsp;<a href=\"https:\/\/www.inet.edu.ar\/wp-content\/uploads\/2013\/04\/15-07-anexo03.pdf\" target=\"_blank\" rel=\"noopener\">Anexo III<\/a><\/td><\/tr><tr><td>4)<\/td><td>Electricidad<\/td><td>Aprobado por <a href=\"https:\/\/www.inet.edu.ar\/wp-content\/uploads\/2013\/05\/15-07.pdf\">Res. CFE Nro. 15\/07<\/a>&nbsp;&#8211;&nbsp;<a href=\"https:\/\/www.inet.edu.ar\/wp-content\/uploads\/2013\/04\/15-07-anexo04.pdf\" target=\"_blank\" rel=\"noopener\">Anexo IV<\/a><\/td><\/tr><tr><td>5)<\/td><td>Electromec\u00e1nica<\/td><td>Aprobado por&nbsp;<a href=\"https:\/\/www.inet.edu.ar\/wp-content\/uploads\/2013\/05\/15-07.pdf\">Res. CFE Nro. 15\/07<\/a>&nbsp;&#8211;&nbsp;<a href=\"https:\/\/www.inet.edu.ar\/wp-content\/uploads\/2013\/04\/15-07-anexo05.pdf\" target=\"_blank\" rel=\"noopener\">Anexo V<\/a><\/td><\/tr><tr><td>6)<\/td><td>Energ\u00edas renovables<\/td><td>Aprobado por <a href=\"https:\/\/www.inet.edu.ar\/wp-content\/uploads\/2013\/05\/15-07.pdf\">Res. CFE Nro. 15\/07<\/a>&nbsp;&#8211;&nbsp;<a href=\"https:\/\/www.inet.edu.ar\/wp-content\/uploads\/2013\/04\/15-07-anexo06.pdf\" target=\"_blank\" rel=\"noopener\">Anexo VI<\/a><\/td><\/tr><tr><td>7)<\/td><td>Mec\u00e1nica<\/td><td>Aprobado por&nbsp;<a href=\"https:\/\/www.inet.edu.ar\/wp-content\/uploads\/2013\/05\/15-07.pdf\">Res. CFE Nro. 15\/07<\/a>&nbsp;&#8211;&nbsp;<a href=\"https:\/\/www.inet.edu.ar\/wp-content\/uploads\/2013\/04\/15-07-anexo07.pdf\" target=\"_blank\" rel=\"noopener\">Anexo VII<\/a><\/td><\/tr><tr><td>8)<\/td><td>Mecanizaci\u00f3n agropecuaria<\/td><td>Aprobado por <a href=\"https:\/\/www.inet.edu.ar\/wp-content\/uploads\/2013\/05\/15-07.pdf\">Res. CFE Nro. 15\/07<\/a>&nbsp;&#8211;&nbsp;<a href=\"https:\/\/www.inet.edu.ar\/wp-content\/uploads\/2013\/04\/15-07-anexo08.pdf\" target=\"_blank\" rel=\"noopener\">Anexo VIII<\/a><\/td><\/tr><tr><td>9)<\/td><td>Automotores<\/td><td>Aprobado por <a href=\"https:\/\/www.inet.edu.ar\/wp-content\/uploads\/2013\/05\/15-07.pdf\">Res. CFE Nro. 15\/07<\/a>&nbsp;&#8211;&nbsp;<a href=\"https:\/\/www.inet.edu.ar\/wp-content\/uploads\/2013\/04\/15-07-anexo09.pdf\" target=\"_blank\" rel=\"noopener\">Anexo IX<\/a><\/td><\/tr><tr><td>10)<\/td><td>Aeron\u00e1utica<\/td><td>Aprobado por <a href=\"https:\/\/www.inet.edu.ar\/wp-content\/uploads\/2013\/05\/15-07.pdf\">Res. CFE Nro. 15\/07<\/a>&nbsp;&#8211;&nbsp;<a href=\"https:\/\/www.inet.edu.ar\/wp-content\/uploads\/2013\/04\/15-07-anexo10.pdf\" target=\"_blank\" rel=\"noopener\">Anexo X<\/a><\/td><\/tr><tr><td>11)<\/td><td>Avi\u00f3nica<\/td><td>Aprobado por <a href=\"https:\/\/www.inet.edu.ar\/wp-content\/uploads\/2013\/05\/15-07.pdf\">Res. CFE Nro. 15\/07<\/a>&nbsp;&#8211;&nbsp;<a href=\"https:\/\/www.inet.edu.ar\/wp-content\/uploads\/2013\/04\/15-07-anexo11.pdf\" target=\"_blank\" rel=\"noopener\">Anexo XI<\/a><\/td><\/tr><tr><td>12)<\/td><td>Aerofotogrametr\u00eda<\/td><td>Aprobado por <a href=\"https:\/\/www.inet.edu.ar\/wp-content\/uploads\/2013\/05\/15-07.pdf\">Res. CFE Nro. 15\/07<\/a>&nbsp;&#8211;&nbsp;<a href=\"https:\/\/www.inet.edu.ar\/wp-content\/uploads\/2013\/04\/15-07-anexo12.pdf\" target=\"_blank\" rel=\"noopener\">Anexo XII<\/a><\/td><\/tr><tr><td>13)<\/td><td>Qu\u00edmica<\/td><td>Aprobado por <a href=\"https:\/\/www.inet.edu.ar\/wp-content\/uploads\/2013\/05\/15-07.pdf\">Res. CFE Nro. 15\/07<\/a>&nbsp;&#8211;&nbsp;<a href=\"https:\/\/www.inet.edu.ar\/wp-content\/uploads\/2013\/04\/15-07-anexo13.pdf\" target=\"_blank\" rel=\"noopener\">Anexo XIII<\/a><\/td><\/tr><tr><td>14)<\/td><td>Industrias de procesos<\/td><td>Aprobado por <a href=\"https:\/\/www.inet.edu.ar\/wp-content\/uploads\/2013\/05\/15-07.pdf\">Res. CFE Nro. 15\/07<\/a>&nbsp;&#8211;&nbsp;<a href=\"https:\/\/www.inet.edu.ar\/wp-content\/uploads\/2013\/04\/15-07-anexo14.pdf\" target=\"_blank\" rel=\"noopener\">Anexo XIV<\/a><\/td><\/tr><tr><td>15)<\/td><td>Miner\u00eda<\/td><td>Aprobado por <a href=\"https:\/\/www.inet.edu.ar\/wp-content\/uploads\/2013\/05\/15-07.pdf\">Res. CFE Nro. 15\/07<\/a>&nbsp;&#8211;&nbsp;<a href=\"https:\/\/www.inet.edu.ar\/wp-content\/uploads\/2013\/04\/15-07-anexo15.pdf\" target=\"_blank\" rel=\"noopener\">Anexo XV<\/a><\/td><\/tr><tr><td>16)<\/td><td>Inform\u00e1tica<\/td><td>Aprobado por <a href=\"https:\/\/www.inet.edu.ar\/wp-content\/uploads\/2013\/05\/15-07.pdf\">Res. CFE Nro. 15\/07<\/a>&nbsp;&#8211;&nbsp;<a href=\"https:\/\/www.inet.edu.ar\/wp-content\/uploads\/2013\/04\/15-07-anexo16.pdf\" target=\"_blank\" rel=\"noopener\">Anexo XVI<\/a><\/td><\/tr><tr><td>17)<\/td><td>Tecnolog\u00eda de los Alimentos<\/td><td>Aprobado por <a href=\"https:\/\/www.inet.edu.ar\/wp-content\/uploads\/2013\/04\/77-09.pdf\">Res. CFE Nro. 77\/09<\/a>&nbsp;&#8211;&nbsp;<a href=\"https:\/\/www.inet.edu.ar\/wp-content\/uploads\/2013\/04\/77-09-anexo02.pdf\" target=\"_blank\" rel=\"noopener\">Anexo II<\/a><\/td><\/tr><tr><td>18)<\/td><td>\u00d3ptica<\/td><td>Aprobado por el CFE &#8211; <a href=\"https:\/\/www.inet.edu.ar\/wp-content\/uploads\/2013\/04\/107-10.pdf\">107\/10<\/a>&nbsp;&#8211;&nbsp;<a href=\"https:\/\/www.inet.edu.ar\/wp-content\/uploads\/2013\/04\/107-10_01.pdf\" target=\"_blank\" rel=\"noopener\">Anexo I<\/a><\/td><\/tr><tr><td>19)<\/td><td>Gesti\u00f3n y Administraci\u00f3n de las organizaciones<\/td><td>Aprobado por el CFE &#8211; Res. <a href=\"https:\/\/www.inet.edu.ar\/wp-content\/uploads\/2013\/04\/129-11.pdf\">129\/11<\/a>&nbsp;&#8211;&nbsp;<a href=\"https:\/\/www.inet.edu.ar\/wp-content\/uploads\/2013\/04\/129-11_01.pdf\" target=\"_blank\" rel=\"noopener\">Anexo I<\/a><\/td><\/tr><tr><td>20)<\/td><td>Programaci\u00f3n<\/td><td>Aprobado por el CFE &#8211; Res. <a href=\"https:\/\/www.inet.edu.ar\/wp-content\/uploads\/2013\/04\/148_11.pdf\">148\/11<\/a>&nbsp;&#8211;&nbsp;<a href=\"https:\/\/www.inet.edu.ar\/wp-content\/uploads\/2013\/04\/148_11_01.pdf\" target=\"_blank\" rel=\"noopener\">Anexo I<\/a><\/td><\/tr><tr><td>21)<\/td><td>Indumentaria y productos de confecci\u00f3n textil<\/td><td>Aprobado por el CFE &#8211; Res. <a href=\"https:\/\/www.inet.edu.ar\/wp-content\/uploads\/2013\/04\/157-11.pdf\">157\/11<\/a>&nbsp;&#8211;&nbsp;<a href=\"https:\/\/www.inet.edu.ar\/wp-content\/uploads\/2013\/04\/157-11_01.pdf\" target=\"_blank\" rel=\"noopener\">Anexo I<\/a><\/td><\/tr><tr><td>22)<\/td><td>Industrializaci\u00f3n de la Madera y el Mueble<\/td><td>Aprobado por el CFE &#8211; Res. <a href=\"https:\/\/www.inet.edu.ar\/wp-content\/uploads\/2013\/04\/157-11.pdf\">157\/11<\/a>&nbsp;&#8211;&nbsp;<a href=\"https:\/\/www.inet.edu.ar\/wp-content\/uploads\/2013\/04\/157-11_02.pdf\" target=\"_blank\" rel=\"noopener\">Anexo II<\/a><\/td><\/tr><tr><td>23)<\/td><td>Electromec\u00e1nica Naval<\/td><td>Aprobado por el CFE &#8211; Res. <a href=\"https:\/\/www.inet.edu.ar\/wp-content\/uploads\/2023\/03\/res_cfe-380_y-anexo.pdf\">380\/20 y Anexo<\/a><\/td><\/tr><tr><td>24)<\/td><td>Hidrocarburos<\/td><td>Aprobado por el CFE &#8211; Res. <a href=\"https:\/\/www.inet.edu.ar\/wp-content\/uploads\/2023\/04\/RCFE_438-22_02.pdf\">438\/22 &#8211; Anexo 02<\/a><\/td><\/tr><tr><td>25)<\/td><td>Formaci\u00f3n Continua: Conservaci\u00f3n de ascensores <br>y otros equipos fijos de transporte vertical<\/td><td>Aprobado por <a href=\"https:\/\/www.inet.edu.ar\/wp-content\/uploads\/2024\/11\/Res-CFE_481-24.pdf\" data-type=\"link\" data-id=\"https:\/\/www.inet.edu.ar\/wp-content\/uploads\/2024\/11\/Res-CFE_481-24.pdf\" target=\"_blank\" rel=\"noreferrer noopener\">Res CFE N\u00b0 481\/24<\/a> <\/td><\/tr><tr><td>26)<\/td><td>DC Recomendado: Conservaci\u00f3n de ascensores <br>y otros equipos fijos de transporte vertical<\/td><td>Aprobado por <a href=\"https:\/\/www.inet.edu.ar\/wp-content\/uploads\/2025\/09\/RCFE_501-25.pdf\" data-type=\"link\" data-id=\"https:\/\/www.inet.edu.ar\/wp-content\/uploads\/2025\/09\/RCFE_501-25.pdf\" target=\"_blank\" rel=\"noreferrer noopener\">RCFE N\u00b0 501\/25<\/a><\/td><\/tr><\/tbody><\/table><\/figure>\n","protected":false},"excerpt":{"rendered":"<p>Los marcos de referencia enuncian el conjunto de los criterios b\u00e1sicos y est\u00e1ndares que definen y caracterizan los aspectos sustantivos a ser considerados en el proceso de homologaci\u00f3n de los t\u00edtulos o certificados y sus correspondientes ofertas formativas, brindando los elementos necesarios para llevar a cabo las acciones de an\u00e1lisis y de evaluaci\u00f3n comparativa antes [&hellip;]<\/p>\n","protected":false},"author":3,"featured_media":0,"parent":1425,"menu_order":2,"comment_status":"closed","ping_status":"open","template":"","meta":{"footnotes":""},"class_list":["post-1622","page","type-page","status-publish","hentry"],"_links":{"self":[{"href":"https:\/\/www.inet.edu.ar\/index.php\/wp-json\/wp\/v2\/pages\/1622","targetHints":{"allow":["GET"]}}],"collection":[{"href":"https:\/\/www.inet.edu.ar\/index.php\/wp-json\/wp\/v2\/pages"}],"about":[{"href":"https:\/\/www.inet.edu.ar\/index.php\/wp-json\/wp\/v2\/types\/page"}],"author":[{"embeddable":true,"href":"https:\/\/www.inet.edu.ar\/index.php\/wp-json\/wp\/v2\/users\/3"}],"replies":[{"embeddable":true,"href":"https:\/\/www.inet.edu.ar\/index.php\/wp-json\/wp\/v2\/comments?post=1622"}],"version-history":[{"count":26,"href":"https:\/\/www.inet.edu.ar\/index.php\/wp-json\/wp\/v2\/pages\/1622\/revisions"}],"predecessor-version":[{"id":41412,"href":"https:\/\/www.inet.edu.ar\/index.php\/wp-json\/wp\/v2\/pages\/1622\/revisions\/41412"}],"up":[{"embeddable":true,"href":"https:\/\/www.inet.edu.ar\/index.php\/wp-json\/wp\/v2\/pages\/1425"}],"wp:attachment":[{"href":"https:\/\/www.inet.edu.ar\/index.php\/wp-json\/wp\/v2\/media?parent=1622"}],"curies":[{"name":"wp","href":"https:\/\/api.w.org\/{rel}","templated":true}]}}