{"id":16676,"date":"2016-10-27T15:56:23","date_gmt":"2016-10-27T18:56:23","guid":{"rendered":"https:\/\/www.inet.edu.ar\/?page_id=16676"},"modified":"2025-02-28T17:49:30","modified_gmt":"2025-02-28T20:49:30","slug":"pronafe","status":"publish","type":"page","link":"https:\/\/www.inet.edu.ar\/index.php\/pronafe\/","title":{"rendered":"PRONAFE"},"content":{"rendered":"\n<p>El <strong>Programa Nacional de Formaci\u00f3n de Enfermer\u00eda <\/strong>(PRONAFE) se crea el 23 de agosto de 2016 en presencia de todos los ministros de Educaci\u00f3n del pa\u00eds, a trav\u00e9s de la Resoluci\u00f3n CFE N\u00ba 290\/16.&nbsp;La vigencia de programa fue renovada por la Res. CFE N\u00b0 385\/20.<\/p>\n\n\n\n<p>Creado por el Ministerio de Educaci\u00f3n, Cultura, Ciencia y Tecnolog\u00eda e instrumentado por el INET \u2013en articulaci\u00f3n con la Secretar\u00eda de Pol\u00edticas Universitarias y la Secretar\u00eda de Gobierno de Salud de la Naci\u00f3n<span style=\"display: inline !important; float: none; background-color: #ffffff; color: #333333; cursor: text; font-family: Georgia,'Times New Roman','Bitstream Charter',Times,serif; font-size: 16px; font-style: normal; font-variant: normal; font-weight: 400; letter-spacing: normal; orphans: 2; text-align: left; text-decoration: none; text-indent: 0px; text-transform: none; -webkit-text-stroke-width: 0px; white-space: normal; word-spacing: 0px;\">\u2013<\/span> el PRONAFE se propone a trav\u00e9s de sus diferentes l\u00edneas de acci\u00f3n, aumentar la cantidad y calidad de enfermeros\/as en la Rep\u00fablica Argentina.<\/p>\n\n\n\n<p>Para ello, el programa prev\u00e9 tanto el fortalecimiento de las instituciones formadoras de enfermer\u00eda as\u00ed como tambi\u00e9n tener injerencia directa en las trayectorias educativas de los estudiantes de la carrera.<\/p>\n\n\n\n<p>Las dimensiones sobre las cuales el Programa interviene son:<\/p>\n\n\n\n<ol class=\"wp-block-list\">\n<li>Fortalecimiento de la estructura edilicia.<\/li>\n\n\n\n<li>Dotaci\u00f3n de equipamiento para instituciones y estudiantes.<\/li>\n\n\n\n<li>Formaci\u00f3n y capacitaci\u00f3n docente.<\/li>\n\n\n\n<li>Seguimiento y evaluaci\u00f3n de las trayectorias formativas.<\/li>\n\n\n\n<li>Ampliaci\u00f3n de los campos de pr\u00e1cticas: montaje de Gabinetes\/Centros de simulaci\u00f3n.<\/li>\n\n\n\n<li>Igualdad de oportunidades en los estudiantes de la carrera: becas estudiantiles.<\/li>\n\n\n\n<li>Extensi\u00f3n de la cantidad de instituciones oferentes de la Tecnicatura Superior de Enfermer\u00eda.<\/li>\n<\/ol>\n\n\n\n<p><strong>&nbsp;<\/strong><\/p>\n\n\n\n<p><strong>\u00bfPor qu\u00e9 el PRONAFE? La importancia estrat\u00e9gica de la Enfermer\u00eda<\/strong><\/p>\n\n\n\n<p>Dentro del equipo de salud, los recursos humanos de enfermer\u00eda constituyen un importante capital humano, como factor decisivo en la producci\u00f3n de transformaciones hacia mejores servicios que respondan a las necesidades de la poblaci\u00f3n.<\/p>\n\n\n\n<p>Actualmente, se conoce que existe un 50% de deserci\u00f3n o desgranamiento del recurso humano en enfermer\u00eda, siendo muy heterog\u00e9neo en cuanto a regiones y entre instituciones de nivel universitario y t\u00e9cnico superior. Esto motiva generar acciones en pos de alcanzar mayores y mejores niveles de formaci\u00f3n as\u00ed como tambi\u00e9n obtener la cantidad suficiente de profesionales de la enfermer\u00eda.<\/p>\n","protected":false},"excerpt":{"rendered":"<p>El Programa Nacional de Formaci\u00f3n de Enfermer\u00eda (PRONAFE) se crea el 23 de agosto de 2016 en presencia de todos los ministros de Educaci\u00f3n del pa\u00eds, a trav\u00e9s de la Resoluci\u00f3n CFE N\u00ba 290\/16.&nbsp;La vigencia de programa fue renovada por la Res. CFE N\u00b0 385\/20. Creado por el Ministerio de Educaci\u00f3n, Cultura, Ciencia y Tecnolog\u00eda [&hellip;]<\/p>\n","protected":false},"author":3,"featured_media":0,"parent":0,"menu_order":0,"comment_status":"closed","ping_status":"closed","template":"","meta":{"footnotes":""},"class_list":["post-16676","page","type-page","status-publish","hentry"],"_links":{"self":[{"href":"https:\/\/www.inet.edu.ar\/index.php\/wp-json\/wp\/v2\/pages\/16676","targetHints":{"allow":["GET"]}}],"collection":[{"href":"https:\/\/www.inet.edu.ar\/index.php\/wp-json\/wp\/v2\/pages"}],"about":[{"href":"https:\/\/www.inet.edu.ar\/index.php\/wp-json\/wp\/v2\/types\/page"}],"author":[{"embeddable":true,"href":"https:\/\/www.inet.edu.ar\/index.php\/wp-json\/wp\/v2\/users\/3"}],"replies":[{"embeddable":true,"href":"https:\/\/www.inet.edu.ar\/index.php\/wp-json\/wp\/v2\/comments?post=16676"}],"version-history":[{"count":22,"href":"https:\/\/www.inet.edu.ar\/index.php\/wp-json\/wp\/v2\/pages\/16676\/revisions"}],"predecessor-version":[{"id":40563,"href":"https:\/\/www.inet.edu.ar\/index.php\/wp-json\/wp\/v2\/pages\/16676\/revisions\/40563"}],"wp:attachment":[{"href":"https:\/\/www.inet.edu.ar\/index.php\/wp-json\/wp\/v2\/media?parent=16676"}],"curies":[{"name":"wp","href":"https:\/\/api.w.org\/{rel}","templated":true}]}}