{"id":1690,"date":"2013-05-09T10:46:59","date_gmt":"2013-05-09T13:46:59","guid":{"rendered":"https:\/\/www.inet.edu.ar\/?page_id=1690"},"modified":"2016-05-11T13:40:31","modified_gmt":"2016-05-11T16:40:31","slug":"programa-federal-piso-tics","status":"publish","type":"page","link":"https:\/\/www.inet.edu.ar\/index.php\/programa-federal-piso-tics\/","title":{"rendered":"TICs"},"content":{"rendered":"<p>El \u00e1rea TICs\u00a0tiene bajo su cargo todo aquello relacionado a temas de Hardware, Software, Conectividad y Contenidos, tanto hacia las Instituciones de ETP a nivel Nacional como hacia dentro de INET.<\/p>\n<p>En lo relativo a hardware, software y conectividad hacia las escuelas, realiza acompa\u00f1amiento y apoyo para presentaci\u00f3n de Planes de fortalecimiento de las Tecnolog\u00edas de la Informaci\u00f3n y la Comunicaci\u00f3n en las instituciones de ETP del pa\u00eds, y posterior evaluaci\u00f3n de los mismos a trav\u00e9s de las presentaciones del Campo Program\u00e1tico 4: TICs, en las siguientes l\u00edneas de acci\u00f3n:<\/p>\n<ol>\n<li>Equipamiento e insumos TIC para laboratorios, talleres, biblioteca, espacios multimedia y espacios de guarda y recarga de equipos port\u00e1tiles cuando corresponda.<\/li>\n<li>Conectividad.<\/li>\n<li>Red de datos.<\/li>\n<li>Administradores de red.<\/li>\n<li>Adecuaci\u00f3n edilicia para laboratorios de inform\u00e1tica, espacios para administraci\u00f3n y esquema de guarda y recarga de equipos port\u00e1tiles cuando corresponda.<\/li>\n<\/ol>\n<p>&nbsp;<\/p>\n<p>En lo que respecta a un mejor aprovechamiento del modelo de educaci\u00f3n 1 a 1 con equipos netbooks dentro de las escuelas secundarias, y para lograr un mejor y completo aprovechamiento de las mismas, se est\u00e1 implementando el Programa Federal Piso Tecnol\u00f3gico para la Educaci\u00f3n T\u00e9cnico Profesional (Resoluci\u00f3n CFE N\u00ba 196\/13), que tiene como prop\u00f3sito garantizar la actualizaci\u00f3n, extensi\u00f3n y perfeccionamiento de los pisos de tecnolog\u00eda de la informaci\u00f3n y la comunicaci\u00f3n en las escuelas secundarias t\u00e9cnicas de gesti\u00f3n estatal.<\/p>\n<p>Este Programa Federal, en articulaci\u00f3n con el Programa Nacional \u201cConectar Igualdad\u201d, significar\u00e1 un nuevo aporte al crecimiento de la Educaci\u00f3n T\u00e9cnico Profesional y una fuerte apuesta a la mejora en la calidad de los procesos de ense\u00f1anza y de aprendizaje en los campos de la formaci\u00f3n general, la formaci\u00f3n cient\u00edfico tecnol\u00f3gica, la formaci\u00f3n t\u00e9cnica espec\u00edfica y las pr\u00e1cticas profesionalizantes.<\/p>\n<p>En cuanto a contenidos\/plataformas, desarrollo de plataformas de comunicaci\u00f3n y de cursos presenciales y virtuales para mejorar los conocimientos y posibilidades de docentes y alumnos.<\/p>\n<p>Asimismo brinda soporte\u00a0 y desarrollo de sistemas tanto internos como de aplicaci\u00f3n en la comunidad educativa y direcciones de nivel provinciales, y que contribuyan a una mejor gesti\u00f3n de la educaci\u00f3n tecnol\u00f3gica.<\/p>\n<p>&nbsp;<\/p>\n<p>A continuaci\u00f3n se describe el marco general del Programa Federal de Pisos Tecnol\u00f3gicos.<\/p>\n<p>El <strong>Programa Federal Piso Tecnol\u00f3gico para la Educaci\u00f3n T\u00e9cnico Profesional<\/strong> fue encomendado al INET para su realizaci\u00f3n y puesta en marcha por el Consejo Federal de Educaci\u00f3n mediante la Resoluci\u00f3n N\u00ba196\/13.<\/p>\n<p>&nbsp;<\/p>\n<p><strong>Prop\u00f3sito<\/strong><\/p>\n<p>Tiene como prop\u00f3sito garantizar la actualizaci\u00f3n, extensi\u00f3n y perfeccionamiento de los pisos de tecnolog\u00eda de la informaci\u00f3n y la comunicaci\u00f3n en las escuelas secundarias t\u00e9cnicas de gesti\u00f3n estatal.<\/p>\n<p>&nbsp;<\/p>\n<p><strong>\u00bfCu\u00e1l es la vigencia del Programa?<\/strong><\/p>\n<p>El Programa tendr\u00e1 una vigencia de tres a\u00f1os, tiempo en que contempla cubrir la instalaci\u00f3n de nuevos Pisos Tecnol\u00f3gicos en la totalidad de las escuelas secundarias t\u00e9cnicas de gesti\u00f3n estatal.<\/p>\n<p>&nbsp;<\/p>\n<p><strong>Equipamiento de Piso Tecnol\u00f3gico para las escuelas<\/strong><\/p>\n<p>Su implementaci\u00f3n permitir\u00e1 dotar a todas las escuelas t\u00e9cnicas de nivel secundario de gesti\u00f3n estatal de un piso tecnol\u00f3gico acorde a las permanentes innovaciones que se dan en el campo de la tecnolog\u00eda inform\u00e1tica y de la comunicaci\u00f3n y sus aplicaciones como recurso did\u00e1ctico.<\/p>\n<p>Este Programa Federal, en articulaci\u00f3n con el Programa Nacional \u201cConectar Igualdad\u201d, significar\u00e1 un nuevo aporte al crecimiento de la Educaci\u00f3n T\u00e9cnico Profesional y una fuerte apuesta a la mejora en la calidad de los procesos de ense\u00f1anza y de aprendizaje en los campos de la formaci\u00f3n general, la formaci\u00f3n cient\u00edfico tecnol\u00f3gica, la formaci\u00f3n t\u00e9cnica espec\u00edfica y las pr\u00e1cticas profesionalizantes.<\/p>\n<p>&nbsp;<\/p>\n<p><strong>\u00bfQu\u00e9 equipamiento contempla el Piso Tecnol\u00f3gico?<\/strong><\/p>\n<p>El Programa contempla el siguiente equipamiento: Servidores educativos, Fuentes de alimentaci\u00f3n ininterrumpidas (UPS), Conmutadores (Switch), Racks, Access Point, los insumos y la instalaci\u00f3n necesarias para garantizar el funcionamiento de una red de datos entre un servidor centralizado y todas las aulas, laboratorios y talleres.<\/p>\n<p>&nbsp;<\/p>\n<p><strong>Prioridad para la instalaci\u00f3n de los pisos tecnol\u00f3gicos<\/strong><\/p>\n<p>El Programa establece la prioridad a aquellas escuelas sin pisos tecnol\u00f3gicos, obsoletos o en mal estado. En segunda instancia se abocar\u00e1 a las escuelas que tienen pisos tecnol\u00f3gicos instalados s\u00f3lo en el ciclo superior y finalmente a las que hayan actualizado sus pisos hasta el a\u00f1o 2012 inclusive.<\/p>\n<p>Las actividades del Programa Federal se inician a partir de un relevamiento, en el que las Jurisdicciones Provinciales, dependientes de los Ministerios de Educaci\u00f3n Provincial y de la Ciudad Aut\u00f3noma de Buenos Aires, informaron acerca de las necesidades de cada escuela.<\/p>\n<p>&nbsp;<\/p>\n<p><strong>Resoluciones\u00a0<\/strong><\/p>\n<ul>\n<li><a style=\"line-height: 1.21em;\" href=\"https:\/\/www.inet.edu.ar\/wp-content\/uploads\/2013\/05\/196-13.pdf\">Resoluci\u00f3n CFE N\u00ba 196\/13<\/a><\/li>\n<li><a href=\"https:\/\/www.inet.edu.ar\/wp-content\/uploads\/2012\/10\/ResINET632-13.zip\">Resoluci\u00f3n INET N\u00b0 632\/13<\/a><\/li>\n<\/ul>\n<p>&nbsp;<\/p>\n<p><strong style=\"line-height: 1.21em;\">Contacto: <\/strong><a style=\"line-height: 1.21em;\" href=\"mailto:tics@inet.edu.ar\" target=\"_blank\">tics@inet.edu.ar<\/a><\/p>\n<p><strong>Tel\u00e9fono: <\/strong>(011) 4129-2048<\/p>\n","protected":false},"excerpt":{"rendered":"<p>El \u00e1rea TICs\u00a0tiene bajo su cargo todo aquello relacionado a temas de Hardware, Software, Conectividad y Contenidos, tanto hacia las Instituciones de ETP a nivel Nacional como hacia dentro de INET. En lo relativo a hardware, software y conectividad hacia las escuelas, realiza acompa\u00f1amiento y apoyo para presentaci\u00f3n de Planes de fortalecimiento de las Tecnolog\u00edas [&hellip;]<\/p>\n","protected":false},"author":3,"featured_media":0,"parent":0,"menu_order":0,"comment_status":"closed","ping_status":"open","template":"","meta":{"footnotes":""},"class_list":["post-1690","page","type-page","status-publish","hentry"],"_links":{"self":[{"href":"https:\/\/www.inet.edu.ar\/index.php\/wp-json\/wp\/v2\/pages\/1690","targetHints":{"allow":["GET"]}}],"collection":[{"href":"https:\/\/www.inet.edu.ar\/index.php\/wp-json\/wp\/v2\/pages"}],"about":[{"href":"https:\/\/www.inet.edu.ar\/index.php\/wp-json\/wp\/v2\/types\/page"}],"author":[{"embeddable":true,"href":"https:\/\/www.inet.edu.ar\/index.php\/wp-json\/wp\/v2\/users\/3"}],"replies":[{"embeddable":true,"href":"https:\/\/www.inet.edu.ar\/index.php\/wp-json\/wp\/v2\/comments?post=1690"}],"version-history":[{"count":11,"href":"https:\/\/www.inet.edu.ar\/index.php\/wp-json\/wp\/v2\/pages\/1690\/revisions"}],"predecessor-version":[{"id":10274,"href":"https:\/\/www.inet.edu.ar\/index.php\/wp-json\/wp\/v2\/pages\/1690\/revisions\/10274"}],"wp:attachment":[{"href":"https:\/\/www.inet.edu.ar\/index.php\/wp-json\/wp\/v2\/media?parent=1690"}],"curies":[{"name":"wp","href":"https:\/\/api.w.org\/{rel}","templated":true}]}}

<p>El área TICs tiene bajo su cargo todo aquello relacionado a temas de Hardware, Software, Conectividad y Contenidos, tanto hacia las Instituciones de ETP a nivel Nacional como hacia dentro de INET.</p>
<p>En lo relativo a hardware, software y conectividad hacia las escuelas, realiza acompañamiento y apoyo para presentación de Planes de fortalecimiento de las Tecnologías de la Información y la Comunicación en las instituciones de ETP del país, y posterior evaluación de los mismos a través de las presentaciones del Campo Programático 4: TICs, en las siguientes líneas de acción:</p>
<ol>
<li>Equipamiento e insumos TIC para laboratorios, talleres, biblioteca, espacios multimedia y espacios de guarda y recarga de equipos portátiles cuando corresponda.</li>
<li>Conectividad.</li>
<li>Red de datos.</li>
<li>Administradores de red.</li>
<li>Adecuación edilicia para laboratorios de informática, espacios para administración y esquema de guarda y recarga de equipos portátiles cuando corresponda.</li>
</ol>
<p>&nbsp;</p>
<p>En lo que respecta a un mejor aprovechamiento del modelo de educación 1 a 1 con equipos netbooks dentro de las escuelas secundarias, y para lograr un mejor y completo aprovechamiento de las mismas, se está implementando el Programa Federal Piso Tecnológico para la Educación Técnico Profesional (Resolución CFE Nº 196/13), que tiene como propósito garantizar la actualización, extensión y perfeccionamiento de los pisos de tecnología de la información y la comunicación en las escuelas secundarias técnicas de gestión estatal.</p>
<p>Este Programa Federal, en articulación con el Programa Nacional “Conectar Igualdad”, significará un nuevo aporte al crecimiento de la Educación Técnico Profesional y una fuerte apuesta a la mejora en la calidad de los procesos de enseñanza y de aprendizaje en los campos de la formación general, la formación científico tecnológica, la formación técnica específica y las prácticas profesionalizantes.</p>
<p>En cuanto a contenidos/plataformas, desarrollo de plataformas de comunicación y de cursos presenciales y virtuales para mejorar los conocimientos y posibilidades de docentes y alumnos.</p>
<p>Asimismo brinda soporte  y desarrollo de sistemas tanto internos como de aplicación en la comunidad educativa y direcciones de nivel provinciales, y que contribuyan a una mejor gestión de la educación tecnológica.</p>
<p>&nbsp;</p>
<p>A continuación se describe el marco general del Programa Federal de Pisos Tecnológicos.</p>
<p>El <strong>Programa Federal Piso Tecnológico para la Educación Técnico Profesional</strong> fue encomendado al INET para su realización y puesta en marcha por el Consejo Federal de Educación mediante la Resolución Nº196/13.</p>
<p>&nbsp;</p>
<p><strong>Propósito</strong></p>
<p>Tiene como propósito garantizar la actualización, extensión y perfeccionamiento de los pisos de tecnología de la información y la comunicación en las escuelas secundarias técnicas de gestión estatal.</p>
<p>&nbsp;</p>
<p><strong>¿Cuál es la vigencia del Programa?</strong></p>
<p>El Programa tendrá una vigencia de tres años, tiempo en que contempla cubrir la instalación de nuevos Pisos Tecnológicos en la totalidad de las escuelas secundarias técnicas de gestión estatal.</p>
<p>&nbsp;</p>
<p><strong>Equipamiento de Piso Tecnológico para las escuelas</strong></p>
<p>Su implementación permitirá dotar a todas las escuelas técnicas de nivel secundario de gestión estatal de un piso tecnológico acorde a las permanentes innovaciones que se dan en el campo de la tecnología informática y de la comunicación y sus aplicaciones como recurso didáctico.</p>
<p>Este Programa Federal, en articulación con el Programa Nacional “Conectar Igualdad”, significará un nuevo aporte al crecimiento de la Educación Técnico Profesional y una fuerte apuesta a la mejora en la calidad de los procesos de enseñanza y de aprendizaje en los campos de la formación general, la formación científico tecnológica, la formación técnica específica y las prácticas profesionalizantes.</p>
<p>&nbsp;</p>
<p><strong>¿Qué equipamiento contempla el Piso Tecnológico?</strong></p>
<p>El Programa contempla el siguiente equipamiento: Servidores educativos, Fuentes de alimentación ininterrumpidas (UPS), Conmutadores (Switch), Racks, Access Point, los insumos y la instalación necesarias para garantizar el funcionamiento de una red de datos entre un servidor centralizado y todas las aulas, laboratorios y talleres.</p>
<p>&nbsp;</p>
<p><strong>Prioridad para la instalación de los pisos tecnológicos</strong></p>
<p>El Programa establece la prioridad a aquellas escuelas sin pisos tecnológicos, obsoletos o en mal estado. En segunda instancia se abocará a las escuelas que tienen pisos tecnológicos instalados sólo en el ciclo superior y finalmente a las que hayan actualizado sus pisos hasta el año 2012 inclusive.</p>
<p>Las actividades del Programa Federal se inician a partir de un relevamiento, en el que las Jurisdicciones Provinciales, dependientes de los Ministerios de Educación Provincial y de la Ciudad Autónoma de Buenos Aires, informaron acerca de las necesidades de cada escuela.</p>
<p>&nbsp;</p>
<p><strong>Resoluciones </strong></p>
<ul>
<li><a style="line-height: 1.21em;" href="https://www.inet.edu.ar/wp-content/uploads/2013/05/196-13.pdf">Resolución CFE Nº 196/13</a></li>
<li><a href="https://www.inet.edu.ar/wp-content/uploads/2012/10/ResINET632-13.zip">Resolución INET N° 632/13</a></li>
</ul>
<p>&nbsp;</p>
<p><strong style="line-height: 1.21em;">Contacto: </strong><a style="line-height: 1.21em;" href="mailto:tics@inet.edu.ar" target="_blank">tics@inet.edu.ar</a></p>
<p><strong>Teléfono: </strong>(011) 4129-2048</p>

<p>El área TICs tiene bajo su cargo todo aquello relacionado a temas de Hardware, Software, Conectividad y Contenidos, tanto hacia las Instituciones de ETP a nivel Nacional como hacia dentro de INET. En lo relativo a hardware, software y conectividad hacia las escuelas, realiza acompañamiento y apoyo para presentación de Planes de fortalecimiento de las Tecnologías [&hellip;]</p>
