{"id":1692,"date":"2013-05-09T10:47:47","date_gmt":"2013-05-09T13:47:47","guid":{"rendered":"https:\/\/www.inet.edu.ar\/?page_id=1692"},"modified":"2024-07-11T11:44:59","modified_gmt":"2024-07-11T14:44:59","slug":"programa-federal-de-asistencia-tecnica-institucional-y-jurisdiccional","status":"publish","type":"page","link":"https:\/\/www.inet.edu.ar\/index.php\/niveles-educativos\/formacion-profesional\/programa-federal-de-asistencia-tecnica-institucional-y-jurisdiccional\/","title":{"rendered":"Programa Federal de Asistencia T\u00e9cnica Institucional y Jurisdiccional"},"content":{"rendered":"<p style=\"text-align: justify;\">El Programa Federal de Asistencia T\u00e9cnica Institucional y Jurisdiccional comprende fundamentalmente acciones de capacitaci\u00f3n y asistencia t\u00e9cnica a desarrollar en procesos de trabajo conjunto entre MEN-INET con las jurisdicciones e instituciones de Educaci\u00f3n T\u00e9cnico Profesional.<\/p>\n<p style=\"text-align: justify;\">Su prop\u00f3sito es fortalecer los procesos de mejora continua de la modalidad, en particular las condiciones institucionales, entornos y trayectorias formativas, y ampliar la efectividad pol\u00edtico-t\u00e9cnica de las decisiones y acciones que se encuadran en dichos procesos.<\/p>\n<p>&nbsp;<\/p>\n<p><a href=\"https:\/\/www.inet.edu.ar\/wp-content\/uploads\/2013\/05\/197-13.pdf\">Resoluci\u00f3n CFE N\u00ba 197\/13<\/a><\/p>\n<p><a href=\"https:\/\/www.inet.edu.ar\/wp-content\/uploads\/2013\/05\/197-13_01.pdf\">Resoluci\u00f3n CFE N\u00ba 197\/13 Anexo I<\/a><\/p>\n","protected":false},"excerpt":{"rendered":"<p>El Programa Federal de Asistencia T\u00e9cnica Institucional y Jurisdiccional comprende fundamentalmente acciones de capacitaci\u00f3n y asistencia t\u00e9cnica a desarrollar en procesos de trabajo conjunto entre MEN-INET con las jurisdicciones e instituciones de Educaci\u00f3n T\u00e9cnico Profesional. Su prop\u00f3sito es fortalecer los procesos de mejora continua de la modalidad, en particular las condiciones institucionales, entornos y trayectorias [&hellip;]<\/p>\n","protected":false},"author":3,"featured_media":0,"parent":1429,"menu_order":5,"comment_status":"closed","ping_status":"open","template":"","meta":{"footnotes":""},"class_list":["post-1692","page","type-page","status-publish","hentry"],"_links":{"self":[{"href":"https:\/\/www.inet.edu.ar\/index.php\/wp-json\/wp\/v2\/pages\/1692","targetHints":{"allow":["GET"]}}],"collection":[{"href":"https:\/\/www.inet.edu.ar\/index.php\/wp-json\/wp\/v2\/pages"}],"about":[{"href":"https:\/\/www.inet.edu.ar\/index.php\/wp-json\/wp\/v2\/types\/page"}],"author":[{"embeddable":true,"href":"https:\/\/www.inet.edu.ar\/index.php\/wp-json\/wp\/v2\/users\/3"}],"replies":[{"embeddable":true,"href":"https:\/\/www.inet.edu.ar\/index.php\/wp-json\/wp\/v2\/comments?post=1692"}],"version-history":[{"count":6,"href":"https:\/\/www.inet.edu.ar\/index.php\/wp-json\/wp\/v2\/pages\/1692\/revisions"}],"predecessor-version":[{"id":23949,"href":"https:\/\/www.inet.edu.ar\/index.php\/wp-json\/wp\/v2\/pages\/1692\/revisions\/23949"}],"up":[{"embeddable":true,"href":"https:\/\/www.inet.edu.ar\/index.php\/wp-json\/wp\/v2\/pages\/1429"}],"wp:attachment":[{"href":"https:\/\/www.inet.edu.ar\/index.php\/wp-json\/wp\/v2\/media?parent=1692"}],"curies":[{"name":"wp","href":"https:\/\/api.w.org\/{rel}","templated":true}]}}