{"id":18919,"date":"2017-03-21T15:18:03","date_gmt":"2017-03-21T18:18:03","guid":{"rendered":"https:\/\/www.inet.edu.ar\/?page_id=18919"},"modified":"2024-09-09T18:00:14","modified_gmt":"2024-09-09T21:00:14","slug":"linea-de-becas-pronafe","status":"publish","type":"page","link":"https:\/\/www.inet.edu.ar\/index.php\/pronafe\/lineas-de-accion\/linea-de-becas-pronafe\/","title":{"rendered":"Becas Progresar Enfermer\u00eda"},"content":{"rendered":"<p>En pos de propiciar la equidad y la igualdad de oportunidades, y con la finalidad de atender espec\u00edficamente la problem\u00e1tica del campo de la Enfermer\u00eda, se cre\u00f3 la L\u00ednea de Becas Enfermer\u00eda dentro del Programa Nacional de Becas Progresar de la Secretar\u00eda de Educaci\u00f3n de la Naci\u00f3n.<\/p>\n<p>El objetivo de las becas es facilitar el acceso, la permanencia y el egreso en el \u00e1mbito de la educaci\u00f3n superior, de estudiantes de la carrera de Enfermer\u00eda que cuenten con escasos recursos econ\u00f3micos.<\/p>\n<p>La L\u00ednea de Becas PROGRESAR Enfermer\u00eda otorga becas a estudiantes que ingresen o se encuentren cursando la carrera de Enfermer\u00eda en una Universidad Nacional o un Instituto de Educaci\u00f3n T\u00e9cnica Superior de Gesti\u00f3n Estatal o un Instituto de Educaci\u00f3n T\u00e9cnica Superior de Gesti\u00f3n Privada inscripto en el PRONAFE.<\/p>\n<p>La Beca PROGRESAR Enfermer\u00eda, se diferencia de la l\u00ednea general en que no hay l\u00edmite de edad para el acceso de los\/as estudiantes a la beca. Esta decisi\u00f3n se tom\u00f3 a partir de los resultados de la Auto Evaluaci\u00f3n Institucional, mediante la cual se pudo saber que el colectivo de estudiantes de Enfermer\u00eda se diferencia de otros en su composici\u00f3n: mujeres mayores de 25 a\u00f1os con hijos\/as.<\/p>\n<p>El\/la estudiante debe inscribirse en la p\u00e1gina <a href=\"http:\/\/progresar.educacion.gob.ar\/\">http:\/\/progresar.educacion.gob.ar\/<\/a><\/p>\n<p>Una vez generado el usuario en la plataforma, se deben utilizar esos mismos datos para ingresar e inscribirse.<\/p>\n<p><strong>Detalle de becas a estudiantes universitarios y de Institutos de Nivel Superior\u00a0T\u00e9cnico por a\u00f1o y \u00e1mbito de formaci\u00f3n.<\/strong><\/p>\n\n\n<figure class=\"wp-block-image size-large\"><img loading=\"lazy\" decoding=\"async\" width=\"468\" height=\"314\" src=\"https:\/\/www.inet.edu.ar\/wp-content\/uploads\/2024\/03\/evolucion-becas-468x314.png\" alt=\"\" class=\"wp-image-39110\" srcset=\"https:\/\/www.inet.edu.ar\/wp-content\/uploads\/2024\/03\/evolucion-becas-468x314.png 468w, https:\/\/www.inet.edu.ar\/wp-content\/uploads\/2024\/03\/evolucion-becas-240x161.png 240w, https:\/\/www.inet.edu.ar\/wp-content\/uploads\/2024\/03\/evolucion-becas-150x100.png 150w, https:\/\/www.inet.edu.ar\/wp-content\/uploads\/2024\/03\/evolucion-becas.png 567w\" sizes=\"auto, (max-width: 468px) 100vw, 468px\" \/><\/figure>\n\n\n\n<p>Fuente: Elaboraci\u00f3n propia a partir de datos provistos por la Direcci\u00f3n Nacional de Becas y Democratizaci\u00f3n Educativa. Ministerio de Educaci\u00f3n de la Naci\u00f3n. 2023.<\/p>\n","protected":false},"excerpt":{"rendered":"<p>En pos de propiciar la equidad y la igualdad de oportunidades, y con la finalidad de atender espec\u00edficamente la problem\u00e1tica del campo de la Enfermer\u00eda, se cre\u00f3 la L\u00ednea de Becas Enfermer\u00eda dentro del Programa Nacional de Becas Progresar de la Secretar\u00eda de Educaci\u00f3n de la Naci\u00f3n. El objetivo de las becas es facilitar el [&hellip;]<\/p>\n","protected":false},"author":3,"featured_media":0,"parent":34024,"menu_order":2,"comment_status":"closed","ping_status":"closed","template":"","meta":{"footnotes":""},"class_list":["post-18919","page","type-page","status-publish","hentry"],"_links":{"self":[{"href":"https:\/\/www.inet.edu.ar\/index.php\/wp-json\/wp\/v2\/pages\/18919","targetHints":{"allow":["GET"]}}],"collection":[{"href":"https:\/\/www.inet.edu.ar\/index.php\/wp-json\/wp\/v2\/pages"}],"about":[{"href":"https:\/\/www.inet.edu.ar\/index.php\/wp-json\/wp\/v2\/types\/page"}],"author":[{"embeddable":true,"href":"https:\/\/www.inet.edu.ar\/index.php\/wp-json\/wp\/v2\/users\/3"}],"replies":[{"embeddable":true,"href":"https:\/\/www.inet.edu.ar\/index.php\/wp-json\/wp\/v2\/comments?post=18919"}],"version-history":[{"count":17,"href":"https:\/\/www.inet.edu.ar\/index.php\/wp-json\/wp\/v2\/pages\/18919\/revisions"}],"predecessor-version":[{"id":39700,"href":"https:\/\/www.inet.edu.ar\/index.php\/wp-json\/wp\/v2\/pages\/18919\/revisions\/39700"}],"up":[{"embeddable":true,"href":"https:\/\/www.inet.edu.ar\/index.php\/wp-json\/wp\/v2\/pages\/34024"}],"wp:attachment":[{"href":"https:\/\/www.inet.edu.ar\/index.php\/wp-json\/wp\/v2\/media?parent=18919"}],"curies":[{"name":"wp","href":"https:\/\/api.w.org\/{rel}","templated":true}]}}