{"id":18949,"date":"2017-03-22T11:53:58","date_gmt":"2017-03-22T14:53:58","guid":{"rendered":"https:\/\/www.inet.edu.ar\/?page_id=18949"},"modified":"2022-06-06T12:42:48","modified_gmt":"2022-06-06T15:42:48","slug":"preguntas-frecuentes-fdi","status":"publish","type":"page","link":"https:\/\/www.inet.edu.ar\/index.php\/niveles-educativos\/educacion-secundaria-tecnica\/formacion-docente-inicial\/preguntas-frecuentes-fdi\/","title":{"rendered":"Preguntas Frecuentes FDI"},"content":{"rendered":"<p><strong>\u00bfA qui\u00e9n est\u00e1 dirigida la Formaci\u00f3n Docente Inicial?<\/strong><\/p>\n<p>A aquellos egresados de Instituciones T\u00e9cnicas de nivel medio que se encuentren trabajando como docentes en escuelas t\u00e9cnicas de nivel medio sin el correspondiente t\u00edtulo docente y aqu\u00e9llos T\u00e9cnicos Superiores y\/o graduados universitarios con t\u00edtulos afines a la ETP media\u00a0que trabajen o no como docentes y deseen completar su formaci\u00f3n docente <strong>para ejercer en la Modalidad de Educaci\u00f3n T\u00e9cnica de Nivel Secundario<\/strong>.<\/p>\n<p>&nbsp;<\/p>\n<p><strong>\u00bfCu\u00e1l es el t\u00edtulo que se otorga?<\/strong><\/p>\n<p>El t\u00edtulo que se otorga es el de <strong>Profesor de Nivel Secundario de la Modalidad T\u00e9cnico Profesional en concurrencia con t\u00edtulo de base<\/strong>.<\/p>\n<p>&nbsp;<\/p>\n<p><strong>\u00bfCu\u00e1les t\u00edtulos de base estar\u00edan habilitados para ingresar al profesorado de Formaci\u00f3n Docente Inicial?<\/strong><\/p>\n<p>Se encuentran habilitados todos los t\u00edtulos de base que se correspondan con las tecnicaturas de nivel medio ofertadas por las respectivas jurisdicciones. Deber\u00e1 consultar esa informaci\u00f3n en la Oficina de Educaci\u00f3n T\u00e9cnica de su provincia.<\/p>\n<p>&nbsp;<\/p>\n<p><strong>\u00bfEl t\u00edtulo otorgado tiene validez nacional?<\/strong><\/p>\n<p>S\u00ed, el plan de estudios se ajusta a los Lineamientos Curriculares Nacionales para la Formaci\u00f3n Docente Inicial, elaborados por el Instituto Nacional de Formaci\u00f3n Docente, INFD, y aprobados por el Consejo Federal de Educaci\u00f3n, Resoluci\u00f3n CFE N\u00ba 24\/07.<\/p>\n<p>Las respectivas Jurisdicciones deber\u00e1n presentar sus pedidos de Validez Nacional ante el INET y el Ministerio de Educaci\u00f3n y Deportes de la Naci\u00f3n, para que dicha validez se efectivice.<\/p>\n<p>&nbsp;<\/p>\n<p><strong>\u00bfCu\u00e1l es el perfil del egresado?<\/strong><\/p>\n<p>El Profesor de Educaci\u00f3n T\u00e9cnico Profesional es un docente con t\u00edtulo t\u00e9cnico de base de nivel secundario, superior o de grado universitario, que ha obtenido formaci\u00f3n pedag\u00f3gica general, actualizaci\u00f3n cient\u00edfico tecnol\u00f3gica y formaci\u00f3n espec\u00edfica para la pr\u00e1ctica profesional docente, a partir de las cuales cuenta con las capacidades que le permitan desempe\u00f1os competentes en las instituciones de Educaci\u00f3n T\u00e9cnico Profesional de nivel secundario, tal como se encuentran expresadas en el <em>Perfil Profesional del docente de Educaci\u00f3n T\u00e9cnico Profesional<\/em>\u00a0acordado federalmente.<\/p>\n<p>&nbsp;<\/p>\n<p><strong>\u00bfCu\u00e1l es el alcance del t\u00edtulo?<\/strong><\/p>\n<p>Conforme al Perfil Profesional del docente de Educaci\u00f3n T\u00e9cnico Profesional, los alcances del t\u00edtulo de \u00abProfesor de educaci\u00f3n secundaria de la modalidad t\u00e9cnico profesional en concurrencia con t\u00edtulo de base\u00bb son los siguientes:<\/p>\n<ul>\n<li>Planificar los procesos de ense\u00f1anza y de aprendizaje en la Educaci\u00f3n T\u00e9cnico Profesional.<\/li>\n<li>Orientar y facilitar los procesos de ense\u00f1anza y de aprendizaje en la Educaci\u00f3n T\u00e9cnico Profesional.<\/li>\n<li>Evaluar los procesos de ense\u00f1anza y de aprendizaje en la Educaci\u00f3n T\u00e9cnico Profesional.<\/li>\n<li>Participar en la gesti\u00f3n institucional desde el rol espec\u00edfico en el que se desempe\u00f1a.<\/li>\n<li>Sostener v\u00ednculos con los actores del contexto socio productivo y socio comunitario.<\/li>\n<li>Mantener actualizados los saberes espec\u00edficos requeridos para su desempe\u00f1o profesional docente.<\/li>\n<\/ul>\n<p>&nbsp;<\/p>\n<p><strong>\u00bfCu\u00e1l es el puntaje que otorgar\u00e1n en Juntas?<\/strong><\/p>\n<p>El INET no tiene incumbencia en dicho \u00e1mbito ya que es de estricta competencia Jurisdiccional. Esa informaci\u00f3n deber\u00e1 solicitarla en la Juntas Evaluadoras de su provincia.<\/p>\n<p>&nbsp;<\/p>\n<p><strong>\u00bfPuedo titularizar mis horas docentes si realizo el Profesorado de FDI?<\/strong><\/p>\n<p>El INET no tiene incumbencia en dicha \u00e1rea ya que es de estricta competencia Jurisdiccional. Esa informaci\u00f3n deber\u00e1 solicitarla en la Oficina de Educaci\u00f3n T\u00e9cnica de su provincia.<\/p>\n<p>&nbsp;<\/p>\n<p><strong>\u00bfCu\u00e1l es la modalidad de cursado?<\/strong><\/p>\n<p>La modalidad de cursado es presencial hasta tanto se consoliden las condiciones para ir hacia un cursado semipresencial con espacios de cursado virtual.<\/p>\n<p>Una vez que se ajusten las condiciones para un cursado semipresencial cada Jurisdicci\u00f3n la implementar\u00e1 en la medida de sus posibilidades.<\/p>\n<p>&nbsp;<\/p>\n<p><strong>\u00bfCu\u00e1l es el Plan de Estudios?<\/strong><\/p>\n<p>El Plan de estudios se estructura alrededor de tres Campos de Formaci\u00f3n:<\/p>\n<ul>\n<li>Formaci\u00f3n Docente Espec\u00edfica;<\/li>\n<li>Formaci\u00f3n T\u00e9cnica Espec\u00edfica, y<\/li>\n<li>Pr\u00e1ctica Profesional.<\/li>\n<\/ul>\n<p>A partir de los <em>diferentes perfiles de ingreso<\/em>\u00a0se habilitan trayectorias comunes y espec\u00edficas que determinan obligaciones acad\u00e9micas y\/o modalidades de cursada diferentes, tal como se detalla a continuaci\u00f3n:<\/p>\n<p><a href=\"https:\/\/www.inet.edu.ar\/wp-content\/uploads\/2017\/03\/CuadroFDI.jpg\"><img loading=\"lazy\" decoding=\"async\" class=\"size-full wp-image-18950 alignnone\" src=\"https:\/\/www.inet.edu.ar\/wp-content\/uploads\/2017\/03\/CuadroFDI.jpg\" alt=\"CuadroFDI\" width=\"605\" height=\"748\" srcset=\"https:\/\/www.inet.edu.ar\/wp-content\/uploads\/2017\/03\/CuadroFDI.jpg 605w, https:\/\/www.inet.edu.ar\/wp-content\/uploads\/2017\/03\/CuadroFDI-240x297.jpg 240w, https:\/\/www.inet.edu.ar\/wp-content\/uploads\/2017\/03\/CuadroFDI-468x579.jpg 468w\" sizes=\"auto, (max-width: 605px) 100vw, 605px\" \/><\/a><\/p>\n<p>(*) Las 192 hs. podr\u00e1n ser cursadas en uno o varios cursos, tanto dentro como fuera de la Instituci\u00f3n educativa. Se propondr\u00e1 una lista de ofertores de cursos, avalados por las Jurisdicciones, provenientes del \u00e1mbito empresarial, sindical, de organismos estatales, etc.<\/p>\n<p>&nbsp;<\/p>\n<p><strong>\u00bfD\u00f3nde se cursa?<\/strong><\/p>\n<p>Debe consultar en su jurisdicci\u00f3n para mayor informaci\u00f3n acerca de las sedes, fechas de inscripci\u00f3n, requisitos, etc.<\/p>\n<p>&nbsp;<\/p>\n<p><strong>\u00bfSi curs\u00e9 el \u201cviejo\u201d Profesorado (Res. 63\/08 y 64\/08) y me quedaron materias pendientes de aprobaci\u00f3n y\/o cursado puedo completarlo con \u00e9ste?<\/strong><\/p>\n<p>Es posible completar las materias pendientes de aprobaci\u00f3n y\/o cursado del profesorado cursado en cohortes anteriores cumpliendo algunos requisitos estipulados siempre que cuente con la formaci\u00f3n b\u00e1sica aprobada.<\/p>\n<p>Consulte su caso en la jurisdicci\u00f3n.<\/p>\n<p>&nbsp;<\/p>\n<p><a href=\"#_ftnref1\" name=\"_ftn1\"><\/a><\/p>\n","protected":false},"excerpt":{"rendered":"<p>\u00bfA qui\u00e9n est\u00e1 dirigida la Formaci\u00f3n Docente Inicial? A aquellos egresados de Instituciones T\u00e9cnicas de nivel medio que se encuentren trabajando como docentes en escuelas t\u00e9cnicas de nivel medio sin el correspondiente t\u00edtulo docente y aqu\u00e9llos T\u00e9cnicos Superiores y\/o graduados universitarios con t\u00edtulos afines a la ETP media\u00a0que trabajen o no como docentes y deseen [&hellip;]<\/p>\n","protected":false},"author":3,"featured_media":0,"parent":10244,"menu_order":0,"comment_status":"closed","ping_status":"closed","template":"","meta":{"footnotes":""},"class_list":["post-18949","page","type-page","status-publish","hentry"],"_links":{"self":[{"href":"https:\/\/www.inet.edu.ar\/index.php\/wp-json\/wp\/v2\/pages\/18949","targetHints":{"allow":["GET"]}}],"collection":[{"href":"https:\/\/www.inet.edu.ar\/index.php\/wp-json\/wp\/v2\/pages"}],"about":[{"href":"https:\/\/www.inet.edu.ar\/index.php\/wp-json\/wp\/v2\/types\/page"}],"author":[{"embeddable":true,"href":"https:\/\/www.inet.edu.ar\/index.php\/wp-json\/wp\/v2\/users\/3"}],"replies":[{"embeddable":true,"href":"https:\/\/www.inet.edu.ar\/index.php\/wp-json\/wp\/v2\/comments?post=18949"}],"version-history":[{"count":3,"href":"https:\/\/www.inet.edu.ar\/index.php\/wp-json\/wp\/v2\/pages\/18949\/revisions"}],"predecessor-version":[{"id":36129,"href":"https:\/\/www.inet.edu.ar\/index.php\/wp-json\/wp\/v2\/pages\/18949\/revisions\/36129"}],"up":[{"embeddable":true,"href":"https:\/\/www.inet.edu.ar\/index.php\/wp-json\/wp\/v2\/pages\/10244"}],"wp:attachment":[{"href":"https:\/\/www.inet.edu.ar\/index.php\/wp-json\/wp\/v2\/media?parent=18949"}],"curies":[{"name":"wp","href":"https:\/\/api.w.org\/{rel}","templated":true}]}}