{"id":19103,"date":"2017-04-03T17:19:17","date_gmt":"2017-04-03T20:19:17","guid":{"rendered":"https:\/\/www.inet.edu.ar\/?page_id=19103"},"modified":"2025-05-13T13:55:38","modified_gmt":"2025-05-13T16:55:38","slug":"red-conetyp","status":"publish","type":"page","link":"https:\/\/www.inet.edu.ar\/index.php\/conetyp\/red-conetyp\/","title":{"rendered":"Red CoNETyP"},"content":{"rendered":"<p>El CoNETyP cuenta con una\u00a0 plataforma: la Red CoNETyP .<\/p>\n<p>A trav\u00e9s de este espacio virtual compartimos informaci\u00f3n, noticias y actividades que vinculan la Educaci\u00f3n T\u00e9cnico Profesional (ETP) con los Sectores Socio-productivos.<\/p>\n<p>Adem\u00e1s la plataforma dispone de espacios virtuales espec\u00edficos a los que podr\u00e1 ingresar para participar en ellos a trav\u00e9s del siguiente enlace:<\/p>\n<p><a href=\"http:\/\/redconetyp.educacion.gob.ar\">http:\/\/redconetyp.educacion.gob.ar<\/a><\/p>\n<p>&nbsp;<\/p>\n","protected":false},"excerpt":{"rendered":"<p>El CoNETyP cuenta con una\u00a0 plataforma: la Red CoNETyP . A trav\u00e9s de este espacio virtual compartimos informaci\u00f3n, noticias y actividades que vinculan la Educaci\u00f3n T\u00e9cnico Profesional (ETP) con los Sectores Socio-productivos. Adem\u00e1s la plataforma dispone de espacios virtuales espec\u00edficos a los que podr\u00e1 ingresar para participar en ellos a trav\u00e9s del siguiente enlace: http:\/\/redconetyp.educacion.gob.ar [&hellip;]<\/p>\n","protected":false},"author":3,"featured_media":0,"parent":10,"menu_order":6,"comment_status":"closed","ping_status":"closed","template":"","meta":{"footnotes":""},"class_list":["post-19103","page","type-page","status-publish","hentry"],"_links":{"self":[{"href":"https:\/\/www.inet.edu.ar\/index.php\/wp-json\/wp\/v2\/pages\/19103","targetHints":{"allow":["GET"]}}],"collection":[{"href":"https:\/\/www.inet.edu.ar\/index.php\/wp-json\/wp\/v2\/pages"}],"about":[{"href":"https:\/\/www.inet.edu.ar\/index.php\/wp-json\/wp\/v2\/types\/page"}],"author":[{"embeddable":true,"href":"https:\/\/www.inet.edu.ar\/index.php\/wp-json\/wp\/v2\/users\/3"}],"replies":[{"embeddable":true,"href":"https:\/\/www.inet.edu.ar\/index.php\/wp-json\/wp\/v2\/comments?post=19103"}],"version-history":[{"count":5,"href":"https:\/\/www.inet.edu.ar\/index.php\/wp-json\/wp\/v2\/pages\/19103\/revisions"}],"predecessor-version":[{"id":29965,"href":"https:\/\/www.inet.edu.ar\/index.php\/wp-json\/wp\/v2\/pages\/19103\/revisions\/29965"}],"up":[{"embeddable":true,"href":"https:\/\/www.inet.edu.ar\/index.php\/wp-json\/wp\/v2\/pages\/10"}],"wp:attachment":[{"href":"https:\/\/www.inet.edu.ar\/index.php\/wp-json\/wp\/v2\/media?parent=19103"}],"curies":[{"name":"wp","href":"https:\/\/api.w.org\/{rel}","templated":true}]}}

<p>El CoNETyP cuenta con una  plataforma: la Red CoNETyP .</p>
<p>A través de este espacio virtual compartimos información, noticias y actividades que vinculan la Educación Técnico Profesional (ETP) con los Sectores Socio-productivos.</p>
<p>Además la plataforma dispone de espacios virtuales específicos a los que podrá ingresar para participar en ellos a través del siguiente enlace:</p>
<p><a href="http://redconetyp.educacion.gob.ar">http://redconetyp.educacion.gob.ar</a></p>
<p>&nbsp;</p>

<p>El CoNETyP cuenta con una  plataforma: la Red CoNETyP . A través de este espacio virtual compartimos información, noticias y actividades que vinculan la Educación Técnico Profesional (ETP) con los Sectores Socio-productivos. Además la plataforma dispone de espacios virtuales específicos a los que podrá ingresar para participar en ellos a través del siguiente enlace: http://redconetyp.educacion.gob.ar [&hellip;]</p>
