{"id":23611,"date":"2018-02-20T17:47:07","date_gmt":"2018-02-20T20:47:07","guid":{"rendered":"https:\/\/www.inet.edu.ar\/?page_id=23611"},"modified":"2018-03-27T17:51:21","modified_gmt":"2018-03-27T20:51:21","slug":"feria-nacional-de-innovacion-educativa-2017-proyectos","status":"publish","type":"page","link":"https:\/\/www.inet.edu.ar\/index.php\/material-de-capacitacion\/feria-nacional-de-innovacion-educativa-2017-proyectos\/","title":{"rendered":"Feria Nacional de Innovaci\u00f3n Educativa 2017: proyectos"},"content":{"rendered":"<p>&nbsp;<\/p>\n<ul>\n<li class=\"menu-item-23613\"><a href=\"https:\/\/www.inet.edu.ar\/index.php\/material-de-capacitacion\/feria-nacional-de-innovacion-educativa-2017-proyectos\/categoria-etp-b-1-innovacion-en-producto-bienes-o-servicios\/\">Categor\u00eda ETP-B-1 &#8211; \u00abInnovaci\u00f3n en productos, bienes o servicios\u00bb<\/a><\/li>\n<li class=\"menu-item-23613\"><a href=\"https:\/\/www.inet.edu.ar\/index.php\/material-de-capacitacion\/feria-nacional-de-innovacion-educativa-2017-proyectos\/categoria-etp-b-2-innovacion-en-procesos\/\">Categor\u00eda ETP-B-2 \u2013 \u00abInnovaci\u00f3n en procesos<\/a>\u00ab<\/li>\n<li class=\"menu-item-23617\"><a href=\"https:\/\/www.inet.edu.ar\/index.php\/material-de-capacitacion\/feria-nacional-de-innovacion-educativa-2017-proyectos\/categoria-etp-b-3-accesibilidad-y-atencion-de-la-discapacidad\/\">Categor\u00eda ETP-B-3 \u2013 \u00abAccesibilidad y atenci\u00f3n de la discapacidad<\/a>\u00ab<\/li>\n<li class=\"menu-item-23619\"><a href=\"https:\/\/www.inet.edu.ar\/index.php\/material-de-capacitacion\/feria-nacional-de-innovacion-educativa-2017-proyectos\/categoria-etp-b-4-desarrollo-sustentable-y-conservacion-del-ambiente\/\">Categor\u00eda ETP-B-4 \u2013 \u00abDesarrollo sustentable y conservaci\u00f3n del ambiente<\/a>\u00ab<\/li>\n<li class=\"menu-item-23621\"><a href=\"https:\/\/www.inet.edu.ar\/index.php\/material-de-capacitacion\/feria-nacional-de-innovacion-educativa-2017-proyectos\/categoria-etp-b-5-innovacion-en-dispositivos-tecnologicos-aplicados-a-la-ensenanza\/\">Categor\u00eda ETP-B-5 \u2013 \u00abInnovaci\u00f3n en dispositivos tecnol\u00f3gicos aplicados a la ense\u00f1anza<\/a>\u00ab<\/li>\n<\/ul>\n","protected":false},"excerpt":{"rendered":"<p>&nbsp; Categor\u00eda ETP-B-1 &#8211; \u00abInnovaci\u00f3n en productos, bienes o servicios\u00bb Categor\u00eda ETP-B-2 \u2013 \u00abInnovaci\u00f3n en procesos\u00ab Categor\u00eda ETP-B-3 \u2013 \u00abAccesibilidad y atenci\u00f3n de la discapacidad\u00ab Categor\u00eda ETP-B-4 \u2013 \u00abDesarrollo sustentable y conservaci\u00f3n del ambiente\u00ab Categor\u00eda ETP-B-5 \u2013 \u00abInnovaci\u00f3n en dispositivos tecnol\u00f3gicos aplicados a la ense\u00f1anza\u00ab<\/p>\n","protected":false},"author":7,"featured_media":0,"parent":314,"menu_order":12,"comment_status":"closed","ping_status":"closed","template":"","meta":{"footnotes":""},"class_list":["post-23611","page","type-page","status-publish","hentry"],"_links":{"self":[{"href":"https:\/\/www.inet.edu.ar\/index.php\/wp-json\/wp\/v2\/pages\/23611","targetHints":{"allow":["GET"]}}],"collection":[{"href":"https:\/\/www.inet.edu.ar\/index.php\/wp-json\/wp\/v2\/pages"}],"about":[{"href":"https:\/\/www.inet.edu.ar\/index.php\/wp-json\/wp\/v2\/types\/page"}],"author":[{"embeddable":true,"href":"https:\/\/www.inet.edu.ar\/index.php\/wp-json\/wp\/v2\/users\/7"}],"replies":[{"embeddable":true,"href":"https:\/\/www.inet.edu.ar\/index.php\/wp-json\/wp\/v2\/comments?post=23611"}],"version-history":[{"count":5,"href":"https:\/\/www.inet.edu.ar\/index.php\/wp-json\/wp\/v2\/pages\/23611\/revisions"}],"predecessor-version":[{"id":24362,"href":"https:\/\/www.inet.edu.ar\/index.php\/wp-json\/wp\/v2\/pages\/23611\/revisions\/24362"}],"up":[{"embeddable":true,"href":"https:\/\/www.inet.edu.ar\/index.php\/wp-json\/wp\/v2\/pages\/314"}],"wp:attachment":[{"href":"https:\/\/www.inet.edu.ar\/index.php\/wp-json\/wp\/v2\/media?parent=23611"}],"curies":[{"name":"wp","href":"https:\/\/api.w.org\/{rel}","templated":true}]}}