{"id":23617,"date":"2018-02-20T17:49:43","date_gmt":"2018-02-20T20:49:43","guid":{"rendered":"https:\/\/www.inet.edu.ar\/?page_id=23617"},"modified":"2018-04-06T15:24:31","modified_gmt":"2018-04-06T18:24:31","slug":"categoria-etp-b-3-accesibilidad-y-atencion-de-la-discapacidad","status":"publish","type":"page","link":"https:\/\/www.inet.edu.ar\/index.php\/material-de-capacitacion\/feria-nacional-de-innovacion-educativa-2017-proyectos\/categoria-etp-b-3-accesibilidad-y-atencion-de-la-discapacidad\/","title":{"rendered":"Categor\u00eda ETP-B-3 \u2013 \u00abAccesibilidad y atenci\u00f3n de la discapacidad\u00bb"},"content":{"rendered":"<p>&nbsp;<\/p>\n<p>Son proyectos que tienen como objeto el desarrollo de servicios o productos cuyo objeto es mejorar la calidad de vida de las personas con discapacidades.<\/p>\n<p><strong>\u00abUna bici para alguien especial\u00bb.<\/strong>\u00a0IPETyA N\u00ba 53 \u00abFray Luis Beltr\u00e1n\u00bb, Dean Funes, Provincia de C\u00f3rdoba (<em>Ganador<\/em>)<br \/>\nResumen: Se trata del dise\u00f1o y fabricaci\u00f3n de una bicicleta a la que se le adhiere, por delante, un veh\u00edculo para que personas con discapacidad puedan ser transportadas y, a su vez, rehabilitadas.<br \/>\n<a href=\"https:\/\/www.inet.edu.ar\/wp-content\/uploads\/2018\/04\/CDB-18.F3.M.3.8.2.ETP-B-3.pdf\">Bajar proyecto en PDF<\/a><\/p>\n<p><strong>\u00abRevestimiento ecoaislante\u00bb.<\/strong>\u00a0IPET N\u00b048 \u00abPresidente Roca\u00bb, C\u00f3rdoba (<em>Menci\u00f3n<\/em>)<br \/>\nResumen: La problem\u00e1tica del proyecto se fundamenta en las penurias y sufrimientos de las personas que deben guardar reposo o tienen dificultades para movilizarse. El mismo plantea la construcci\u00f3n de una cama ortop\u00e9dica accionada el\u00e9ctricamente que facilita la movilidad de los pacientes.<\/p>\n<p><strong>\u00abProyecto Visum bast\u00f3n inteligente para no videntes\u00bb.<\/strong>\u00a0IPETyM N\u00ba 59 \u00ab25 de Mayo\u00bb, Cruz Alta, Provincia de C\u00f3rdoba (<em>Menci\u00f3n<\/em>)<br \/>\nResumen: El proyecto eval\u00faa el uso de un sistema para la detecci\u00f3n de obst\u00e1culos que impiden la movilidad de forma segura a personas no videntes o con visi\u00f3n reducida.<\/p>\n<p><strong>\u00abMe ayudas a caminar: el andador\u00bb.<\/strong>\u00a0EPET N\u00b0 4, El Colorado, Provincia de Formosa (<em>Menci\u00f3n<\/em>)<br \/>\nResumen: El trabajo surge de la necesidad de brindar ayuda a un alumno con s\u00edndrome de Down y retraso en la maduraci\u00f3n psicomotriz. Propone construir un andador especial. Los que se\u00a0encuentran actualmente en el mercado son muy caros, se plantea la idea de fabricar tableros propios, utilizando tecnolog\u00eda 2D y 3D de la propia escuela.<br \/>\n<a href=\"https:\/\/www.inet.edu.ar\/wp-content\/uploads\/2018\/04\/FOR-33.F3.M.3.8.1.ETP-B-3.pdf\">Bajar proyecto en PDF<\/a><\/p>\n<p><strong>\u00abProgramaci\u00f3n de juegos did\u00e1cticos para ni\u00f1os con capacidades diferentes\u00bb.<\/strong>\u00a0E.E. T\u00e9cnico Profesional N\u00b0 619 \u00abPresb\u00edtero Luis Spont\u00f3n\u00bb, Villa Ocampo, Provincia de Santa Fe (<em>Menci\u00f3n<\/em>)<br \/>\nResumen: Este proyecto se basa en la sencilla programaci\u00f3n de juegos did\u00e1cticos mediante el software Logo Gr\u00e1fico, con soporte en los sistemas operativos Windows XP y Windows 7, para ser utilizado por cualquier ni\u00f1o pero especialmente por alumnos con necesidades diferentes, que provienen de la Escuela Especial N\u00b0 2034 y participan de los talleres mediante un proyecto de integraci\u00f3n entre ambas instituciones. El fin u objetivo es lograr la integraci\u00f3n mediante el uso de las tecnolog\u00edas blandas para lograr as\u00ed mejorar el aprendizaje en este tipo de alumnos.<br \/>\n<a href=\"https:\/\/www.inet.edu.ar\/wp-content\/uploads\/2018\/04\/SFE-20.F3.M.3.8.1.ETP-B-3.pdf\">Bajar proyecto en PDF<\/a><\/p>\n<h3><\/h3>\n","protected":false},"excerpt":{"rendered":"<p>&nbsp; Son proyectos que tienen como objeto el desarrollo de servicios o productos cuyo objeto es mejorar la calidad de vida de las personas con discapacidades. \u00abUna bici para alguien especial\u00bb.\u00a0IPETyA N\u00ba 53 \u00abFray Luis Beltr\u00e1n\u00bb, Dean Funes, Provincia de C\u00f3rdoba (Ganador) Resumen: Se trata del dise\u00f1o y fabricaci\u00f3n de una bicicleta a la que [&hellip;]<\/p>\n","protected":false},"author":7,"featured_media":0,"parent":23611,"menu_order":0,"comment_status":"closed","ping_status":"closed","template":"","meta":{"footnotes":""},"class_list":["post-23617","page","type-page","status-publish","hentry"],"_links":{"self":[{"href":"https:\/\/www.inet.edu.ar\/index.php\/wp-json\/wp\/v2\/pages\/23617","targetHints":{"allow":["GET"]}}],"collection":[{"href":"https:\/\/www.inet.edu.ar\/index.php\/wp-json\/wp\/v2\/pages"}],"about":[{"href":"https:\/\/www.inet.edu.ar\/index.php\/wp-json\/wp\/v2\/types\/page"}],"author":[{"embeddable":true,"href":"https:\/\/www.inet.edu.ar\/index.php\/wp-json\/wp\/v2\/users\/7"}],"replies":[{"embeddable":true,"href":"https:\/\/www.inet.edu.ar\/index.php\/wp-json\/wp\/v2\/comments?post=23617"}],"version-history":[{"count":8,"href":"https:\/\/www.inet.edu.ar\/index.php\/wp-json\/wp\/v2\/pages\/23617\/revisions"}],"predecessor-version":[{"id":24457,"href":"https:\/\/www.inet.edu.ar\/index.php\/wp-json\/wp\/v2\/pages\/23617\/revisions\/24457"}],"up":[{"embeddable":true,"href":"https:\/\/www.inet.edu.ar\/index.php\/wp-json\/wp\/v2\/pages\/23611"}],"wp:attachment":[{"href":"https:\/\/www.inet.edu.ar\/index.php\/wp-json\/wp\/v2\/media?parent=23617"}],"curies":[{"name":"wp","href":"https:\/\/api.w.org\/{rel}","templated":true}]}}

Categoría ETP-B-3 – «Accesibilidad y atención de la discapacidad»

<p>&nbsp;</p>
<p>Son proyectos que tienen como objeto el desarrollo de servicios o productos cuyo objeto es mejorar la calidad de vida de las personas con discapacidades.</p>
<p><strong>«Una bici para alguien especial».</strong> IPETyA Nº 53 «Fray Luis Beltrán», Dean Funes, Provincia de Córdoba (<em>Ganador</em>)<br />
Resumen: Se trata del diseño y fabricación de una bicicleta a la que se le adhiere, por delante, un vehículo para que personas con discapacidad puedan ser transportadas y, a su vez, rehabilitadas.<br />
<a href="https://www.inet.edu.ar/wp-content/uploads/2018/04/CDB-18.F3.M.3.8.2.ETP-B-3.pdf">Bajar proyecto en PDF</a></p>
<p><strong>«Revestimiento ecoaislante».</strong> IPET N°48 «Presidente Roca», Córdoba (<em>Mención</em>)<br />
Resumen: La problemática del proyecto se fundamenta en las penurias y sufrimientos de las personas que deben guardar reposo o tienen dificultades para movilizarse. El mismo plantea la construcción de una cama ortopédica accionada eléctricamente que facilita la movilidad de los pacientes.</p>
<p><strong>«Proyecto Visum bastón inteligente para no videntes».</strong> IPETyM Nº 59 «25 de Mayo», Cruz Alta, Provincia de Córdoba (<em>Mención</em>)<br />
Resumen: El proyecto evalúa el uso de un sistema para la detección de obstáculos que impiden la movilidad de forma segura a personas no videntes o con visión reducida.</p>
<p><strong>«Me ayudas a caminar: el andador».</strong> EPET N° 4, El Colorado, Provincia de Formosa (<em>Mención</em>)<br />
Resumen: El trabajo surge de la necesidad de brindar ayuda a un alumno con síndrome de Down y retraso en la maduración psicomotriz. Propone construir un andador especial. Los que se encuentran actualmente en el mercado son muy caros, se plantea la idea de fabricar tableros propios, utilizando tecnología 2D y 3D de la propia escuela.<br />
<a href="https://www.inet.edu.ar/wp-content/uploads/2018/04/FOR-33.F3.M.3.8.1.ETP-B-3.pdf">Bajar proyecto en PDF</a></p>
<p><strong>«Programación de juegos didácticos para niños con capacidades diferentes».</strong> E.E. Técnico Profesional N° 619 «Presbítero Luis Spontón», Villa Ocampo, Provincia de Santa Fe (<em>Mención</em>)<br />
Resumen: Este proyecto se basa en la sencilla programación de juegos didácticos mediante el software Logo Gráfico, con soporte en los sistemas operativos Windows XP y Windows 7, para ser utilizado por cualquier niño pero especialmente por alumnos con necesidades diferentes, que provienen de la Escuela Especial N° 2034 y participan de los talleres mediante un proyecto de integración entre ambas instituciones. El fin u objetivo es lograr la integración mediante el uso de las tecnologías blandas para lograr así mejorar el aprendizaje en este tipo de alumnos.<br />
<a href="https://www.inet.edu.ar/wp-content/uploads/2018/04/SFE-20.F3.M.3.8.1.ETP-B-3.pdf">Bajar proyecto en PDF</a></p>
<h3></h3>

<p>&nbsp; Son proyectos que tienen como objeto el desarrollo de servicios o productos cuyo objeto es mejorar la calidad de vida de las personas con discapacidades. «Una bici para alguien especial». IPETyA Nº 53 «Fray Luis Beltrán», Dean Funes, Provincia de Córdoba (Ganador) Resumen: Se trata del diseño y fabricación de una bicicleta a la que [&hellip;]</p>
