{"id":30703,"date":"2019-08-15T14:49:19","date_gmt":"2019-08-15T17:49:19","guid":{"rendered":"https:\/\/www.inet.edu.ar\/?page_id=30703"},"modified":"2023-08-18T17:44:19","modified_gmt":"2023-08-18T20:44:19","slug":"concurso-audiovisual","status":"publish","type":"page","link":"https:\/\/www.inet.edu.ar\/index.php\/estudios-investigaciones\/equidad-de-genero-en-la-educacion-tecnico-profesional\/concurso-audiovisual\/","title":{"rendered":"Concurso Audiovisual"},"content":{"rendered":"<p><a href=\"https:\/\/www.inet.edu.ar\/wp-content\/uploads\/2019\/08\/ConcursoAudiovisual-05.jpg\"><img loading=\"lazy\" decoding=\"async\" class=\"wp-image-30711 aligncenter\" src=\"https:\/\/www.inet.edu.ar\/wp-content\/uploads\/2019\/08\/ConcursoAudiovisual-05.jpg\" alt=\"\" width=\"750\" height=\"331\" srcset=\"https:\/\/www.inet.edu.ar\/wp-content\/uploads\/2019\/08\/ConcursoAudiovisual-05.jpg 979w, https:\/\/www.inet.edu.ar\/wp-content\/uploads\/2019\/08\/ConcursoAudiovisual-05-240x106.jpg 240w, https:\/\/www.inet.edu.ar\/wp-content\/uploads\/2019\/08\/ConcursoAudiovisual-05-768x339.jpg 768w, https:\/\/www.inet.edu.ar\/wp-content\/uploads\/2019\/08\/ConcursoAudiovisual-05-468x207.jpg 468w\" sizes=\"auto, (max-width: 750px) 100vw, 750px\" \/><\/a><\/p>\n<h2>Presentaci\u00f3n<\/h2>\n<p>Desde la Comisi\u00f3n de Equidad de G\u00e9nero del Instituto Nacional de Educaci\u00f3n Tecnol\u00f3gica (INET), del Ministerio de Educaci\u00f3n, Cultura, Ciencia y Tecnolog\u00eda de la Naci\u00f3n, estamos lanzando el Primer Concurso Audiovisual \u00abNuevas identidades de la Secundaria T\u00e9cnica\u201d. Este concurso tiene por objetivo promover la construcci\u00f3n de espacios de di\u00e1logo, de reflexi\u00f3n, de pensamiento y de producci\u00f3n por parte de estudiantes, docentes y equipos directivos en torno a la <strong>identidad de la escuela desde una perspectiva de g\u00e9nero.<\/strong><\/p>\n<h2>Formatos de la presentaci\u00f3n del producto audiovisual<\/h2>\n<p>Las escuelas secundarias t\u00e9cnicas del pa\u00eds que quieran participar deber\u00e1n realizar un producto audiovisual seleccionando alguna de las dos categor\u00edas propuestas:<\/p>\n<ul>\n<li><strong>Categor\u00eda I:<\/strong>\u00a0video corto (2 minutos en alta calidad). Se pueden utilizar todo tipo de tecnolog\u00edas digital o anal\u00f3gica, aplicaciones y\/o programas de edici\u00f3n. El video puede ser enteramente o parcialmente animado.<\/li>\n<li><strong>Categor\u00eda II:<\/strong>\u00a0afiche, dibujo, collage, montaje. Se puede utilizar todo tipo de tecnolog\u00eda digital o anal\u00f3gica. Se deber\u00e1 enviar en formato JPG o similar (aunque el producto se realice sobre un formato no digital, para el env\u00edo se deber\u00e1 realizar una foto del mismo).<\/li>\n<\/ul>\n<h2>Cronograma<\/h2>\n<table class=\"table\">\n<thead>\n<tr>\n<th>Instancias<\/th>\n<th>Fechas<\/th>\n<\/tr>\n<\/thead>\n<tbody>\n<tr>\n<td>Inscripci\u00f3n al concurso<\/td>\n<td>Del 15 de agosto al 09 de septiembre<\/td>\n<\/tr>\n<tr>\n<td>Env\u00edo de proyecto<\/td>\n<td>Del 09 de septiembre al 18 de octubre<\/td>\n<\/tr>\n<tr>\n<td>Evaluaci\u00f3n del proyecto<\/td>\n<td>Del 21 de octubre al 11 de noviembre<\/td>\n<\/tr>\n<tr>\n<td>Premiaci\u00f3n<\/td>\n<td>Del 11 al 15 de noviembre<\/td>\n<\/tr>\n<\/tbody>\n<\/table>\n<h2>Links de inter\u00e9s<\/h2>\n<p><strong><a href=\"https:\/\/docs.google.com\/forms\/d\/e\/1FAIpQLScewaiAkug4p2ljmjefU5GlfLHQ0-HS1IlL9zWroegCTt7x4g\/viewform\" target=\"_blank\" rel=\"noopener\">Formulario de Inscripci\u00f3n<\/a><\/strong><\/p>\n<p><a href=\"https:\/\/www.inet.edu.ar\/wp-content\/uploads\/2019\/09\/Bases-y-condiciones-Concurso_2.pdf\"><strong>Bases y Condiciones Concurso Audiovisual<\/strong><\/a><\/p>\n","protected":false},"excerpt":{"rendered":"<p>Presentaci\u00f3n Desde la Comisi\u00f3n de Equidad de G\u00e9nero del Instituto Nacional de Educaci\u00f3n Tecnol\u00f3gica (INET), del Ministerio de Educaci\u00f3n, Cultura, Ciencia y Tecnolog\u00eda de la Naci\u00f3n, estamos lanzando el Primer Concurso Audiovisual \u00abNuevas identidades de la Secundaria T\u00e9cnica\u201d. Este concurso tiene por objetivo promover la construcci\u00f3n de espacios de di\u00e1logo, de reflexi\u00f3n, de pensamiento y [&hellip;]<\/p>\n","protected":false},"author":3,"featured_media":0,"parent":23912,"menu_order":9,"comment_status":"closed","ping_status":"closed","template":"","meta":{"footnotes":""},"class_list":["post-30703","page","type-page","status-publish","hentry"],"_links":{"self":[{"href":"https:\/\/www.inet.edu.ar\/index.php\/wp-json\/wp\/v2\/pages\/30703","targetHints":{"allow":["GET"]}}],"collection":[{"href":"https:\/\/www.inet.edu.ar\/index.php\/wp-json\/wp\/v2\/pages"}],"about":[{"href":"https:\/\/www.inet.edu.ar\/index.php\/wp-json\/wp\/v2\/types\/page"}],"author":[{"embeddable":true,"href":"https:\/\/www.inet.edu.ar\/index.php\/wp-json\/wp\/v2\/users\/3"}],"replies":[{"embeddable":true,"href":"https:\/\/www.inet.edu.ar\/index.php\/wp-json\/wp\/v2\/comments?post=30703"}],"version-history":[{"count":13,"href":"https:\/\/www.inet.edu.ar\/index.php\/wp-json\/wp\/v2\/pages\/30703\/revisions"}],"predecessor-version":[{"id":37945,"href":"https:\/\/www.inet.edu.ar\/index.php\/wp-json\/wp\/v2\/pages\/30703\/revisions\/37945"}],"up":[{"embeddable":true,"href":"https:\/\/www.inet.edu.ar\/index.php\/wp-json\/wp\/v2\/pages\/23912"}],"wp:attachment":[{"href":"https:\/\/www.inet.edu.ar\/index.php\/wp-json\/wp\/v2\/media?parent=30703"}],"curies":[{"name":"wp","href":"https:\/\/api.w.org\/{rel}","templated":true}]}}

<p><a href="https://www.inet.edu.ar/wp-content/uploads/2019/08/ConcursoAudiovisual-05.jpg"><img loading="lazy" decoding="async" class="wp-image-30711 aligncenter" src="https://www.inet.edu.ar/wp-content/uploads/2019/08/ConcursoAudiovisual-05.jpg" alt="" width="750" height="331" srcset="https://www.inet.edu.ar/wp-content/uploads/2019/08/ConcursoAudiovisual-05.jpg 979w, https://www.inet.edu.ar/wp-content/uploads/2019/08/ConcursoAudiovisual-05-240x106.jpg 240w, https://www.inet.edu.ar/wp-content/uploads/2019/08/ConcursoAudiovisual-05-768x339.jpg 768w, https://www.inet.edu.ar/wp-content/uploads/2019/08/ConcursoAudiovisual-05-468x207.jpg 468w" sizes="auto, (max-width: 750px) 100vw, 750px" /></a></p>
<h2>Presentación</h2>
<p>Desde la Comisión de Equidad de Género del Instituto Nacional de Educación Tecnológica (INET), del Ministerio de Educación, Cultura, Ciencia y Tecnología de la Nación, estamos lanzando el Primer Concurso Audiovisual «Nuevas identidades de la Secundaria Técnica”. Este concurso tiene por objetivo promover la construcción de espacios de diálogo, de reflexión, de pensamiento y de producción por parte de estudiantes, docentes y equipos directivos en torno a la <strong>identidad de la escuela desde una perspectiva de género.</strong></p>
<h2>Formatos de la presentación del producto audiovisual</h2>
<p>Las escuelas secundarias técnicas del país que quieran participar deberán realizar un producto audiovisual seleccionando alguna de las dos categorías propuestas:</p>
<ul>
<li><strong>Categoría I:</strong> video corto (2 minutos en alta calidad). Se pueden utilizar todo tipo de tecnologías digital o analógica, aplicaciones y/o programas de edición. El video puede ser enteramente o parcialmente animado.</li>
<li><strong>Categoría II:</strong> afiche, dibujo, collage, montaje. Se puede utilizar todo tipo de tecnología digital o analógica. Se deberá enviar en formato JPG o similar (aunque el producto se realice sobre un formato no digital, para el envío se deberá realizar una foto del mismo).</li>
</ul>
<h2>Cronograma</h2>
<table class="table">
<thead>
<tr>
<th>Instancias</th>
<th>Fechas</th>
</tr>
</thead>
<tbody>
<tr>
<td>Inscripción al concurso</td>
<td>Del 15 de agosto al 09 de septiembre</td>
</tr>
<tr>
<td>Envío de proyecto</td>
<td>Del 09 de septiembre al 18 de octubre</td>
</tr>
<tr>
<td>Evaluación del proyecto</td>
<td>Del 21 de octubre al 11 de noviembre</td>
</tr>
<tr>
<td>Premiación</td>
<td>Del 11 al 15 de noviembre</td>
</tr>
</tbody>
</table>
<h2>Links de interés</h2>
<p><strong><a href="https://docs.google.com/forms/d/e/1FAIpQLScewaiAkug4p2ljmjefU5GlfLHQ0-HS1IlL9zWroegCTt7x4g/viewform" target="_blank" rel="noopener">Formulario de Inscripción</a></strong></p>
<p><a href="https://www.inet.edu.ar/wp-content/uploads/2019/09/Bases-y-condiciones-Concurso_2.pdf"><strong>Bases y Condiciones Concurso Audiovisual</strong></a></p>

<p>Presentación Desde la Comisión de Equidad de Género del Instituto Nacional de Educación Tecnológica (INET), del Ministerio de Educación, Cultura, Ciencia y Tecnología de la Nación, estamos lanzando el Primer Concurso Audiovisual «Nuevas identidades de la Secundaria Técnica”. Este concurso tiene por objetivo promover la construcción de espacios de diálogo, de reflexión, de pensamiento y [&hellip;]</p>
