{"id":3089,"date":"2014-04-01T15:33:38","date_gmt":"2014-04-01T18:33:38","guid":{"rendered":"https:\/\/www.inet.edu.ar\/?page_id=3089"},"modified":"2016-04-28T09:42:57","modified_gmt":"2016-04-28T12:42:57","slug":"objetivo-de-la-aei","status":"publish","type":"page","link":"https:\/\/www.inet.edu.ar\/index.php\/estudios-investigaciones\/autoevaluacion-institucional\/objetivo-de-la-aei\/","title":{"rendered":"Objetivo"},"content":{"rendered":"<p>Contribuir al proceso de mejora de la calidad de la ETP identificando fortalezas y debilidades de las instituciones y grados de desarrollo y avance de sus proyectos educativos mediante la participaci\u00f3n de los diferentes actores involucrados, a fin de sustentar la toma de decisiones y las acciones de las autoridades en sus diferentes \u00e1mbitos de competencia.<\/p>\n<p>La Autoevaluaci\u00f3n Institucional no remite a una evaluaci\u00f3n de desempe\u00f1o sino a reflexionar y mirar desde una perspectiva global el funcionamiento de la instituci\u00f3n educativa.<\/p>\n","protected":false},"excerpt":{"rendered":"<p>Contribuir al proceso de mejora de la calidad de la ETP identificando fortalezas y debilidades de las instituciones y grados de desarrollo y avance de sus proyectos educativos mediante la participaci\u00f3n de los diferentes actores involucrados, a fin de sustentar la toma de decisiones y las acciones de las autoridades en sus diferentes \u00e1mbitos de [&hellip;]<\/p>\n","protected":false},"author":3,"featured_media":0,"parent":3084,"menu_order":4,"comment_status":"closed","ping_status":"open","template":"","meta":{"footnotes":""},"class_list":["post-3089","page","type-page","status-publish","hentry"],"_links":{"self":[{"href":"https:\/\/www.inet.edu.ar\/index.php\/wp-json\/wp\/v2\/pages\/3089","targetHints":{"allow":["GET"]}}],"collection":[{"href":"https:\/\/www.inet.edu.ar\/index.php\/wp-json\/wp\/v2\/pages"}],"about":[{"href":"https:\/\/www.inet.edu.ar\/index.php\/wp-json\/wp\/v2\/types\/page"}],"author":[{"embeddable":true,"href":"https:\/\/www.inet.edu.ar\/index.php\/wp-json\/wp\/v2\/users\/3"}],"replies":[{"embeddable":true,"href":"https:\/\/www.inet.edu.ar\/index.php\/wp-json\/wp\/v2\/comments?post=3089"}],"version-history":[{"count":7,"href":"https:\/\/www.inet.edu.ar\/index.php\/wp-json\/wp\/v2\/pages\/3089\/revisions"}],"predecessor-version":[{"id":10483,"href":"https:\/\/www.inet.edu.ar\/index.php\/wp-json\/wp\/v2\/pages\/3089\/revisions\/10483"}],"up":[{"embeddable":true,"href":"https:\/\/www.inet.edu.ar\/index.php\/wp-json\/wp\/v2\/pages\/3084"}],"wp:attachment":[{"href":"https:\/\/www.inet.edu.ar\/index.php\/wp-json\/wp\/v2\/media?parent=3089"}],"curies":[{"name":"wp","href":"https:\/\/api.w.org\/{rel}","templated":true}]}}