{"id":32921,"date":"2020-04-10T09:56:03","date_gmt":"2020-04-10T12:56:03","guid":{"rendered":"https:\/\/www.inet.edu.ar\/?page_id=32921"},"modified":"2020-04-10T09:56:03","modified_gmt":"2020-04-10T12:56:03","slug":"postitulo-actualizacion-academica-en-ensenanza-de-la-matematica-en-la-escuela-tecnica","status":"publish","type":"page","link":"https:\/\/www.inet.edu.ar\/index.php\/postitulo-actualizacion-academica-en-ensenanza-de-la-matematica-en-la-escuela-tecnica\/","title":{"rendered":"Post\u00edtulo: Actualizaci\u00f3n Acad\u00e9mica en Ense\u00f1anza de la Matem\u00e1tica en la Escuela T\u00e9cnica"},"content":{"rendered":"<p>&nbsp;<\/p>\n<p>Este Post\u00edtulo te propone renovar tu ense\u00f1anza en el campo de la Matem\u00e1tica en la Escuela Secundaria T\u00e9cnica, a trav\u00e9s del abordaje de distintos aspectos. Uno de ellos consiste en estudiar los modelos matem\u00e1ticos desde una doble entrada: por un lado, reconocer los saberes que los integran y, por el otro, su adecuaci\u00f3n y aplicaci\u00f3n seg\u00fan la situaci\u00f3n.<\/p>\n<p>Abordaremos el universo de las TIC para conocer c\u00f3mo reformular y\/o elaborar actividades de una forma innovadora, para que tus clases se conviertan en un espacio din\u00e1mico de construcci\u00f3n del conocimiento. Siguiendo esta l\u00ednea, trabajaremos en el dise\u00f1o de consignas a partir de preguntas, problemas y propuestas que rompan con los paradigmas convencionales. Por \u00faltimo, revisaremos los procesos de evaluaci\u00f3n y su vinculaci\u00f3n con los enfoques did\u00e1cticos, para aprender a generar nuevas propuestas que enlacen ambas instancias.<\/p>\n<p>&nbsp;<\/p>\n<p><strong>R\u00e9gimen de cursada<\/strong><br \/>\nLa siguiente oferta acad\u00e9mica tiene la posibilidad de cursarse a trav\u00e9s de dos formatos.<\/p>\n<p><strong>Opci\u00f3n Post\u00edtulo<\/strong><br \/>\nLa materia forma parte del post\u00edtulo \u201cActualizaci\u00f3n Acad\u00e9mica en Ense\u00f1anza de la Matem\u00e1tica en la Escuela T\u00e9cnica\u201d.<br \/>\nLa estructura curricular de la Actualizaci\u00f3n Acad\u00e9mica se compone de cinco (5) espacios curriculares: cuatro m\u00f3dulos que abordan distintas problem\u00e1ticas de la ense\u00f1anza de la Matem\u00e1tica en la escuela t\u00e9cnica. y el Taller Integrador final.<\/p>\n<p>Los espacios curriculares son:<br \/>\n\u2022 Las TIC en el aprendizaje de la matem\u00e1tica<br \/>\n\u2022 Preguntas y problemas en buenas clases de matem\u00e1tica<br \/>\n\u2022 Modelos matem\u00e1ticos en la Escuela T\u00e9cnica<br \/>\n\u2022 Evaluaci\u00f3n en matem\u00e1tica<br \/>\n\u2022 Taller Integrador Final<\/p>\n<p><strong>Opci\u00f3n curso<\/strong><br \/>\nConsiste en la realizaci\u00f3n de algunas de las materias del Post\u00edtulo en car\u00e1cter de cursos de formaci\u00f3n continua.<\/p>\n","protected":false},"excerpt":{"rendered":"<p>&nbsp; Este Post\u00edtulo te propone renovar tu ense\u00f1anza en el campo de la Matem\u00e1tica en la Escuela Secundaria T\u00e9cnica, a trav\u00e9s del abordaje de distintos aspectos. Uno de ellos consiste en estudiar los modelos matem\u00e1ticos desde una doble entrada: por un lado, reconocer los saberes que los integran y, por el otro, su adecuaci\u00f3n y [&hellip;]<\/p>\n","protected":false},"author":3,"featured_media":0,"parent":0,"menu_order":0,"comment_status":"closed","ping_status":"closed","template":"","meta":{"footnotes":""},"class_list":["post-32921","page","type-page","status-publish","hentry"],"_links":{"self":[{"href":"https:\/\/www.inet.edu.ar\/index.php\/wp-json\/wp\/v2\/pages\/32921","targetHints":{"allow":["GET"]}}],"collection":[{"href":"https:\/\/www.inet.edu.ar\/index.php\/wp-json\/wp\/v2\/pages"}],"about":[{"href":"https:\/\/www.inet.edu.ar\/index.php\/wp-json\/wp\/v2\/types\/page"}],"author":[{"embeddable":true,"href":"https:\/\/www.inet.edu.ar\/index.php\/wp-json\/wp\/v2\/users\/3"}],"replies":[{"embeddable":true,"href":"https:\/\/www.inet.edu.ar\/index.php\/wp-json\/wp\/v2\/comments?post=32921"}],"version-history":[{"count":1,"href":"https:\/\/www.inet.edu.ar\/index.php\/wp-json\/wp\/v2\/pages\/32921\/revisions"}],"predecessor-version":[{"id":32923,"href":"https:\/\/www.inet.edu.ar\/index.php\/wp-json\/wp\/v2\/pages\/32921\/revisions\/32923"}],"wp:attachment":[{"href":"https:\/\/www.inet.edu.ar\/index.php\/wp-json\/wp\/v2\/media?parent=32921"}],"curies":[{"name":"wp","href":"https:\/\/api.w.org\/{rel}","templated":true}]}}

Postítulo: Actualización Académica en Enseñanza de la Matemática en la Escuela Técnica

<p>&nbsp;</p>
<p>Este Postítulo te propone renovar tu enseñanza en el campo de la Matemática en la Escuela Secundaria Técnica, a través del abordaje de distintos aspectos. Uno de ellos consiste en estudiar los modelos matemáticos desde una doble entrada: por un lado, reconocer los saberes que los integran y, por el otro, su adecuación y aplicación según la situación.</p>
<p>Abordaremos el universo de las TIC para conocer cómo reformular y/o elaborar actividades de una forma innovadora, para que tus clases se conviertan en un espacio dinámico de construcción del conocimiento. Siguiendo esta línea, trabajaremos en el diseño de consignas a partir de preguntas, problemas y propuestas que rompan con los paradigmas convencionales. Por último, revisaremos los procesos de evaluación y su vinculación con los enfoques didácticos, para aprender a generar nuevas propuestas que enlacen ambas instancias.</p>
<p>&nbsp;</p>
<p><strong>Régimen de cursada</strong><br />
La siguiente oferta académica tiene la posibilidad de cursarse a través de dos formatos.</p>
<p><strong>Opción Postítulo</strong><br />
La materia forma parte del postítulo “Actualización Académica en Enseñanza de la Matemática en la Escuela Técnica”.<br />
La estructura curricular de la Actualización Académica se compone de cinco (5) espacios curriculares: cuatro módulos que abordan distintas problemáticas de la enseñanza de la Matemática en la escuela técnica. y el Taller Integrador final.</p>
<p>Los espacios curriculares son:<br />
• Las TIC en el aprendizaje de la matemática<br />
• Preguntas y problemas en buenas clases de matemática<br />
• Modelos matemáticos en la Escuela Técnica<br />
• Evaluación en matemática<br />
• Taller Integrador Final</p>
<p><strong>Opción curso</strong><br />
Consiste en la realización de algunas de las materias del Postítulo en carácter de cursos de formación continua.</p>

<p>&nbsp; Este Postítulo te propone renovar tu enseñanza en el campo de la Matemática en la Escuela Secundaria Técnica, a través del abordaje de distintos aspectos. Uno de ellos consiste en estudiar los modelos matemáticos desde una doble entrada: por un lado, reconocer los saberes que los integran y, por el otro, su adecuación y [&hellip;]</p>
