{"id":33055,"date":"2020-05-07T13:33:21","date_gmt":"2020-05-07T16:33:21","guid":{"rendered":"https:\/\/www.inet.edu.ar\/?page_id=33055"},"modified":"2020-05-12T09:52:05","modified_gmt":"2020-05-12T12:52:05","slug":"aspectos-psicosociales-de-la-pandemia","status":"publish","type":"page","link":"https:\/\/www.inet.edu.ar\/index.php\/pronafe\/informacion-y-recursos-covid19\/aspectos-psicosociales-de-la-pandemia\/","title":{"rendered":"Aspectos Psicosociales de la Pandemia"},"content":{"rendered":"<p>&nbsp;<\/p>\n<p>Selecci\u00f3n de informaci\u00f3n sobre la situaci\u00f3n psicosocial a partir del aislamiento social, preventivo y obligatorio:<\/p>\n<p><a href=\"https:\/\/drive.google.com\/file\/d\/1WrjvinT4ykKgYO3yKd52khso3bbb6ilj\/view?usp=sharing\">Capacitaci\u00f3n y entrenamiento r\u00e1pido en cuidados y autocuidados en salud mental.<br \/>\n<\/a><a href=\"https:\/\/youtu.be\/2oAucyt8jKo\">Capacitaci\u00f3n y entrenamiento r\u00e1pido en cuidados y autocuidados en salud mental (video).<br \/>\n<\/a><a href=\"https:\/\/www.clacso.org\/pensar-la-pandemia-observatorio-social-del-coronavirus\/\">Observatorio social del coronavirus &#8211; CLACSO<br \/>\n<\/a><a href=\"http:\/\/msal.gob.ar\/images\/stories\/bes\/graficos\/0000001893cnt-covid-19-recomendaciones-cuidado-personas-internadas-sm-caso-sospechoso-confirmado.pdf?fbclid=IwAR02jkHerTF2jzYSJPGUhaY01iXPCD5a2voB8hduBMlGP8Yu-64vUf8RqUU\">Recomendaciones para personas internadas por problemas de salud mental \u2013 Ministerio de Salud de la Naci\u00f3n<br \/>\n<\/a><a href=\"http:\/\/asistencia.psi.uba.ar\/\">Atenci\u00f3n psicol\u00f3gica gratuita para profesionales de la salud \u2013 UBA\/Psicolog\u00eda<br \/>\n<\/a><a href=\"http:\/\/www.psi.uba.ar\/institucional\/agenda\/covid_19\/recomendaciones_psicologicas.pdf\">Recomendaciones psicol\u00f3gicas para afrontar la pandemia<\/a><u> \u2013 UBA\/Psicolog\u00eda<br \/>\n<\/u><a href=\"https:\/\/www.sati.org.ar\/index.php\/comite-de-bioetica-soporte-emocional\">Soporte Emocional \u2013 Sociedad Argentina de Terapia Intensiva<\/a><\/p>\n<p>&nbsp;<\/p>\n<p>&nbsp;<\/p>\n","protected":false},"excerpt":{"rendered":"<p>&nbsp; Selecci\u00f3n de informaci\u00f3n sobre la situaci\u00f3n psicosocial a partir del aislamiento social, preventivo y obligatorio: Capacitaci\u00f3n y entrenamiento r\u00e1pido en cuidados y autocuidados en salud mental. Capacitaci\u00f3n y entrenamiento r\u00e1pido en cuidados y autocuidados en salud mental (video). Observatorio social del coronavirus &#8211; CLACSO Recomendaciones para personas internadas por problemas de salud mental \u2013 [&hellip;]<\/p>\n","protected":false},"author":3,"featured_media":0,"parent":33038,"menu_order":6,"comment_status":"closed","ping_status":"closed","template":"","meta":{"footnotes":""},"class_list":["post-33055","page","type-page","status-publish","hentry"],"_links":{"self":[{"href":"https:\/\/www.inet.edu.ar\/index.php\/wp-json\/wp\/v2\/pages\/33055","targetHints":{"allow":["GET"]}}],"collection":[{"href":"https:\/\/www.inet.edu.ar\/index.php\/wp-json\/wp\/v2\/pages"}],"about":[{"href":"https:\/\/www.inet.edu.ar\/index.php\/wp-json\/wp\/v2\/types\/page"}],"author":[{"embeddable":true,"href":"https:\/\/www.inet.edu.ar\/index.php\/wp-json\/wp\/v2\/users\/3"}],"replies":[{"embeddable":true,"href":"https:\/\/www.inet.edu.ar\/index.php\/wp-json\/wp\/v2\/comments?post=33055"}],"version-history":[{"count":3,"href":"https:\/\/www.inet.edu.ar\/index.php\/wp-json\/wp\/v2\/pages\/33055\/revisions"}],"predecessor-version":[{"id":33124,"href":"https:\/\/www.inet.edu.ar\/index.php\/wp-json\/wp\/v2\/pages\/33055\/revisions\/33124"}],"up":[{"embeddable":true,"href":"https:\/\/www.inet.edu.ar\/index.php\/wp-json\/wp\/v2\/pages\/33038"}],"wp:attachment":[{"href":"https:\/\/www.inet.edu.ar\/index.php\/wp-json\/wp\/v2\/media?parent=33055"}],"curies":[{"name":"wp","href":"https:\/\/api.w.org\/{rel}","templated":true}]}}

<p>&nbsp;</p>
<p>Selección de información sobre la situación psicosocial a partir del aislamiento social, preventivo y obligatorio:</p>
<p><a href="https://drive.google.com/file/d/1WrjvinT4ykKgYO3yKd52khso3bbb6ilj/view?usp=sharing">Capacitación y entrenamiento rápido en cuidados y autocuidados en salud mental.<br />
</a><a href="https://youtu.be/2oAucyt8jKo">Capacitación y entrenamiento rápido en cuidados y autocuidados en salud mental (video).<br />
</a><a href="https://www.clacso.org/pensar-la-pandemia-observatorio-social-del-coronavirus/">Observatorio social del coronavirus &#8211; CLACSO<br />
</a><a href="http://msal.gob.ar/images/stories/bes/graficos/0000001893cnt-covid-19-recomendaciones-cuidado-personas-internadas-sm-caso-sospechoso-confirmado.pdf?fbclid=IwAR02jkHerTF2jzYSJPGUhaY01iXPCD5a2voB8hduBMlGP8Yu-64vUf8RqUU">Recomendaciones para personas internadas por problemas de salud mental – Ministerio de Salud de la Nación<br />
</a><a href="http://asistencia.psi.uba.ar/">Atención psicológica gratuita para profesionales de la salud – UBA/Psicología<br />
</a><a href="http://www.psi.uba.ar/institucional/agenda/covid_19/recomendaciones_psicologicas.pdf">Recomendaciones psicológicas para afrontar la pandemia</a><u> – UBA/Psicología<br />
</u><a href="https://www.sati.org.ar/index.php/comite-de-bioetica-soporte-emocional">Soporte Emocional – Sociedad Argentina de Terapia Intensiva</a></p>
<p>&nbsp;</p>
<p>&nbsp;</p>

<p>&nbsp; Selección de información sobre la situación psicosocial a partir del aislamiento social, preventivo y obligatorio: Capacitación y entrenamiento rápido en cuidados y autocuidados en salud mental. Capacitación y entrenamiento rápido en cuidados y autocuidados en salud mental (video). Observatorio social del coronavirus &#8211; CLACSO Recomendaciones para personas internadas por problemas de salud mental – [&hellip;]</p>
