{"id":34018,"date":"2020-12-11T16:16:59","date_gmt":"2020-12-11T19:16:59","guid":{"rendered":"https:\/\/www.inet.edu.ar\/?page_id=34018"},"modified":"2025-09-11T15:19:09","modified_gmt":"2025-09-11T18:19:09","slug":"que-es-pronafe","status":"publish","type":"page","link":"https:\/\/www.inet.edu.ar\/index.php\/pronafe\/que-es-pronafe\/","title":{"rendered":"Qu\u00e9 es PRONAFE"},"content":{"rendered":"<p><strong>\u00a0<\/strong><\/p>\n<p>Dentro del equipo de salud, la enfermer\u00eda constituye un importante capital humano, como factor decisivo en la producci\u00f3n de transformaciones hacia mejores servicios que respondan a las necesidades de la poblaci\u00f3n.<\/p>\n<p>El\/La enfermero\/a es un actor indiscutido dentro del equipo de salud y por lo tanto, conforma una preocupaci\u00f3n para quienes gestionan pol\u00edticas sanitarias y buscan contar con trabajadores calificados en enfermer\u00eda.<\/p>\n<p>La escasez del personal de enfermer\u00eda es una preocupaci\u00f3n a nivel mundial. El hist\u00f3rico d\u00e9ficit de recursos capacitados de enfermer\u00eda, y su inapropiada distribuci\u00f3n geogr\u00e1fica y en los servicios, se ha reportado en variados reportes del Ministerio de Salud de la Naci\u00f3n. Esta situaci\u00f3n ha generado el trabajo conjunto en la Comisi\u00f3n Interministerial Salud y Educaci\u00f3n y la Mesa Intersectorial de Pol\u00edticas integradas de Salud y Educaci\u00f3n, en la cual se han elaborado y acordado los est\u00e1ndares comunes para la formaci\u00f3n de enfermeros en universidades y en institutos de educaci\u00f3n t\u00e9cnica superior, que apuntan a lograr una formaci\u00f3n equivalente en todo el pa\u00eds y a facilitar el acceso a la formaci\u00f3n de grado, promoviendo pol\u00edticas tendientes a disminuir el desgranamiento (deserci\u00f3n) en las carreras de enfermer\u00eda.<\/p>\n<p>As\u00ed, en esta \u00faltima d\u00e9cada, la Rep\u00fablica Argentina inici\u00f3 un proceso creciente para alcanzar mayores y mejores niveles de formaci\u00f3n, obtener la cantidad suficiente de profesionales de la enfermer\u00eda y lograr el impacto deseado en el cuidado integral de la salud de la persona, la familia y la comunidad.<\/p>\n<p><strong><em><u>Es en este contexto que la 73\u00ba Asamblea del Consejo Federal de Educaci\u00f3n dict\u00f3 la Resoluci\u00f3n CFE N\u00ba 290\/16 de creaci\u00f3n del Programa Nacional de Enfermer\u00eda (PRONAFE) con el objetivo de \u201caumentar la cantidad y calidad de los t\u00e9cnicos superiores en enfermer\u00eda en Argentina a trav\u00e9s del fortalecimiento institucional y acad\u00e9mico de instituciones superiores de gesti\u00f3n p\u00fablica y privada con oferta en enfermer\u00eda\u201d.\u00a0La vigencia de programa fue renovada por la Res. N\u00b0 385\/20 del CFE.<\/u><\/em><\/strong><\/p>\n<p><strong>La primera premisa<\/strong> operativa del PRONAFE se bas\u00f3 en la articulaci\u00f3n de los recursos humanos, econ\u00f3micos y organizacionales existentes de ambos ministerios en objetivos y l\u00f3gicas de intervenci\u00f3n comunes. De esta manera, se intent\u00f3 no crear nuevas superestructuras que se superpongan a las existentes sino maximizar los recursos actuales a trav\u00e9s del trabajo coordinado en una visi\u00f3n conjunta.<\/p>\n<p><strong>\u00a0<\/strong><strong>La segunda premisa<\/strong> indic\u00f3 que los niveles de intervenci\u00f3n se deben centrar en las instituciones que ofertan la carrera de enfermer\u00eda. Es en su protagonismo, a trav\u00e9s de la propia comprensi\u00f3n de los problemas a superar que residi\u00f3 la potencia del PRONAFE. Los recursos destinados al programa fueron apropiados por las instituciones y reflejados en la mejor\u00eda de la calidad de la formaci\u00f3n y el fortalecimiento del v\u00ednculo con el sistema de salud.<\/p>\n<p><strong>La tercera premisa estuvo basada en dirigir los esfuerzos <\/strong>hacia los\/as alumnos\/as de la carrera de enfermer\u00eda. Su meta es la permanencia y terminalidad con la mejor calidad. Ellos son los\/as enfermeros\/as que en el futuro asistir\u00e1n y cuidar\u00e1n a nuestra poblaci\u00f3n, siendo, sin duda, uno de los pilares del Sistema de salud que Argentina merece.<\/p>\n<p>&nbsp;<\/p>\n<p><a href=\"https:\/\/www.inet.edu.ar\/wp-content\/uploads\/2021\/01\/Declaracion-de-la-Comision-T--cnica-Federal-sobre-PRONAFE.pdf\">Declaraci\u00f3n de la Comisi\u00f3n T\u00e9cnica Federal sobre PRONAFE<\/a><\/p>\n","protected":false},"excerpt":{"rendered":"<p>\u00a0 Dentro del equipo de salud, la enfermer\u00eda constituye un importante capital humano, como factor decisivo en la producci\u00f3n de transformaciones hacia mejores servicios que respondan a las necesidades de la poblaci\u00f3n. El\/La enfermero\/a es un actor indiscutido dentro del equipo de salud y por lo tanto, conforma una preocupaci\u00f3n para quienes gestionan pol\u00edticas sanitarias [&hellip;]<\/p>\n","protected":false},"author":3,"featured_media":0,"parent":16676,"menu_order":3,"comment_status":"closed","ping_status":"closed","template":"","meta":{"footnotes":""},"class_list":["post-34018","page","type-page","status-publish","hentry"],"_links":{"self":[{"href":"https:\/\/www.inet.edu.ar\/index.php\/wp-json\/wp\/v2\/pages\/34018","targetHints":{"allow":["GET"]}}],"collection":[{"href":"https:\/\/www.inet.edu.ar\/index.php\/wp-json\/wp\/v2\/pages"}],"about":[{"href":"https:\/\/www.inet.edu.ar\/index.php\/wp-json\/wp\/v2\/types\/page"}],"author":[{"embeddable":true,"href":"https:\/\/www.inet.edu.ar\/index.php\/wp-json\/wp\/v2\/users\/3"}],"replies":[{"embeddable":true,"href":"https:\/\/www.inet.edu.ar\/index.php\/wp-json\/wp\/v2\/comments?post=34018"}],"version-history":[{"count":3,"href":"https:\/\/www.inet.edu.ar\/index.php\/wp-json\/wp\/v2\/pages\/34018\/revisions"}],"predecessor-version":[{"id":36260,"href":"https:\/\/www.inet.edu.ar\/index.php\/wp-json\/wp\/v2\/pages\/34018\/revisions\/36260"}],"up":[{"embeddable":true,"href":"https:\/\/www.inet.edu.ar\/index.php\/wp-json\/wp\/v2\/pages\/16676"}],"wp:attachment":[{"href":"https:\/\/www.inet.edu.ar\/index.php\/wp-json\/wp\/v2\/media?parent=34018"}],"curies":[{"name":"wp","href":"https:\/\/api.w.org\/{rel}","templated":true}]}}

Qué es PRONAFE

<p><strong> </strong></p>
<p>Dentro del equipo de salud, la enfermería constituye un importante capital humano, como factor decisivo en la producción de transformaciones hacia mejores servicios que respondan a las necesidades de la población.</p>
<p>El/La enfermero/a es un actor indiscutido dentro del equipo de salud y por lo tanto, conforma una preocupación para quienes gestionan políticas sanitarias y buscan contar con trabajadores calificados en enfermería.</p>
<p>La escasez del personal de enfermería es una preocupación a nivel mundial. El histórico déficit de recursos capacitados de enfermería, y su inapropiada distribución geográfica y en los servicios, se ha reportado en variados reportes del Ministerio de Salud de la Nación. Esta situación ha generado el trabajo conjunto en la Comisión Interministerial Salud y Educación y la Mesa Intersectorial de Políticas integradas de Salud y Educación, en la cual se han elaborado y acordado los estándares comunes para la formación de enfermeros en universidades y en institutos de educación técnica superior, que apuntan a lograr una formación equivalente en todo el país y a facilitar el acceso a la formación de grado, promoviendo políticas tendientes a disminuir el desgranamiento (deserción) en las carreras de enfermería.</p>
<p>Así, en esta última década, la República Argentina inició un proceso creciente para alcanzar mayores y mejores niveles de formación, obtener la cantidad suficiente de profesionales de la enfermería y lograr el impacto deseado en el cuidado integral de la salud de la persona, la familia y la comunidad.</p>
<p><strong><em><u>Es en este contexto que la 73º Asamblea del Consejo Federal de Educación dictó la Resolución CFE Nº 290/16 de creación del Programa Nacional de Enfermería (PRONAFE) con el objetivo de “aumentar la cantidad y calidad de los técnicos superiores en enfermería en Argentina a través del fortalecimiento institucional y académico de instituciones superiores de gestión pública y privada con oferta en enfermería”. La vigencia de programa fue renovada por la Res. N° 385/20 del CFE.</u></em></strong></p>
<p><strong>La primera premisa</strong> operativa del PRONAFE se basó en la articulación de los recursos humanos, económicos y organizacionales existentes de ambos ministerios en objetivos y lógicas de intervención comunes. De esta manera, se intentó no crear nuevas superestructuras que se superpongan a las existentes sino maximizar los recursos actuales a través del trabajo coordinado en una visión conjunta.</p>
<p><strong> </strong><strong>La segunda premisa</strong> indicó que los niveles de intervención se deben centrar en las instituciones que ofertan la carrera de enfermería. Es en su protagonismo, a través de la propia comprensión de los problemas a superar que residió la potencia del PRONAFE. Los recursos destinados al programa fueron apropiados por las instituciones y reflejados en la mejoría de la calidad de la formación y el fortalecimiento del vínculo con el sistema de salud.</p>
<p><strong>La tercera premisa estuvo basada en dirigir los esfuerzos </strong>hacia los/as alumnos/as de la carrera de enfermería. Su meta es la permanencia y terminalidad con la mejor calidad. Ellos son los/as enfermeros/as que en el futuro asistirán y cuidarán a nuestra población, siendo, sin duda, uno de los pilares del Sistema de salud que Argentina merece.</p>
<p>&nbsp;</p>
<p><a href="https://www.inet.edu.ar/wp-content/uploads/2021/01/Declaracion-de-la-Comision-T--cnica-Federal-sobre-PRONAFE.pdf">Declaración de la Comisión Técnica Federal sobre PRONAFE</a></p>

<p>  Dentro del equipo de salud, la enfermería constituye un importante capital humano, como factor decisivo en la producción de transformaciones hacia mejores servicios que respondan a las necesidades de la población. El/La enfermero/a es un actor indiscutido dentro del equipo de salud y por lo tanto, conforma una preocupación para quienes gestionan políticas sanitarias [&hellip;]</p>
