{"id":34024,"date":"2020-12-11T16:29:25","date_gmt":"2020-12-11T19:29:25","guid":{"rendered":"https:\/\/www.inet.edu.ar\/?page_id=34024"},"modified":"2025-09-11T15:18:50","modified_gmt":"2025-09-11T18:18:50","slug":"lineas-de-accion","status":"publish","type":"page","link":"https:\/\/www.inet.edu.ar\/index.php\/pronafe\/lineas-de-accion\/","title":{"rendered":"L\u00edneas de acci\u00f3n"},"content":{"rendered":"\n<p>El PRONAFE se propone a trav\u00e9s de sus diferentes l\u00edneas de acci\u00f3n:<\/p>\n\n\n\n<p><\/p>\n\n\n\n<ul class=\"wp-block-list\">\n<li><a href=\"https:\/\/www.inet.edu.ar\/index.php\/areas\/pronafe\/lineas-de-accion\/linea-de-becas-pronafe\/\">Becas Progresar Enfermer\u00eda<\/a><\/li>\n\n\n\n<li><a href=\"https:\/\/www.inet.edu.ar\/index.php\/areas\/pronafe\/lineas-de-accion\/capacitaciones-docentes\/\">Capacitaciones Docentes<\/a><\/li>\n<\/ul>\n","protected":false},"excerpt":{"rendered":"<p>El PRONAFE se propone a trav\u00e9s de sus diferentes l\u00edneas de acci\u00f3n:<\/p>\n","protected":false},"author":3,"featured_media":0,"parent":16676,"menu_order":2,"comment_status":"closed","ping_status":"closed","template":"","meta":{"footnotes":""},"class_list":["post-34024","page","type-page","status-publish","hentry"],"_links":{"self":[{"href":"https:\/\/www.inet.edu.ar\/index.php\/wp-json\/wp\/v2\/pages\/34024","targetHints":{"allow":["GET"]}}],"collection":[{"href":"https:\/\/www.inet.edu.ar\/index.php\/wp-json\/wp\/v2\/pages"}],"about":[{"href":"https:\/\/www.inet.edu.ar\/index.php\/wp-json\/wp\/v2\/types\/page"}],"author":[{"embeddable":true,"href":"https:\/\/www.inet.edu.ar\/index.php\/wp-json\/wp\/v2\/users\/3"}],"replies":[{"embeddable":true,"href":"https:\/\/www.inet.edu.ar\/index.php\/wp-json\/wp\/v2\/comments?post=34024"}],"version-history":[{"count":12,"href":"https:\/\/www.inet.edu.ar\/index.php\/wp-json\/wp\/v2\/pages\/34024\/revisions"}],"predecessor-version":[{"id":40791,"href":"https:\/\/www.inet.edu.ar\/index.php\/wp-json\/wp\/v2\/pages\/34024\/revisions\/40791"}],"up":[{"embeddable":true,"href":"https:\/\/www.inet.edu.ar\/index.php\/wp-json\/wp\/v2\/pages\/16676"}],"wp:attachment":[{"href":"https:\/\/www.inet.edu.ar\/index.php\/wp-json\/wp\/v2\/media?parent=34024"}],"curies":[{"name":"wp","href":"https:\/\/api.w.org\/{rel}","templated":true}]}}