{"id":34602,"date":"2021-06-25T16:41:11","date_gmt":"2021-06-25T19:41:11","guid":{"rendered":"https:\/\/www.inet.edu.ar\/?page_id=34602"},"modified":"2022-08-30T12:03:43","modified_gmt":"2022-08-30T15:03:43","slug":"olimpiada-nacional-virtual-2021","status":"publish","type":"page","link":"https:\/\/www.inet.edu.ar\/index.php\/areas\/encuentros-educativos\/olimpiada-nacional-virtual-2021\/","title":{"rendered":"Olimp\u00edada Nacional Virtual 2021"},"content":{"rendered":"<p style=\"text-align: left;\"><em>Frente a las solicitudes recibidas para extender una semana m\u00e1s la instancia Nacional de la Olimpiada Virtual, y entendiendo que estamos cerrando un ciclo lectivo particular, <strong>se posterga hasta el d\u00eda viernes 3 de diciembre (inclusive)<\/strong> la entrega de trabajos finales que deben ser subidos a la p\u00e1gina: <a href=\"https:\/\/olimpiadasinet.educacion.gob.ar\/\" target=\"_blank\" rel=\"noopener\">https:\/\/olimpiadasinet.educacion.gob.ar\/ <\/a><\/em><br \/>\n<em>La evaluaci\u00f3n\/devoluci\u00f3n se realizar\u00e1 <strong>hasta el 10 de diciembre<\/strong>, con el mismo formato utilizado e la instancia jurisdiccional, dejando abierta la posibilidad de un evento virtual y de cierre en el transcurso de esa semana.<\/em><\/p>\n<p>&nbsp;<\/p>\n<p>Durante el 2021, el INET junto a los responsables jurisdiccionales desarrollar\u00e1n la Olimp\u00edada Nacional Virtual 2021.<\/p>\n<p>La Olimp\u00edada consta de dos modalidades:<\/p>\n<p><b>1. Modalidad Equipos escolares por Especialidad <\/b>que se llevar\u00e1 a cabo en forma virtual, asincr\u00f3nica y a trav\u00e9s de la plataforma dise\u00f1ada para tal fin, en tres instancias: Escolar, Jurisdiccional y Nacional, en la sede de cada una de las instituciones educativas de ETP participantes o en la que cada jurisdicci\u00f3n determine.\u00a0Las especialidades son: Construcciones; Electromec\u00e1nica; Electr\u00f3nica; Agropecuaria; Programaci\u00f3n\/Computaci\u00f3n\/Inform\u00e1tica.<\/p>\n<p><b>2. La modalidad Equipos Interespecialidades<\/b> (de la misma escuela o de distintas escuelas) se llevar\u00e1 adelante mediante la resoluci\u00f3n de un proyecto dado por el INET, que comienza con el lanzamiento de la Instancia Escolar y termina en la Instancia Nacional. Se realizar\u00e1 en forma virtual, asincr\u00f3nica y a trav\u00e9s de la plataforma dise\u00f1ada para tal fin. Las especialidades son: Construcciones; Electromec\u00e1nica; Electr\u00f3nica; Inform\u00e1tica\/Computaci\u00f3n\/Programaci\u00f3n; Agropecuaria.<\/p>\n<p>&nbsp;<\/p>\n<p>Participar\u00e1n de la Olimp\u00edada, todos los estudiantes regulares de las instituciones educativas del \u00faltimo a\u00f1o del segundo ciclo del nivel medio de las especialidades convocadas.<\/p>\n<p>Las caracter\u00edsticas, prop\u00f3sitos, modalidades y formas de participaci\u00f3n en la Olimp\u00edada se encuentran descriptas en el Reglamento 2021 (<a href=\"https:\/\/www.inet.edu.ar\/wp-content\/uploads\/2021\/06\/ONV2021-Reglamento.pdf\">Bajar archivo<\/a>).<\/p>\n<p>&nbsp;<\/p>\n<p><b>Cronograma <\/b><\/p>\n<p><strong>1. Modalidad Equipos Escolares por Especialidad<\/strong><\/p>\n<table width=\"587\">\n<tbody>\n<tr>\n<td style=\"text-align: left;\" width=\"190\"><strong><strong>Instancia en la<br \/>\nInstituci\u00f3n Educativa<\/strong><\/strong><\/td>\n<td width=\"198\"><strong>Instancia Jurisdiccional<\/strong><\/td>\n<td width=\"198\"><strong>Instancia Nacional<\/strong><\/td>\n<\/tr>\n<tr>\n<td width=\"190\">09\/08\/2021 al 23\/08\/2021<\/td>\n<td width=\"198\">06\/09\/2021 al 04\/10\/2021<\/td>\n<td width=\"198\">12\/11\/2021 al 28\/11\/2021<\/td>\n<\/tr>\n<\/tbody>\n<\/table>\n<p>&nbsp;<\/p>\n<p><strong>\u00a02. <\/strong><strong>Modalidad Equipos Interespecialidades<\/strong><\/p>\n<table width=\"586\">\n<tbody>\n<tr>\n<td width=\"189\"><strong>Presentaci\u00f3n de proyecto<\/strong><\/td>\n<td width=\"198\"><strong>Avance de proyecto<\/strong><\/td>\n<td width=\"198\"><strong><strong>Evaluaci\u00f3n final<br \/>\nInstancia Nacional<\/strong><\/strong><\/td>\n<\/tr>\n<tr>\n<td width=\"189\">17\/08\/2021 al 30\/08\/2021<\/td>\n<td width=\"198\">06\/09\/2021 al 27\/09\/2021<\/td>\n<td width=\"198\">12\/11\/ 2021 al 28\/11\/2021<\/td>\n<\/tr>\n<\/tbody>\n<\/table>\n<p>&nbsp;<\/p>\n<p><a href=\"https:\/\/www.inet.edu.ar\/index.php\/niveles-educativos\/educacion-secundaria-tecnica\/encuentros-educativos\/olimpiada-nacional-virtual-2021\/inscripciones-2021\/\" target=\"_blank\" rel=\"noopener\"><strong>Enlace a formularios de inscripci\u00f3n<\/strong><\/a><\/p>\n<p><b>Consultas<\/b>:<br \/>\nCorreo electr\u00f3nico: <a href=\"mailto:olimpiadavirtualinet@gmail.com\">olimpiadavirtualinet@gmail.com<\/a><\/p>\n","protected":false},"excerpt":{"rendered":"<p>Frente a las solicitudes recibidas para extender una semana m\u00e1s la instancia Nacional de la Olimpiada Virtual, y entendiendo que estamos cerrando un ciclo lectivo particular, se posterga hasta el d\u00eda viernes 3 de diciembre (inclusive) la entrega de trabajos finales que deben ser subidos a la p\u00e1gina: https:\/\/olimpiadasinet.educacion.gob.ar\/ La evaluaci\u00f3n\/devoluci\u00f3n se realizar\u00e1 hasta el [&hellip;]<\/p>\n","protected":false},"author":3,"featured_media":0,"parent":4798,"menu_order":4,"comment_status":"closed","ping_status":"closed","template":"","meta":{"footnotes":""},"class_list":["post-34602","page","type-page","status-publish","hentry"],"_links":{"self":[{"href":"https:\/\/www.inet.edu.ar\/index.php\/wp-json\/wp\/v2\/pages\/34602","targetHints":{"allow":["GET"]}}],"collection":[{"href":"https:\/\/www.inet.edu.ar\/index.php\/wp-json\/wp\/v2\/pages"}],"about":[{"href":"https:\/\/www.inet.edu.ar\/index.php\/wp-json\/wp\/v2\/types\/page"}],"author":[{"embeddable":true,"href":"https:\/\/www.inet.edu.ar\/index.php\/wp-json\/wp\/v2\/users\/3"}],"replies":[{"embeddable":true,"href":"https:\/\/www.inet.edu.ar\/index.php\/wp-json\/wp\/v2\/comments?post=34602"}],"version-history":[{"count":14,"href":"https:\/\/www.inet.edu.ar\/index.php\/wp-json\/wp\/v2\/pages\/34602\/revisions"}],"predecessor-version":[{"id":35193,"href":"https:\/\/www.inet.edu.ar\/index.php\/wp-json\/wp\/v2\/pages\/34602\/revisions\/35193"}],"up":[{"embeddable":true,"href":"https:\/\/www.inet.edu.ar\/index.php\/wp-json\/wp\/v2\/pages\/4798"}],"wp:attachment":[{"href":"https:\/\/www.inet.edu.ar\/index.php\/wp-json\/wp\/v2\/media?parent=34602"}],"curies":[{"name":"wp","href":"https:\/\/api.w.org\/{rel}","templated":true}]}}