{"id":36466,"date":"2022-08-25T17:19:35","date_gmt":"2022-08-25T20:19:35","guid":{"rendered":"https:\/\/www.inet.edu.ar\/?page_id=36466"},"modified":"2024-07-11T10:07:57","modified_gmt":"2024-07-11T13:07:57","slug":"olimpiada-nacional-etp-2022","status":"publish","type":"page","link":"https:\/\/www.inet.edu.ar\/index.php\/areas\/encuentros-educativos\/olimpiada-nacional-etp-2022\/","title":{"rendered":"Olimp\u00edada Nacional ETP 2022"},"content":{"rendered":"<p>&nbsp;<\/p>\n<p>En el a\u00f1o 2022 la Olimp\u00edada de Educaci\u00f3n T\u00e9cnico Profesional se desarrolla en el marco de lo establecido por la Resoluci\u00f3n CFE N\u00b0 427\/22 en la que se instituye el \u201cSistema Nacional de Evaluaci\u00f3n, Certificaci\u00f3n y Acreditaci\u00f3n integral de la Educaci\u00f3n T\u00e9cnico Profesional\u201d.<\/p>\n<p>Se realiza en dos instancias:<\/p>\n<ul>\n<li><strong>Institucional<\/strong>: en la semana del 12 al 16 de septiembre en el \u00e1mbito de cada una de las instituciones de nivel secundario que forman parte del Registro Federal de Instituciones de Educaci\u00f3n T\u00e9cnico Profesional (RFIETP).<br \/>\nPara esta instancia participan todas(os) las y los estudiantes regulares del \u00faltimo a\u00f1o de las especialidades de Administraci\u00f3n, Aeron\u00e1utica, Construcci\u00f3n, Electromec\u00e1nica, Electr\u00f3nica, Energ\u00eda el\u00e9ctrica, Energ\u00edas renovables Industria de Procesos, Inform\u00e1tica, Mec\u00e1nica, Producci\u00f3n Agropecuaria, Programaci\u00f3n, Qu\u00edmica, Tecnolog\u00eda de Alimentos.<\/li>\n<\/ul>\n<ul>\n<li><strong>Nacional:<\/strong> esta instancia se desarrollar\u00e1 de manera virtual en la semana del 14 al 18 de noviembre. Se convoca a estudiantes de cada una de las jurisdicciones en las especialidades de Aeron\u00e1utica, Construcci\u00f3n, Electromec\u00e1nica, Electr\u00f3nica, Energ\u00eda el\u00e9ctrica, Energ\u00edas renovables, Industria de Procesos, Inform\u00e1tica, Producci\u00f3n Agropecuaria, Programaci\u00f3n, Qu\u00edmica, Tecnolog\u00eda de Alimentos. Participan los equipos de estudiantes del \u00faltimo a\u00f1o por cada una de las instituciones seleccionadas, debidamente autorizados.<br \/>\nLa consigna estar\u00e1 publicada en esta p\u00e1gina web, el lunes 14 de noviembre a las 7 horas y deber\u00e1 ser enviada por correo electr\u00f3nico antes del 18 de noviembre 12 horas.<\/li>\n<\/ul>\n<p>&nbsp;<\/p>\n<p>Las caracter\u00edsticas, destinatarios, modalidad de organizaci\u00f3n y evaluaci\u00f3n se detallan en el Reglamento 2022 (<a href=\"https:\/\/www.inet.edu.ar\/wp-content\/uploads\/2022\/08\/ON-ETP-2022_ReglamentoGeneral-1.pdf\">Bajar Archivo<\/a>)<\/p>\n<p><strong>Cronograma<\/strong><\/p>\n<ul>\n<li><em>24 de Agosto al 7 de septiembre<\/em><br \/>\n<strong>Inscripci\u00f3n de los participantes en la plataforma (sabiendo que hay inconvenientes en la carga de las planillas, se seguir\u00e1n admitiendo inscripciones pasada esta fecha. La inscripci\u00f3n es OBLIGATORIA aunque no es una limitante para la realizaci\u00f3n de la Instancia Institucional).<\/strong><\/li>\n<li><em>12 al 16 de Septiembre<\/em><br \/>\nInstancia Institucional.<\/li>\n<li><em>17 al 30 de Septiembre<\/em><br \/>\nEvaluaci\u00f3n, carga de producciones y evaluaci\u00f3n en la plataforma y comunicaci\u00f3n a la jurisdicci\u00f3n.<\/li>\n<li><em>30 de Septiembre al 6 de Octubre<\/em><br \/>\nComunicaci\u00f3n de equipos a INET.<\/li>\n<li><em>11 al 14 de Octubre<\/em><br \/>\nConformaci\u00f3n de equipos interdisciplinarios e interjurisdiccionales para la instancia Nacional y comunicaci\u00f3n a los referentes.<\/li>\n<li><em>15 de Octubre al 13 de Noviembre<\/em><br \/>\nB\u00fasqueda de informaci\u00f3n y requerimiento necesarios para preparar la instancia Nacional.<\/li>\n<li><em>14 a 18 de Noviembre<\/em><br \/>\nDesarrollo Virtual de la Instancia Nacional.<\/li>\n<li><em>22 a 24 de Noviembre<\/em><br \/>\nEl INET eval\u00faa las resoluciones recibidas.<\/li>\n<li><em>25 de Noviembre<br \/>\n<\/em>A \u00faltima hora se publican los resultados en la p\u00e1gina del INET y se comunica a los Referentes de Olimpiadas de cada Jurisdicci\u00f3n los equipos seleccionados para asistir al INET en la semana del 28 de noviembre al 2 de diciembre.<\/li>\n<\/ul>\n<p>Con la publicaci\u00f3n del presente reglamento se inicia el proceso de inscripci\u00f3n de los participantes que deber\u00e1 estar concluido el 31 de agosto.<\/p>\n<ul>\n<li>Instructivo para carga de los participantes. <a href=\"https:\/\/www.inet.edu.ar\/wp-content\/uploads\/2022\/08\/ONETP-2022_AccionesPreparatorias.pdf\">Bajar Archivo<\/a><\/li>\n<li>Planillas para carga de <a href=\"https:\/\/www.inet.edu.ar\/wp-content\/uploads\/2022\/08\/Plantilla_Docentes.xlsx\">docentes <\/a>y <a href=\"https:\/\/www.inet.edu.ar\/wp-content\/uploads\/2022\/08\/Plantilla_Estudiantes.xlsx\">estudiantes<\/a>.<\/li>\n<li>Instructivo para carga de planillas en la plataforma. <a href=\"https:\/\/www.inet.edu.ar\/wp-content\/uploads\/2022\/09\/OlimpETP_Carga-planillas-en-plataforma.pdf\">Bajar Archivo<\/a><\/li>\n<li>Instructivo Carga de equipos, consignas y evaluaciones. <a href=\"https:\/\/www.inet.edu.ar\/wp-content\/uploads\/2022\/09\/OlimpETP-Grupos_Consignas_Eval.pdf\">Bajar Archivo<\/a><\/li>\n<li>Instructivo Carga Selecci\u00f3n de Equipos, para Directivos. <a href=\"https:\/\/www.inet.edu.ar\/wp-content\/uploads\/2022\/09\/OlimpiETP_Directivos_Selecci\u00f3nInstitucional.pdf\">Bajar Archivo<\/a><\/li>\n<li>Instructivo Carga Selecci\u00f3n de Equipos, para Referentes Jurisdiccionales. <a href=\"https:\/\/www.inet.edu.ar\/wp-content\/uploads\/2022\/09\/OlimpiETP_Referentes_Selecci\u00f3nJurisdiccional.pdf\">Bajar Archivo<\/a><\/li>\n<\/ul>\n<p>&nbsp;<\/p>\n<p><strong>Tal como fuera acordado, se extiende el plazo de inscripci\u00f3n. El jueves 1 de septiembre, las autoridades de cada instituci\u00f3n convocada a participar recibir\u00e1n los datos de acceso a la plataforma de Olimp\u00edadas. Si en el transcurso del d\u00eda no lo recibiera, por favor contactarse con su referente jurisdiccional o escriba a nuestro correo de contacto.<\/strong><\/p>\n<p>&nbsp;<\/p>\n<p>Correo electr\u00f3nico de contacto <a href=\"mailto:olimpiadasinet@educacion.gob.ar\">olimpiadasinet@educacion.gob.ar<\/a><\/p>\n","protected":false},"excerpt":{"rendered":"<p>&nbsp; En el a\u00f1o 2022 la Olimp\u00edada de Educaci\u00f3n T\u00e9cnico Profesional se desarrolla en el marco de lo establecido por la Resoluci\u00f3n CFE N\u00b0 427\/22 en la que se instituye el \u201cSistema Nacional de Evaluaci\u00f3n, Certificaci\u00f3n y Acreditaci\u00f3n integral de la Educaci\u00f3n T\u00e9cnico Profesional\u201d. Se realiza en dos instancias: Institucional: en la semana del 12 [&hellip;]<\/p>\n","protected":false},"author":3,"featured_media":0,"parent":4798,"menu_order":3,"comment_status":"closed","ping_status":"closed","template":"","meta":{"footnotes":""},"class_list":["post-36466","page","type-page","status-publish","hentry"],"_links":{"self":[{"href":"https:\/\/www.inet.edu.ar\/index.php\/wp-json\/wp\/v2\/pages\/36466","targetHints":{"allow":["GET"]}}],"collection":[{"href":"https:\/\/www.inet.edu.ar\/index.php\/wp-json\/wp\/v2\/pages"}],"about":[{"href":"https:\/\/www.inet.edu.ar\/index.php\/wp-json\/wp\/v2\/types\/page"}],"author":[{"embeddable":true,"href":"https:\/\/www.inet.edu.ar\/index.php\/wp-json\/wp\/v2\/users\/3"}],"replies":[{"embeddable":true,"href":"https:\/\/www.inet.edu.ar\/index.php\/wp-json\/wp\/v2\/comments?post=36466"}],"version-history":[{"count":11,"href":"https:\/\/www.inet.edu.ar\/index.php\/wp-json\/wp\/v2\/pages\/36466\/revisions"}],"predecessor-version":[{"id":36758,"href":"https:\/\/www.inet.edu.ar\/index.php\/wp-json\/wp\/v2\/pages\/36466\/revisions\/36758"}],"up":[{"embeddable":true,"href":"https:\/\/www.inet.edu.ar\/index.php\/wp-json\/wp\/v2\/pages\/4798"}],"wp:attachment":[{"href":"https:\/\/www.inet.edu.ar\/index.php\/wp-json\/wp\/v2\/media?parent=36466"}],"curies":[{"name":"wp","href":"https:\/\/api.w.org\/{rel}","templated":true}]}}

Olimpíada Nacional ETP 2022

<p>&nbsp;</p>
<p>En el año 2022 la Olimpíada de Educación Técnico Profesional se desarrolla en el marco de lo establecido por la Resolución CFE N° 427/22 en la que se instituye el “Sistema Nacional de Evaluación, Certificación y Acreditación integral de la Educación Técnico Profesional”.</p>
<p>Se realiza en dos instancias:</p>
<ul>
<li><strong>Institucional</strong>: en la semana del 12 al 16 de septiembre en el ámbito de cada una de las instituciones de nivel secundario que forman parte del Registro Federal de Instituciones de Educación Técnico Profesional (RFIETP).<br />
Para esta instancia participan todas(os) las y los estudiantes regulares del último año de las especialidades de Administración, Aeronáutica, Construcción, Electromecánica, Electrónica, Energía eléctrica, Energías renovables Industria de Procesos, Informática, Mecánica, Producción Agropecuaria, Programación, Química, Tecnología de Alimentos.</li>
</ul>
<ul>
<li><strong>Nacional:</strong> esta instancia se desarrollará de manera virtual en la semana del 14 al 18 de noviembre. Se convoca a estudiantes de cada una de las jurisdicciones en las especialidades de Aeronáutica, Construcción, Electromecánica, Electrónica, Energía eléctrica, Energías renovables, Industria de Procesos, Informática, Producción Agropecuaria, Programación, Química, Tecnología de Alimentos. Participan los equipos de estudiantes del último año por cada una de las instituciones seleccionadas, debidamente autorizados.<br />
La consigna estará publicada en esta página web, el lunes 14 de noviembre a las 7 horas y deberá ser enviada por correo electrónico antes del 18 de noviembre 12 horas.</li>
</ul>
<p>&nbsp;</p>
<p>Las características, destinatarios, modalidad de organización y evaluación se detallan en el Reglamento 2022 (<a href="https://www.inet.edu.ar/wp-content/uploads/2022/08/ON-ETP-2022_ReglamentoGeneral-1.pdf">Bajar Archivo</a>)</p>
<p><strong>Cronograma</strong></p>
<ul>
<li><em>24 de Agosto al 7 de septiembre</em><br />
<strong>Inscripción de los participantes en la plataforma (sabiendo que hay inconvenientes en la carga de las planillas, se seguirán admitiendo inscripciones pasada esta fecha. La inscripción es OBLIGATORIA aunque no es una limitante para la realización de la Instancia Institucional).</strong></li>
<li><em>12 al 16 de Septiembre</em><br />
Instancia Institucional.</li>
<li><em>17 al 30 de Septiembre</em><br />
Evaluación, carga de producciones y evaluación en la plataforma y comunicación a la jurisdicción.</li>
<li><em>30 de Septiembre al 6 de Octubre</em><br />
Comunicación de equipos a INET.</li>
<li><em>11 al 14 de Octubre</em><br />
Conformación de equipos interdisciplinarios e interjurisdiccionales para la instancia Nacional y comunicación a los referentes.</li>
<li><em>15 de Octubre al 13 de Noviembre</em><br />
Búsqueda de información y requerimiento necesarios para preparar la instancia Nacional.</li>
<li><em>14 a 18 de Noviembre</em><br />
Desarrollo Virtual de la Instancia Nacional.</li>
<li><em>22 a 24 de Noviembre</em><br />
El INET evalúa las resoluciones recibidas.</li>
<li><em>25 de Noviembre<br />
</em>A última hora se publican los resultados en la página del INET y se comunica a los Referentes de Olimpiadas de cada Jurisdicción los equipos seleccionados para asistir al INET en la semana del 28 de noviembre al 2 de diciembre.</li>
</ul>
<p>Con la publicación del presente reglamento se inicia el proceso de inscripción de los participantes que deberá estar concluido el 31 de agosto.</p>
<ul>
<li>Instructivo para carga de los participantes. <a href="https://www.inet.edu.ar/wp-content/uploads/2022/08/ONETP-2022_AccionesPreparatorias.pdf">Bajar Archivo</a></li>
<li>Planillas para carga de <a href="https://www.inet.edu.ar/wp-content/uploads/2022/08/Plantilla_Docentes.xlsx">docentes </a>y <a href="https://www.inet.edu.ar/wp-content/uploads/2022/08/Plantilla_Estudiantes.xlsx">estudiantes</a>.</li>
<li>Instructivo para carga de planillas en la plataforma. <a href="https://www.inet.edu.ar/wp-content/uploads/2022/09/OlimpETP_Carga-planillas-en-plataforma.pdf">Bajar Archivo</a></li>
<li>Instructivo Carga de equipos, consignas y evaluaciones. <a href="https://www.inet.edu.ar/wp-content/uploads/2022/09/OlimpETP-Grupos_Consignas_Eval.pdf">Bajar Archivo</a></li>
<li>Instructivo Carga Selección de Equipos, para Directivos. <a href="https://www.inet.edu.ar/wp-content/uploads/2022/09/OlimpiETP_Directivos_SelecciónInstitucional.pdf">Bajar Archivo</a></li>
<li>Instructivo Carga Selección de Equipos, para Referentes Jurisdiccionales. <a href="https://www.inet.edu.ar/wp-content/uploads/2022/09/OlimpiETP_Referentes_SelecciónJurisdiccional.pdf">Bajar Archivo</a></li>
</ul>
<p>&nbsp;</p>
<p><strong>Tal como fuera acordado, se extiende el plazo de inscripción. El jueves 1 de septiembre, las autoridades de cada institución convocada a participar recibirán los datos de acceso a la plataforma de Olimpíadas. Si en el transcurso del día no lo recibiera, por favor contactarse con su referente jurisdiccional o escriba a nuestro correo de contacto.</strong></p>
<p>&nbsp;</p>
<p>Correo electrónico de contacto <a href="mailto:olimpiadasinet@educacion.gob.ar">olimpiadasinet@educacion.gob.ar</a></p>

<p>&nbsp; En el año 2022 la Olimpíada de Educación Técnico Profesional se desarrolla en el marco de lo establecido por la Resolución CFE N° 427/22 en la que se instituye el “Sistema Nacional de Evaluación, Certificación y Acreditación integral de la Educación Técnico Profesional”. Se realiza en dos instancias: Institucional: en la semana del 12 [&hellip;]</p>
