{"id":36822,"date":"2022-11-14T07:00:27","date_gmt":"2022-11-14T10:00:27","guid":{"rendered":"https:\/\/www.inet.edu.ar\/?page_id=36822"},"modified":"2022-11-11T17:25:35","modified_gmt":"2022-11-11T20:25:35","slug":"consignas-2022-instancia-nacional","status":"publish","type":"page","link":"https:\/\/www.inet.edu.ar\/index.php\/areas\/encuentros-educativos\/olimpiada-nacional-etp-2022\/consignas-2022-instancia-nacional\/","title":{"rendered":"Consignas 2022 &#8211; Instancia Nacional"},"content":{"rendered":"<p>&nbsp;<\/p>\n<p><a href=\"https:\/\/www.inet.edu.ar\/wp-content\/uploads\/2022\/11\/ONETP-2022_Aeron\u00e1utica_InstNac_DOC.pdf\">Aeron\u00e1utica_InstNac_DOCENTES<\/a><br \/>\n<a href=\"https:\/\/www.inet.edu.ar\/wp-content\/uploads\/2022\/11\/ONETP-2022_Aeron\u00e1utica_InstNac_EST.pdf\">Aeron\u00e1utica_InstNac_ESTUDIANTES<\/a><\/p>\n<p><a href=\"https:\/\/www.inet.edu.ar\/wp-content\/uploads\/2022\/11\/ONETP-2022_Agropecuaria_InstNac_DOC.pdf\">Agropecuaria_InstNac_DOCENTES<\/a><br \/>\n<a href=\"https:\/\/www.inet.edu.ar\/wp-content\/uploads\/2022\/11\/ONETP-2022_Agropecuaria_InstNac_EST.pdf\">Agropecuaria_InstNac_ESTUDIANTES<\/a><\/p>\n<p><a href=\"https:\/\/www.inet.edu.ar\/wp-content\/uploads\/2022\/11\/ONETP-2022_Alimentos_InstNac_DOC.pdf\">Alimentos_InstNac_DOCENTES<\/a><br \/>\n<a href=\"https:\/\/www.inet.edu.ar\/wp-content\/uploads\/2022\/11\/ONETP-2022_Alimentos_InstNac_EST.pdf\">Alimentos_InstNac_ESTUDIANTES<\/a><\/p>\n<p><a href=\"https:\/\/www.inet.edu.ar\/wp-content\/uploads\/2022\/11\/ONETP-2022_Construcciones_InstNac_DOC.pdf\">Construcciones_InstNac_DOCENTES<\/a><br \/>\n<a href=\"https:\/\/www.inet.edu.ar\/wp-content\/uploads\/2022\/11\/ONETP-2022_Construcciones_InstNac_EST.pdf\">Construcciones_InstNac_ESTUDIANTES<\/a><\/p>\n<p><a href=\"https:\/\/www.inet.edu.ar\/wp-content\/uploads\/2022\/11\/ONETP-2022_Electromecanica_InstNac_DOC.pdf\">Electromec\u00e1nica_InstNac_DOCENTES<\/a><br \/>\n<a href=\"https:\/\/www.inet.edu.ar\/wp-content\/uploads\/2022\/11\/ONETP-2022_Electromecanica_InstNac_EST.pdf\">Electromec\u00e1nica_InstNac_ESTUDIANTES<\/a><\/p>\n<p><a href=\"https:\/\/www.inet.edu.ar\/wp-content\/uploads\/2022\/11\/ONETP-2022_Electronica_InstNac_DOC.pdf\">Electr\u00f3nica_InstNac_DOCENTES<\/a><br \/>\n<a href=\"https:\/\/www.inet.edu.ar\/wp-content\/uploads\/2022\/11\/ONETP-2022_Electronica_InstNac_EST.pdf\">Electr\u00f3nica_InstNac_ESTUDIANTES<\/a><\/p>\n<p><a href=\"https:\/\/www.inet.edu.ar\/wp-content\/uploads\/2022\/11\/ONETP-2022_EnergiasRenovables_InstNac_DOC.pdf\">Energ\u00edas Renovables_InstNac_DOCENTES<\/a><br \/>\n<a href=\"https:\/\/www.inet.edu.ar\/wp-content\/uploads\/2022\/11\/ONETP-2022_EnergiasRenovables_InstNac_EST.pdf\">Energ\u00edas Renovables_InstNac_ESTUDIANTES<\/a><\/p>\n<p><a href=\"https:\/\/www.inet.edu.ar\/wp-content\/uploads\/2022\/11\/ONETP-2022_Procesos_InstNac_DOC.pdf\">Procesos_InstNac_DOCENTES<\/a><br \/>\n<a href=\"https:\/\/www.inet.edu.ar\/wp-content\/uploads\/2022\/11\/ONETP-2022_Procesos_InstNac_EST.pdf\">Procesos_InstNac_ESTUDIANTES<\/a><\/p>\n<p><a href=\"https:\/\/www.inet.edu.ar\/wp-content\/uploads\/2022\/11\/ONETP-2022_Programacion_InstNac_DOC.pdf\">Programaci\u00f3n_InstNac_DOCENTES<\/a><br \/>\n<a href=\"https:\/\/www.inet.edu.ar\/wp-content\/uploads\/2022\/11\/ONETP-2022_Programacion_InstNac_EST.pdf\">Programaci\u00f3n_InstNac_ESTUDIANTES<\/a><\/p>\n<p><a href=\"https:\/\/www.inet.edu.ar\/wp-content\/uploads\/2022\/11\/ONETP-2022_Qu\u00edmica_InstNac_DOC.pdf\">Qu\u00edmica_InstNac_DOCENTES<\/a><br \/>\n<a href=\"https:\/\/www.inet.edu.ar\/wp-content\/uploads\/2022\/11\/ONETP-2022_Qu\u00edmica_InstNac_EST.pdf\">Qu\u00edmica_InstNac_ESTUDIANTES<\/a><\/p>\n","protected":false},"excerpt":{"rendered":"<p>&nbsp; Aeron\u00e1utica_InstNac_DOCENTES Aeron\u00e1utica_InstNac_ESTUDIANTES Agropecuaria_InstNac_DOCENTES Agropecuaria_InstNac_ESTUDIANTES Alimentos_InstNac_DOCENTES Alimentos_InstNac_ESTUDIANTES Construcciones_InstNac_DOCENTES Construcciones_InstNac_ESTUDIANTES Electromec\u00e1nica_InstNac_DOCENTES Electromec\u00e1nica_InstNac_ESTUDIANTES Electr\u00f3nica_InstNac_DOCENTES Electr\u00f3nica_InstNac_ESTUDIANTES Energ\u00edas Renovables_InstNac_DOCENTES Energ\u00edas Renovables_InstNac_ESTUDIANTES Procesos_InstNac_DOCENTES Procesos_InstNac_ESTUDIANTES Programaci\u00f3n_InstNac_DOCENTES Programaci\u00f3n_InstNac_ESTUDIANTES Qu\u00edmica_InstNac_DOCENTES Qu\u00edmica_InstNac_ESTUDIANTES<\/p>\n","protected":false},"author":3,"featured_media":0,"parent":36466,"menu_order":3,"comment_status":"closed","ping_status":"closed","template":"","meta":{"footnotes":""},"class_list":["post-36822","page","type-page","status-publish","hentry"],"_links":{"self":[{"href":"https:\/\/www.inet.edu.ar\/index.php\/wp-json\/wp\/v2\/pages\/36822","targetHints":{"allow":["GET"]}}],"collection":[{"href":"https:\/\/www.inet.edu.ar\/index.php\/wp-json\/wp\/v2\/pages"}],"about":[{"href":"https:\/\/www.inet.edu.ar\/index.php\/wp-json\/wp\/v2\/types\/page"}],"author":[{"embeddable":true,"href":"https:\/\/www.inet.edu.ar\/index.php\/wp-json\/wp\/v2\/users\/3"}],"replies":[{"embeddable":true,"href":"https:\/\/www.inet.edu.ar\/index.php\/wp-json\/wp\/v2\/comments?post=36822"}],"version-history":[{"count":4,"href":"https:\/\/www.inet.edu.ar\/index.php\/wp-json\/wp\/v2\/pages\/36822\/revisions"}],"predecessor-version":[{"id":36846,"href":"https:\/\/www.inet.edu.ar\/index.php\/wp-json\/wp\/v2\/pages\/36822\/revisions\/36846"}],"up":[{"embeddable":true,"href":"https:\/\/www.inet.edu.ar\/index.php\/wp-json\/wp\/v2\/pages\/36466"}],"wp:attachment":[{"href":"https:\/\/www.inet.edu.ar\/index.php\/wp-json\/wp\/v2\/media?parent=36822"}],"curies":[{"name":"wp","href":"https:\/\/api.w.org\/{rel}","templated":true}]}}