{"id":36961,"date":"2023-01-23T17:25:24","date_gmt":"2023-01-23T20:25:24","guid":{"rendered":"https:\/\/www.inet.edu.ar\/?page_id=36961"},"modified":"2025-06-25T15:38:24","modified_gmt":"2025-06-25T18:38:24","slug":"inversion-en-las-instituciones-de-etp","status":"publish","type":"page","link":"https:\/\/www.inet.edu.ar\/index.php\/institucional\/inversion-en-las-instituciones-de-etp\/","title":{"rendered":"Inversi\u00f3n en las instituciones de ETP"},"content":{"rendered":"<p>Aqu\u00ed se detalla la informaci\u00f3n sobre inversi\u00f3n en Educaci\u00f3n T\u00e9cnico Profesional, en sus distintas l\u00edneas, que se encuentra en los archivos pdf de cada una de las jurisdicciones (al final de la p\u00e1gina):<\/p>\n<h3><strong>INVERSI\u00d3N DIRECTA a las <em>JURISDICCIONES<\/em><\/strong><\/h3>\n<p><strong>Fondo Provincial: <\/strong>es un fondo rotatorio anual para cada jurisdicci\u00f3n conforme al PEAJ (Planeamiento Estrat\u00e9gico Anual Jurisdiccional) para el financiamiento de los Planes de Mejora Institucionales y Jurisdiccionales (Ley de ETP N\u00b0 26.058\/05).<\/p>\n<p><strong>Fondo de Refacci\u00f3n e Intervenci\u00f3n Menor Edilicia (RIME)<\/strong>: es un fondo rotatorio para financiar aptos t\u00e9cnicos de obras de infraestructura de menor envergadura y\/o reacondicionamiento para la vuelta a la presencialidad en el marco de la pandemia.<\/p>\n<p><strong>Obras con Asignaci\u00f3n Espec\u00edfica por<\/strong> <strong>Convenio<\/strong>: es el financiamiento de obras de gran envergadura con asignaci\u00f3n espec\u00edfica por convenio Naci\u00f3n \u2013 Provincia.<\/p>\n<h3 style=\"text-align: left;\"><strong>INVERSI\u00d3N DIRECTA a <em>INSTITUCIONES<\/em> de la Educaci\u00f3n T\u00e9cnico Profesional<\/strong><\/h3>\n<p><strong>Aporte Especial de Equipamiento para Residencias y\/o Albergues:<\/strong> aporte excepcional para equipar y acondicionar las residencias y\/o albergues de instituciones de ETP (Resoluci\u00f3n Ministerial N\u00b0 562\/22).<\/p>\n<p><strong>Fondo Escolar para financiar tres l\u00edneas de acci\u00f3n <\/strong>(acordadas en la <a href=\"https:\/\/www.inet.edu.ar\/wp-content\/uploads\/2022\/03\/rcfe_408-21.pdf\" target=\"_blank\" rel=\"noopener\">Resoluci\u00f3n del CFE N\u00b0 408\/21<\/a>): adquisici\u00f3n de insumos; para mantenimiento edilicio, reparaciones menores y\/o mobiliario escolar;\u00a0 y para la adquisici\u00f3n de herramental menor de prop\u00f3sito general. Es un aporte directo a las instituciones.<\/p>\n<p><strong>Aporte Especial a las instituciones de Educaci\u00f3n T\u00e9cnico Profesional para equipamiento de talleres, laboratorios y espacios productivos<\/strong> (FORJAR): equipamiento para todas las instituciones de la modalidad, para la realizaci\u00f3n de pr\u00e1cticas formativas (Resoluci\u00f3n Ministerial N\u00b0 1994\/22).<\/p>\n<p><strong>INFORMACI\u00d3N de INVERSIONES por JURISDICCI\u00d3N<\/strong><strong>.\u00a0<\/strong><strong>Consult\u00e1 sobre tu instituci\u00f3n <\/strong>(para b\u00fasqueda online, Ctrl+F). En la primera parte encontrar\u00e1s un resumen de cada aporte realizado \u2013a trav\u00e9s de la jurisdicci\u00f3n y directo a la instituci\u00f3n\u2013<strong>:<\/strong><\/p>\n<ul>\n<li><a href=\"https:\/\/www.inet.edu.ar\/wp-content\/uploads\/2023\/12\/Buenos-Aires_11-23.pdf\" target=\"_blank\" rel=\"noopener\">BUENOS AIRES<\/a><\/li>\n<li><a href=\"https:\/\/www.inet.edu.ar\/wp-content\/uploads\/2023\/12\/CABA_11-23.pdf\">CIUDAD DE BUENOS AIRES<\/a><\/li>\n<li><a href=\"https:\/\/www.inet.edu.ar\/wp-content\/uploads\/2023\/12\/Catamarca_11-23.pdf\" target=\"_blank\" rel=\"noopener\">CATAMARCA<\/a><\/li>\n<li><a href=\"https:\/\/www.inet.edu.ar\/wp-content\/uploads\/2023\/12\/Chaco_11-23.pdf\">CHACO<\/a><\/li>\n<li><a href=\"https:\/\/www.inet.edu.ar\/wp-content\/uploads\/2023\/12\/Chubut_11-23.pdf\">CHUBUT<\/a><\/li>\n<li><a href=\"https:\/\/www.inet.edu.ar\/wp-content\/uploads\/2023\/12\/Cordoba_11-23.pdf\">C\u00d3RDOBA<\/a><\/li>\n<li><a href=\"https:\/\/www.inet.edu.ar\/wp-content\/uploads\/2023\/12\/Corrientes_11-23.pdf\">CORRIENTES<\/a><\/li>\n<li><a href=\"https:\/\/www.inet.edu.ar\/wp-content\/uploads\/2023\/12\/Entre-Rios_11-23.pdf\">ENTRE R\u00cdOS<\/a><\/li>\n<li><a href=\"https:\/\/www.inet.edu.ar\/wp-content\/uploads\/2023\/12\/Formosa_11-23.pdf\">FORMOSA<\/a><\/li>\n<li><a href=\"https:\/\/www.inet.edu.ar\/wp-content\/uploads\/2023\/12\/Jujuy_11-23.pdf\">JUJUY<\/a><\/li>\n<li><a href=\"https:\/\/www.inet.edu.ar\/wp-content\/uploads\/2023\/12\/La-Pampa_11-23.pdf\">LA PAMPA<\/a><\/li>\n<li><a href=\"https:\/\/www.inet.edu.ar\/wp-content\/uploads\/2023\/12\/La-Rioja_11-23.pdf\">LA RIOJA<\/a><\/li>\n<li><a href=\"https:\/\/www.inet.edu.ar\/wp-content\/uploads\/2023\/12\/Mendoza_11-23.pdf\">MENDOZA<\/a><\/li>\n<li><a href=\"https:\/\/www.inet.edu.ar\/wp-content\/uploads\/2023\/12\/Misiones_11-23.pdf\">MISIONES<\/a><\/li>\n<li><a href=\"https:\/\/www.inet.edu.ar\/wp-content\/uploads\/2023\/12\/Neuquen_11-23.pdf\">NEUQU\u00c9N<\/a><\/li>\n<li><a href=\"https:\/\/www.inet.edu.ar\/wp-content\/uploads\/2023\/12\/Rio-Negro_11-23.pdf\">R\u00cdO NEGRO<\/a><\/li>\n<li><a href=\"https:\/\/www.inet.edu.ar\/wp-content\/uploads\/2023\/12\/Salta_11-23.pdf\">SALTA<\/a><\/li>\n<li><a href=\"https:\/\/www.inet.edu.ar\/wp-content\/uploads\/2023\/12\/San-Juan_11-23.pdf\">SAN JUAN<\/a><\/li>\n<li><a href=\"https:\/\/www.inet.edu.ar\/wp-content\/uploads\/2023\/12\/San-Luis_11-23.pdf\">SAN LUIS<\/a><\/li>\n<li><a href=\"https:\/\/www.inet.edu.ar\/wp-content\/uploads\/2023\/12\/Santa-Cruz_11-23.pdf\">SANTA CRUZ<\/a><\/li>\n<li><a href=\"https:\/\/www.inet.edu.ar\/wp-content\/uploads\/2023\/12\/Santa-Fe_11-23.pdf\">SANTA FE<\/a><\/li>\n<li><a href=\"https:\/\/www.inet.edu.ar\/wp-content\/uploads\/2023\/12\/Santiago-del-Estero_11-23.pdf\">SANTIAGO DEL ESTERO<\/a><\/li>\n<li><a href=\"https:\/\/www.inet.edu.ar\/wp-content\/uploads\/2023\/12\/Tierra-del-Fuego_11-23.pdf\">TIERRA DEL FUEGO<\/a><\/li>\n<li><a href=\"https:\/\/www.inet.edu.ar\/wp-content\/uploads\/2023\/12\/Tucuman_11-23.pdf\">TUCUM\u00c1N<\/a><\/li>\n<\/ul>\n","protected":false},"excerpt":{"rendered":"<p>Aqu\u00ed se detalla la informaci\u00f3n sobre inversi\u00f3n en Educaci\u00f3n T\u00e9cnico Profesional, en sus distintas l\u00edneas, que se encuentra en los archivos pdf de cada una de las jurisdicciones (al final de la p\u00e1gina): INVERSI\u00d3N DIRECTA a las JURISDICCIONES Fondo Provincial: es un fondo rotatorio anual para cada jurisdicci\u00f3n conforme al PEAJ (Planeamiento Estrat\u00e9gico Anual Jurisdiccional) [&hellip;]<\/p>\n","protected":false},"author":7,"featured_media":0,"parent":2,"menu_order":5,"comment_status":"closed","ping_status":"closed","template":"","meta":{"footnotes":""},"class_list":["post-36961","page","type-page","status-publish","hentry"],"_links":{"self":[{"href":"https:\/\/www.inet.edu.ar\/index.php\/wp-json\/wp\/v2\/pages\/36961","targetHints":{"allow":["GET"]}}],"collection":[{"href":"https:\/\/www.inet.edu.ar\/index.php\/wp-json\/wp\/v2\/pages"}],"about":[{"href":"https:\/\/www.inet.edu.ar\/index.php\/wp-json\/wp\/v2\/types\/page"}],"author":[{"embeddable":true,"href":"https:\/\/www.inet.edu.ar\/index.php\/wp-json\/wp\/v2\/users\/7"}],"replies":[{"embeddable":true,"href":"https:\/\/www.inet.edu.ar\/index.php\/wp-json\/wp\/v2\/comments?post=36961"}],"version-history":[{"count":59,"href":"https:\/\/www.inet.edu.ar\/index.php\/wp-json\/wp\/v2\/pages\/36961\/revisions"}],"predecessor-version":[{"id":41134,"href":"https:\/\/www.inet.edu.ar\/index.php\/wp-json\/wp\/v2\/pages\/36961\/revisions\/41134"}],"up":[{"embeddable":true,"href":"https:\/\/www.inet.edu.ar\/index.php\/wp-json\/wp\/v2\/pages\/2"}],"wp:attachment":[{"href":"https:\/\/www.inet.edu.ar\/index.php\/wp-json\/wp\/v2\/media?parent=36961"}],"curies":[{"name":"wp","href":"https:\/\/api.w.org\/{rel}","templated":true}]}}