{"id":370,"date":"2012-11-20T00:08:11","date_gmt":"2012-11-20T00:08:11","guid":{"rendered":"https:\/\/www.inet.edu.ar\/?page_id=370"},"modified":"2026-01-12T10:50:58","modified_gmt":"2026-01-12T13:50:58","slug":"registro-federal-de-instituciones","status":"publish","type":"page","link":"https:\/\/www.inet.edu.ar\/index.php\/estudios-investigaciones\/registro-federal-de-instituciones\/","title":{"rendered":"Registro Federal de Instituciones"},"content":{"rendered":"\n<p><span style=\"line-height: 1.21em;\">El <a href=\"https:\/\/rfietp.educacion.gob.ar\/seguridad\/login.aspx\/\" target=\"_blank\" rel=\"noopener\">Registro Federal de Instituciones de Educaci\u00f3n T\u00e9cnico Profesional (RFIETP)<\/a>, se crea a partir de la Ley de Educaci\u00f3n T\u00e9cnico Profesional (N\u00b0 26.058) como instrumento de inscripci\u00f3n de aquellas instituciones acreditadas para emitir t\u00edtulos y certificaciones de Educaci\u00f3n T\u00e9cnica Profesional, en sus tres niveles de ense\u00f1anza: Secundario, Superior y Formaci\u00f3n Profesional.<\/span><\/p>\n\n\n\n<p><strong style=\"line-height: 1.21em;\">\u00bfPara qu\u00e9 se utiliza esta informaci\u00f3n?<\/strong><\/p>\n\n\n\n<p>La base de datos del RFIETP constituye una fuente privilegiada de informaci\u00f3n para el&nbsp; planeamiento y elaboraci\u00f3n de los diversos programas desarrollados por el INET. Ejemplo de ello es la utilizaci\u00f3n del RFIETP en el proceso de evaluaci\u00f3n de los Planes de Mejora y Fortalecimiento Institucional que presentan las distintas instituciones y jurisdicciones, en el marco de la Ley de Educaci\u00f3n T\u00e9cnico Profesional.<\/p>\n\n\n\n<p><strong>\u00bfC\u00f3mo se actualiza el RFIETP?<\/strong><\/p>\n\n\n\n<p>Anualmente las autoridades jurisdiccionales env\u00edan al INET la actualizaci\u00f3n de los datos declarados por las instituciones educativas a trav\u00e9s las Fichas \u00danicas de Inscripci\u00f3n.<\/p>\n\n\n\n<p>La informaci\u00f3n del Registro permite mantener actualizado el Cat\u00e1logo Nacional de T\u00edtulos y Certificaciones, siendo \u00e9ste de acceso p\u00fablico y pudiendo ser consultado en forma directa en <a href=\"https:\/\/catalogo-inet.educacion.gob.ar\/\" target=\"_blank\" rel=\"noopener\">Cat\u00e1logo&nbsp;<\/a><\/p>\n\n\n\n<p><strong>Contacto: <\/strong>rfietp@educacion.gob.ar<br>\n<strong>Tel\u00e9fono: <\/strong>(011) 4129-2032<\/p>\n\n\n\n<p><span style=\"line-height: 1.21em;\">&nbsp;<strong>Acceder<\/strong> al <a href=\"https:\/\/rfietp.educacion.gob.ar\/seguridad\/login.aspx\/\" target=\"_blank\" rel=\"noopener\">RFIETP<\/a><\/span><\/p>\n\n\n\n<p><span style=\"font-size: 1.21em; font-weight: bold; line-height: 1.31em;\">Registro de Instituciones &#8211; N\u00f3minas al 30\/11\/2023<\/span><\/p>\n\n\n\n<p><a href=\"https:\/\/www.inet.edu.ar\/wp-content\/uploads\/2023\/12\/Nomina-IETP_FP_al_30-11-2023.pdf\">N\u00f3mina IETP Formaci\u00f3n Profesional<\/a><\/p>\n\n\n\n<p><a href=\"https:\/\/www.inet.edu.ar\/wp-content\/uploads\/2023\/12\/Nomina-IETP_Secundario_al_30-11-2023.pdf\">N\u00f3mina IETP Secundario<\/a><\/p>\n\n\n\n<p><a href=\"https:\/\/www.inet.edu.ar\/wp-content\/uploads\/2023\/12\/Nomina-IETP_Superior_al_30-11-2023.pdf\">N\u00f3mina IETP Superior<\/a><\/p>\n\n\n\n<p><a href=\"https:\/\/www.inet.edu.ar\/wp-content\/uploads\/2023\/12\/Nomina-Otras-modalidades_al_30-11-2023.pdf\">N\u00f3mina Instituciones Otras Modalidades y Niveles<\/a><\/p>\n\n\n\n<p><span style=\"font-size: 1.21em; font-weight: bold; line-height: 1.31em;\">Fichas \u00fanicas de inscripci\u00f3n<\/span><\/p>\n\n\n\n<p><a href=\"https:\/\/www.inet.edu.ar\/wp-content\/uploads\/2025\/04\/Instructivo_Ficha-de-Inscripcion.zip\">Instructivo Ficha de Inscripci\u00f3n<\/a><\/p>\n\n\n\n<p><a href=\"https:\/\/www.inet.edu.ar\/wp-content\/uploads\/2025\/05\/Ficha_Datos-del-Establecimiento-2025.zip\" data-type=\"attachment\" data-id=\"40744\">Ficha de inscripci\u00f3n \/ Datos del establecimiento<\/a><\/p>\n\n\n\n<p><a href=\"https:\/\/www.inet.edu.ar\/wp-content\/uploads\/2025\/05\/Ficha_Formacion-Profesional-2025.zip\">Ficha de inscripci\u00f3n \/ Formaci\u00f3n Profesional<\/a><\/p>\n\n\n\n<p><a href=\"https:\/\/www.inet.edu.ar\/wp-content\/uploads\/2025\/05\/Ficha_Secundario-2025.zip\">Ficha de inscripci\u00f3n \/ Secundario<\/a><\/p>\n\n\n\n<p><a href=\"https:\/\/www.inet.edu.ar\/wp-content\/uploads\/2025\/05\/Ficha_Superior-2025.zip\">Ficha de inscripci\u00f3n \/ Superior<\/a><\/p>\n","protected":false},"excerpt":{"rendered":"<p>El Registro Federal de Instituciones de Educaci\u00f3n T\u00e9cnico Profesional (RFIETP), se crea a partir de la Ley de Educaci\u00f3n T\u00e9cnico Profesional (N\u00b0 26.058) como instrumento de inscripci\u00f3n de aquellas instituciones acreditadas para emitir t\u00edtulos y certificaciones de Educaci\u00f3n T\u00e9cnica Profesional, en sus tres niveles de ense\u00f1anza: Secundario, Superior y Formaci\u00f3n Profesional. \u00bfPara qu\u00e9 se utiliza [&hellip;]<\/p>\n","protected":false},"author":3,"featured_media":0,"parent":92,"menu_order":7,"comment_status":"closed","ping_status":"open","template":"","meta":{"footnotes":""},"class_list":["post-370","page","type-page","status-publish","hentry"],"_links":{"self":[{"href":"https:\/\/www.inet.edu.ar\/index.php\/wp-json\/wp\/v2\/pages\/370","targetHints":{"allow":["GET"]}}],"collection":[{"href":"https:\/\/www.inet.edu.ar\/index.php\/wp-json\/wp\/v2\/pages"}],"about":[{"href":"https:\/\/www.inet.edu.ar\/index.php\/wp-json\/wp\/v2\/types\/page"}],"author":[{"embeddable":true,"href":"https:\/\/www.inet.edu.ar\/index.php\/wp-json\/wp\/v2\/users\/3"}],"replies":[{"embeddable":true,"href":"https:\/\/www.inet.edu.ar\/index.php\/wp-json\/wp\/v2\/comments?post=370"}],"version-history":[{"count":50,"href":"https:\/\/www.inet.edu.ar\/index.php\/wp-json\/wp\/v2\/pages\/370\/revisions"}],"predecessor-version":[{"id":40757,"href":"https:\/\/www.inet.edu.ar\/index.php\/wp-json\/wp\/v2\/pages\/370\/revisions\/40757"}],"up":[{"embeddable":true,"href":"https:\/\/www.inet.edu.ar\/index.php\/wp-json\/wp\/v2\/pages\/92"}],"wp:attachment":[{"href":"https:\/\/www.inet.edu.ar\/index.php\/wp-json\/wp\/v2\/media?parent=370"}],"curies":[{"name":"wp","href":"https:\/\/api.w.org\/{rel}","templated":true}]}}