{"id":38333,"date":"2023-11-07T16:20:47","date_gmt":"2023-11-07T19:20:47","guid":{"rendered":"https:\/\/www.inet.edu.ar\/?page_id=38333"},"modified":"2024-07-11T11:39:45","modified_gmt":"2024-07-11T14:39:45","slug":"perfiles-profesionales-de-nivel-secundario","status":"publish","type":"page","link":"https:\/\/www.inet.edu.ar\/index.php\/niveles-educativos\/educacion-secundaria-tecnica\/perfiles-profesionales-de-nivel-secundario\/","title":{"rendered":"Perfiles Profesionales de Nivel Secundario"},"content":{"rendered":"\n<p><\/p>\n\n\n\n<p><strong>Ferroviario<\/strong><\/p>\n\n\n\n<ul class=\"wp-block-list\">\n<li>Operaciones de distribuci\u00f3n de energ\u00eda en sistemas de tracci\u00f3n para transportes guiados y no guiados electrificados (<a href=\"https:\/\/www.inet.edu.ar\/wp-content\/uploads\/2024\/01\/MR-FC_ODistribucionSGynGE.pdf\">bajar archivo<\/a>)<\/li>\n\n\n\n<li>Operaciones de provisi\u00f3n de energ\u00eda en transportes guiados y no guiados electrificados (<a href=\"https:\/\/www.inet.edu.ar\/wp-content\/uploads\/2024\/01\/MR_FC-OProvisionSGynGE.pdf\">bajar archivo<\/a>)<\/li>\n<\/ul>\n\n\n\n<p><strong>Inform\u00e1tica<\/strong><\/p>\n\n\n\n<ul class=\"wp-block-list\">\n<li>T\u00e9cnico en Programaci\u00f3n de Computadoras (<a href=\"https:\/\/www.inet.edu.ar\/wp-content\/uploads\/2023\/12\/PP_Tecnico-Programador.pdf\">bajar archivo<\/a>)<\/li>\n\n\n\n<li>T\u00e9cnico en Inform\u00e1tica Profesional y Personal (<a href=\"https:\/\/www.inet.edu.ar\/wp-content\/uploads\/2023\/12\/PP_TIPP-segunRes86-98.pdf\">bajar archivo<\/a>)<\/li>\n<\/ul>\n\n\n\n<p><strong>Naval<\/strong><\/p>\n\n\n\n<ul class=\"wp-block-list\">\n<li>Electromec\u00e1nico Naval (<a href=\"https:\/\/www.inet.edu.ar\/wp-content\/uploads\/2023\/12\/Perfil_TM_Electromecanico-Naval.pdf\">bajar archivo<\/a>)<\/li>\n<\/ul>\n\n\n\n<p><strong>Petr\u00f3leo y Gas<\/strong><\/p>\n\n\n\n<ul class=\"wp-block-list\">\n<li>T\u00e9cnico\/a en Hidrocarburos (<a href=\"https:\/\/www.inet.edu.ar\/wp-content\/uploads\/2023\/12\/PP-Tecnico-a-en-Hidrocarburos-.pdf\">bajar archivo<\/a>)<\/li>\n<\/ul>\n","protected":false},"excerpt":{"rendered":"<p>Ferroviario Inform\u00e1tica Naval Petr\u00f3leo y Gas<\/p>\n","protected":false},"author":3,"featured_media":0,"parent":1425,"menu_order":1,"comment_status":"closed","ping_status":"closed","template":"","meta":{"footnotes":""},"class_list":["post-38333","page","type-page","status-publish","hentry"],"_links":{"self":[{"href":"https:\/\/www.inet.edu.ar\/index.php\/wp-json\/wp\/v2\/pages\/38333","targetHints":{"allow":["GET"]}}],"collection":[{"href":"https:\/\/www.inet.edu.ar\/index.php\/wp-json\/wp\/v2\/pages"}],"about":[{"href":"https:\/\/www.inet.edu.ar\/index.php\/wp-json\/wp\/v2\/types\/page"}],"author":[{"embeddable":true,"href":"https:\/\/www.inet.edu.ar\/index.php\/wp-json\/wp\/v2\/users\/3"}],"replies":[{"embeddable":true,"href":"https:\/\/www.inet.edu.ar\/index.php\/wp-json\/wp\/v2\/comments?post=38333"}],"version-history":[{"count":7,"href":"https:\/\/www.inet.edu.ar\/index.php\/wp-json\/wp\/v2\/pages\/38333\/revisions"}],"predecessor-version":[{"id":39020,"href":"https:\/\/www.inet.edu.ar\/index.php\/wp-json\/wp\/v2\/pages\/38333\/revisions\/39020"}],"up":[{"embeddable":true,"href":"https:\/\/www.inet.edu.ar\/index.php\/wp-json\/wp\/v2\/pages\/1425"}],"wp:attachment":[{"href":"https:\/\/www.inet.edu.ar\/index.php\/wp-json\/wp\/v2\/media?parent=38333"}],"curies":[{"name":"wp","href":"https:\/\/api.w.org\/{rel}","templated":true}]}}