{"id":40645,"date":"2025-04-08T16:02:27","date_gmt":"2025-04-08T19:02:27","guid":{"rendered":"https:\/\/www.inet.edu.ar\/?page_id=40645"},"modified":"2025-04-11T14:49:42","modified_gmt":"2025-04-11T17:49:42","slug":"preguntas-frecuentes-patrocinadores","status":"publish","type":"page","link":"https:\/\/www.inet.edu.ar\/index.php\/credito-fiscal\/preguntas-frecuentes-patrocinadores\/","title":{"rendered":"Preguntas Frecuentes &#8211; Patrocinadores"},"content":{"rendered":"\n<p><\/p>\n\n\n\n<p><strong>1) \u00bfC\u00f3mo muestro mi intenci\u00f3n para patrocinar un proyecto de educaci\u00f3n trabajo?<br><\/strong>Contact\u00e1ndote con a la instituci\u00f3n educativa elegida y firmando la \u201ccarta intenci\u00f3n\u201d <em>(modelo disponible)<\/em> para demostrar la voluntad de patrocinar el proyecto. Este documento lo deber\u00e1 presentar la instituci\u00f3n en la memoria tecnol\u00f3gica del proyecto por medio de la plataforma de Cr\u00e9dito Fiscal: <a href=\"https:\/\/creditofiscal.educacion.gob.ar\/seguridad\/CreditoFiscal.aspx\">https:\/\/creditofiscal.educacion.gob.ar\/seguridad\/CreditoFiscal.aspx<\/a><\/p>\n\n\n\n<p><\/p>\n\n\n\n<p><strong>2) \u00bfQu\u00e9 documentaci\u00f3n debo presentar para participar del programa de Cr\u00e9dito Fiscal?<\/strong><\/p>\n\n\n\n<ul class=\"wp-block-list\">\n<li>Acta directorio \u2013 Estatuto \u2013 Poder (documentaci\u00f3n que acredite la firma de los documentos presentados a INET).<\/li>\n\n\n\n<li>Certificado de tama\u00f1o de la empresa (modelo disponible).<\/li>\n\n\n\n<li>Masa salarial de los \u00faltimos 12 meses.<\/li>\n\n\n\n<li>Carta compromiso (modelo disponible).<\/li>\n<\/ul>\n\n\n\n<p>Las empresas que deseen participar no deber\u00e1n poseer al momento de la inscripci\u00f3n deudas exigibles por ARCA (ex AFIP).<\/p>\n\n\n\n<p><\/p>\n\n\n\n<p><strong>3) \u00bfCu\u00e1ndo debo presentar la documentaci\u00f3n?<\/strong><br>No hay un periodo espec\u00edfico de presentaci\u00f3n de documentaci\u00f3n. Se recomienda hacerlo en paralelo con la presentaci\u00f3n de la instituci\u00f3n educativa para eficientizar los tiempos de ejecuci\u00f3n.<\/p>\n\n\n\n<p><\/p>\n\n\n\n<p><strong>4) \u00bfD\u00f3nde puedo encontrar los modelos, el cronograma de actividades y el manual de procedimientos?<\/strong><br>Los pod\u00e9s encontrar en:<\/p>\n\n\n\n<ul class=\"wp-block-list\">\n<li>Modelos:<strong> <a href=\"https:\/\/www.inet.edu.ar\/index.php\/credito-fiscal\/modelos-de-presentacion\/\">https:\/\/www.inet.edu.ar\/index.php\/credito-fiscal\/modelos-de-presentacion\/<\/a><\/strong><\/li>\n\n\n\n<li>Cronograma de Actividades: <a href=\"https:\/\/www.inet.edu.ar\/index.php\/credito-fiscal\/convocatoria-2025\/\"><strong>https:\/\/www.inet.edu.ar\/index.php\/credito-fiscal\/convocatoria-2025\/<\/strong><\/a><\/li>\n\n\n\n<li>Manual de Procedimientos: <a href=\"https:\/\/www.inet.edu.ar\/wp-content\/uploads\/2025\/04\/MANUAL-2025.pdf\" data-type=\"link\" data-id=\"https:\/\/www.inet.edu.ar\/wp-content\/uploads\/2025\/04\/MANUAL-2025.pdf\" target=\"_blank\" rel=\"noreferrer noopener\"><strong>Bajar archivo<\/strong><\/a><\/li>\n<\/ul>\n\n\n\n<p><\/p>\n\n\n\n<p><strong>5) \u00bfCu\u00e1ndo s\u00e9 si le asignaron cupo al proyecto de la instituci\u00f3n que deseo acompa\u00f1ar?<\/strong><br>En esta misma p\u00e1gina se comunicar\u00e1 la Orden de M\u00e9rito, donde estar\u00e1n los proyectos aprobados y desestimados, despu\u00e9s de la evaluaci\u00f3n realizada por los especialistas de INET.<\/p>\n\n\n\n<p><\/p>\n\n\n\n<p><strong>6) Una vez que hayamos realizado la trasferencia a la escuela (o proveedor) y que la escuela haya acreditado el efectivo aporte, \u00bfcu\u00e1nto tarda en impactar el reintegro de mi desembolso mediante el bono en ARCA (ex AFIP)?<\/strong><br>Una vez que las partes presenten la documentaci\u00f3n necesaria que acredite el env\u00edo y recepci\u00f3n de los fondos, el bono puede demorar hasta 5 d\u00edas h\u00e1biles en impactar en el servicio Incentivos y Cr\u00e9ditos Fiscales de ARCA (ex AFIP).<\/p>\n\n\n\n<p><\/p>\n\n\n\n<p><strong>7) \u00bfPara qu\u00e9 puedo usar ese bono?<\/strong><br>Los Bonos de Cr\u00e9dito Fiscal de INET pueden utilizarse para pagar impuestos nacionales, en el portal de ARCA (ex AFIP) podr\u00e1n encontrar todos los conceptos donde pueden imputarse.<\/p>\n","protected":false},"excerpt":{"rendered":"<p>1) \u00bfC\u00f3mo muestro mi intenci\u00f3n para patrocinar un proyecto de educaci\u00f3n trabajo?Contact\u00e1ndote con a la instituci\u00f3n educativa elegida y firmando la \u201ccarta intenci\u00f3n\u201d (modelo disponible) para demostrar la voluntad de patrocinar el proyecto. Este documento lo deber\u00e1 presentar la instituci\u00f3n en la memoria tecnol\u00f3gica del proyecto por medio de la plataforma de Cr\u00e9dito Fiscal: https:\/\/creditofiscal.educacion.gob.ar\/seguridad\/CreditoFiscal.aspx [&hellip;]<\/p>\n","protected":false},"author":3,"featured_media":0,"parent":96,"menu_order":3,"comment_status":"closed","ping_status":"closed","template":"","meta":{"footnotes":""},"class_list":["post-40645","page","type-page","status-publish","hentry"],"_links":{"self":[{"href":"https:\/\/www.inet.edu.ar\/index.php\/wp-json\/wp\/v2\/pages\/40645","targetHints":{"allow":["GET"]}}],"collection":[{"href":"https:\/\/www.inet.edu.ar\/index.php\/wp-json\/wp\/v2\/pages"}],"about":[{"href":"https:\/\/www.inet.edu.ar\/index.php\/wp-json\/wp\/v2\/types\/page"}],"author":[{"embeddable":true,"href":"https:\/\/www.inet.edu.ar\/index.php\/wp-json\/wp\/v2\/users\/3"}],"replies":[{"embeddable":true,"href":"https:\/\/www.inet.edu.ar\/index.php\/wp-json\/wp\/v2\/comments?post=40645"}],"version-history":[{"count":3,"href":"https:\/\/www.inet.edu.ar\/index.php\/wp-json\/wp\/v2\/pages\/40645\/revisions"}],"predecessor-version":[{"id":40691,"href":"https:\/\/www.inet.edu.ar\/index.php\/wp-json\/wp\/v2\/pages\/40645\/revisions\/40691"}],"up":[{"embeddable":true,"href":"https:\/\/www.inet.edu.ar\/index.php\/wp-json\/wp\/v2\/pages\/96"}],"wp:attachment":[{"href":"https:\/\/www.inet.edu.ar\/index.php\/wp-json\/wp\/v2\/media?parent=40645"}],"curies":[{"name":"wp","href":"https:\/\/api.w.org\/{rel}","templated":true}]}}