{"id":40648,"date":"2025-04-08T16:11:34","date_gmt":"2025-04-08T19:11:34","guid":{"rendered":"https:\/\/www.inet.edu.ar\/?page_id=40648"},"modified":"2026-04-08T13:46:31","modified_gmt":"2026-04-08T16:46:31","slug":"preguntas-frecuentes-instituciones-educativas","status":"publish","type":"page","link":"https:\/\/www.inet.edu.ar\/index.php\/credito-fiscal\/preguntas-frecuentes-instituciones-educativas\/","title":{"rendered":"Preguntas Frecuentes &#8211; Instituciones Educativas"},"content":{"rendered":"\n<p><\/p>\n\n\n\n<p><strong>1) \u00bfC\u00f3mo participo en Cr\u00e9dito Fiscal?<\/strong><br>Las instituciones educativas deber\u00e1n elaborar un proyecto patrocinado por una empresa acorde a las pautas establecidas en la reglamentaci\u00f3n vigente, y presentarlo al Programa de Cr\u00e9dito Fiscal del INET.<\/p>\n\n\n\n<p>La Instituci\u00f3n Educativa debe tener los datos del RFIETP actualizados, no tener deudas de ejecuci\u00f3n de otros proyectos de Cr\u00e9dito Fiscal y tener patrocinador.<\/p>\n\n\n\n<p><strong>2) \u00bfCu\u00e1ntas l\u00edneas de financiaci\u00f3n tiene el programa?<\/strong><br>Existen 3 l\u00edneas de financiaci\u00f3n o tres tipos de proyectos distintos:<\/p>\n\n\n\n<p><strong>INNOVACI\u00d3N TECNOLOGICA:<\/strong> estos proyectos tienen el objetivo de actualizar el equipo de la escuela, en el marco de este proyecto se pueden financiar:<\/p>\n\n\n\n<ul class=\"wp-block-list\">\n<li><strong>Equipamiento<\/strong><\/li>\n\n\n\n<li><strong>Instalaciones<\/strong> <em>(Refacciones de infraestructura peque\u00f1as, el objetivo de este componente es adecuar el espacio al equipo adquirido)<\/em><\/li>\n\n\n\n<li><strong>Honorarios<\/strong> <strong>docentes<\/strong> para la capacitaci\u00f3n<\/li>\n\n\n\n<li><strong>Insumos<\/strong> (<em>para llevar adelante las acciones formativas)<\/em><\/li>\n\n\n\n<li><strong>Material<\/strong> <strong>did\u00e1ctico<\/strong> (<em>para las Acciones Formativas)<\/em><\/li>\n<\/ul>\n\n\n\n<p><strong>PLANTAS PRODUCTIVAS<\/strong>: estos proyectos tienen como objetivo generar una unidad productiva dentro de la instituci\u00f3n educativa con fines pedag\u00f3gicos. Estos proyectos abracan los componentes:<\/p>\n\n\n\n<ul class=\"wp-block-list\">\n<li><strong>Equipamiento<\/strong><\/li>\n\n\n\n<li><strong>Instalaciones<\/strong> <em>(Refacciones de infraestructura peque\u00f1as, el objetivo de este componente es adecuar el espacio al equipo adquirido)<\/em><\/li>\n\n\n\n<li><strong>Capacitaciones de Higiene y Seguridad <\/strong><em>(para los beneficiarios del proyecto)<\/em><\/li>\n\n\n\n<li><strong>Honorarios<\/strong> docentes para la capacitaci\u00f3n<\/li>\n\n\n\n<li><strong>Insumos<\/strong> (<em>para llevar adelante las acciones formativas)<\/em><\/li>\n\n\n\n<li><strong>Material<\/strong> <strong>did\u00e1ctico<\/strong> (<em>para las Acciones Formativas)<\/em><\/li>\n<\/ul>\n\n\n\n<p><strong>ACCIONES FORMATIVAS:<\/strong> Estos proyectos son instancias formativas que usan de base un proyecto de INNOVACI\u00d3N TECNOLOGICA O PLANTAS PRODUCTIVAS que haya sido ejecutado en los \u00faltimos tres a\u00f1os. Su financiaci\u00f3n radica en:<\/p>\n\n\n\n<ul class=\"wp-block-list\">\n<li><strong>Honorarios<\/strong> <strong>docentes<\/strong> para la capacitaci\u00f3n<\/li>\n\n\n\n<li><strong>Insumos<\/strong> (<em>para llevar adelante las acciones formativas)<\/em><\/li>\n\n\n\n<li><strong>Material<\/strong> <strong>did\u00e1ctico<\/strong> (<em>para las Acciones Formativas)<\/em><\/li>\n<\/ul>\n\n\n\n<p><strong>3) \u00bfEl INET me asigna un patrocinador?<\/strong><br>No, la b\u00fasqueda de un patrocinador es propia de cada instituci\u00f3n a fin de que ambas partes puedan celebrar un vinculo sin intermediaron, INET puede acompa\u00f1ar esa gesti\u00f3n con asesoramiento espec\u00edfico en caso de necesitarlo.<\/p>\n\n\n\n<p><strong>4) \u00bfCu\u00e1ntos patrocinadores pueden acompa\u00f1ar mi proyecto?<\/strong><br>No hay un l\u00edmite de cantidad de patrocinadores que acompa\u00f1en a la instituci\u00f3n.<\/p>\n\n\n\n<p><strong>5) \u00bfCu\u00e1les son las instancias que debo cumplir para cerrar mi proyecto y presentar uno nuevo en la pr\u00f3xima convocatoria?<\/strong><br>Descarg\u00e1 la planilla para darle seguimiento de manera correcta a tu proyecto sin saltearte ning\u00fan paso. <em>En breve<\/em><\/p>\n","protected":false},"excerpt":{"rendered":"<p>1) \u00bfC\u00f3mo participo en Cr\u00e9dito Fiscal?Las instituciones educativas deber\u00e1n elaborar un proyecto patrocinado por una empresa acorde a las pautas establecidas en la reglamentaci\u00f3n vigente, y presentarlo al Programa de Cr\u00e9dito Fiscal del INET. La Instituci\u00f3n Educativa debe tener los datos del RFIETP actualizados, no tener deudas de ejecuci\u00f3n de otros proyectos de Cr\u00e9dito Fiscal [&hellip;]<\/p>\n","protected":false},"author":3,"featured_media":0,"parent":96,"menu_order":3,"comment_status":"closed","ping_status":"closed","template":"","meta":{"footnotes":""},"class_list":["post-40648","page","type-page","status-publish","hentry"],"_links":{"self":[{"href":"https:\/\/www.inet.edu.ar\/index.php\/wp-json\/wp\/v2\/pages\/40648","targetHints":{"allow":["GET"]}}],"collection":[{"href":"https:\/\/www.inet.edu.ar\/index.php\/wp-json\/wp\/v2\/pages"}],"about":[{"href":"https:\/\/www.inet.edu.ar\/index.php\/wp-json\/wp\/v2\/types\/page"}],"author":[{"embeddable":true,"href":"https:\/\/www.inet.edu.ar\/index.php\/wp-json\/wp\/v2\/users\/3"}],"replies":[{"embeddable":true,"href":"https:\/\/www.inet.edu.ar\/index.php\/wp-json\/wp\/v2\/comments?post=40648"}],"version-history":[{"count":2,"href":"https:\/\/www.inet.edu.ar\/index.php\/wp-json\/wp\/v2\/pages\/40648\/revisions"}],"predecessor-version":[{"id":42178,"href":"https:\/\/www.inet.edu.ar\/index.php\/wp-json\/wp\/v2\/pages\/40648\/revisions\/42178"}],"up":[{"embeddable":true,"href":"https:\/\/www.inet.edu.ar\/index.php\/wp-json\/wp\/v2\/pages\/96"}],"wp:attachment":[{"href":"https:\/\/www.inet.edu.ar\/index.php\/wp-json\/wp\/v2\/media?parent=40648"}],"curies":[{"name":"wp","href":"https:\/\/api.w.org\/{rel}","templated":true}]}}