{"id":526,"date":"2012-11-27T23:16:41","date_gmt":"2012-11-27T23:16:41","guid":{"rendered":"https:\/\/www.inet.edu.ar\/?page_id=526"},"modified":"2023-06-05T12:37:26","modified_gmt":"2023-06-05T15:37:26","slug":"nueva-serie-de-libros","status":"publish","type":"page","link":"https:\/\/www.inet.edu.ar\/index.php\/material-de-capacitacion\/nueva-serie-de-libros\/","title":{"rendered":"Las ciencias naturales y la matem\u00e1tica"},"content":{"rendered":"<p>La serie contiene los siguientes t\u00edtulos:<\/p>\n<ul>\n<li><a title=\"Aventuras Matem\u00e1ticas\" href=\"https:\/\/www.inet.edu.ar\/index.php\/material-de-capacitacion\/nueva-serie-de-libros\/aventuras-matematicas\/\">Aventuras Matem\u00e1ticas<\/a><\/li>\n<li><a title=\"Biolog\u00eda Molecular\" href=\"https:\/\/www.inet.edu.ar\/index.php\/material-de-capacitacion\/nueva-serie-de-libros\/bio-logia-molecular\/\">Biolog\u00eda Molecular<\/a><\/li>\n<li><a title=\"Cosmolog\u00eda\" href=\"https:\/\/www.inet.edu.ar\/index.php\/material-de-capacitacion\/nueva-serie-de-libros\/cosmologia\/\">Cosmolog\u00eda<\/a><\/li>\n<li><a title=\"De la tierra y los planetas rocosos\" href=\"https:\/\/www.inet.edu.ar\/index.php\/material-de-capacitacion\/nueva-serie-de-libros\/de-la-tierra-y-los-planetas-rocosos\/\">De la tierra y los planetas rocosos<\/a><\/li>\n<li><a title=\"Electricidad y Electr\u00f3nica\" href=\"https:\/\/www.inet.edu.ar\/index.php\/material-de-capacitacion\/nueva-serie-de-libros\/electricidad-y-electronica\/\">Electricidad y electr\u00f3nica<\/a><\/li>\n<li><a title=\"Energ\u00eda\" href=\"https:\/\/www.inet.edu.ar\/index.php\/material-de-capacitacion\/nueva-serie-de-libros\/energia\/\">Energ\u00eda<\/a><\/li>\n<li><a title=\"Entrop\u00eda\" href=\"https:\/\/www.inet.edu.ar\/index.php\/material-de-capacitacion\/nueva-serie-de-libros\/entropia\/\">Entrop\u00eda<\/a><\/li>\n<li><a title=\"Estad\u00edstica para todos\" href=\"https:\/\/www.inet.edu.ar\/index.php\/material-de-capacitacion\/nueva-serie-de-libros\/estadistica-para-todos\/\">Estad\u00edstica para todos<\/a><\/li>\n<li><a title=\"Funciones elementales\" href=\"https:\/\/www.inet.edu.ar\/index.php\/material-de-capacitacion\/nueva-serie-de-libros\/funciones-elementales\/\">Funciones elementales<\/a><\/li>\n<li><a title=\"Gravitaci\u00f3n\" href=\"https:\/\/www.inet.edu.ar\/index.php\/material-de-capacitacion\/nueva-serie-de-libros\/gravitacion\/\">Gravitaci\u00f3n<\/a><\/li>\n<li><a title=\"La qu\u00edmica de los alimentos\" href=\"https:\/\/www.inet.edu.ar\/index.php\/material-de-capacitacion\/nueva-serie-de-libros\/la-quimica-de-los-alimentos\/\">La Qu\u00edmica en los alimentos<\/a><\/li>\n<li><a title=\"La est\u00e1tica en la vida cotidiana\" href=\"https:\/\/www.inet.edu.ar\/index.php\/material-de-capacitacion\/nueva-serie-de-libros\/la-estatica-en-la-vida-cotidiana\">La Est\u00e1tica en la vida cotidiana<\/a><\/li>\n<li><a title=\"Las geometr\u00edas\" href=\"https:\/\/www.inet.edu.ar\/index.php\/material-de-capacitacion\/nueva-serie-de-libros\/las-geometrias\/\">Las Geometr\u00edas<\/a><\/li>\n<li><a title=\"Los n\u00fameros\" href=\"https:\/\/www.inet.edu.ar\/index.php\/material-de-capacitacion\/nueva-serie-de-libros\/los-numeros\/\">Los N\u00fameros<\/a><\/li>\n<li><a title=\"Matem\u00e1tica financiera\" href=\"https:\/\/www.inet.edu.ar\/index.php\/material-de-capacitacion\/nueva-serie-de-libros\/matematica-financiera\/\">Matem\u00e1tica Financiera<\/a><\/li>\n<li><a title=\"Mec\u00e1nica B\u00e1sica\" href=\"https:\/\/www.inet.edu.ar\/index.php\/material-de-capacitacion\/nueva-serie-de-libros\/mecanica-basica\/\">Mec\u00e1nica B\u00e1sica<\/a><\/li>\n<li><a title=\"Nada es para siempre\" href=\"https:\/\/www.inet.edu.ar\/index.php\/material-de-capacitacion\/nueva-serie-de-libros\/nada-es-para-siempre\/\">Nada es para siempre<\/a><\/li>\n<li><a title=\"Prote\u00ednas\" href=\"https:\/\/www.inet.edu.ar\/index.php\/material-de-capacitacion\/nueva-serie-de-libros\/proteinas\/\">Prote\u00ednas<\/a><\/li>\n<li><a title=\"Representaci\u00f3n molecular\" href=\"https:\/\/www.inet.edu.ar\/index.php\/material-de-capacitacion\/nueva-serie-de-libros\/representacion-molecular\/\">Representaci\u00f3n Molecular<\/a><\/li>\n<li><a title=\"R\u00edos de vida\" href=\"https:\/\/www.inet.edu.ar\/index.php\/material-de-capacitacion\/nueva-serie-de-libros\/rios-de-la-vida\/\">R\u00edos de Vida<\/a><\/li>\n<\/ul>\n","protected":false},"excerpt":{"rendered":"<p>La serie contiene los siguientes t\u00edtulos: Aventuras Matem\u00e1ticas Biolog\u00eda Molecular Cosmolog\u00eda De la tierra y los planetas rocosos Electricidad y electr\u00f3nica Energ\u00eda Entrop\u00eda Estad\u00edstica para todos Funciones elementales Gravitaci\u00f3n La Qu\u00edmica en los alimentos La Est\u00e1tica en la vida cotidiana Las Geometr\u00edas Los N\u00fameros Matem\u00e1tica Financiera Mec\u00e1nica B\u00e1sica Nada es para siempre Prote\u00ednas Representaci\u00f3n Molecular [&hellip;]<\/p>\n","protected":false},"author":3,"featured_media":0,"parent":314,"menu_order":1,"comment_status":"closed","ping_status":"open","template":"","meta":{"footnotes":""},"class_list":["post-526","page","type-page","status-publish","hentry"],"_links":{"self":[{"href":"https:\/\/www.inet.edu.ar\/index.php\/wp-json\/wp\/v2\/pages\/526","targetHints":{"allow":["GET"]}}],"collection":[{"href":"https:\/\/www.inet.edu.ar\/index.php\/wp-json\/wp\/v2\/pages"}],"about":[{"href":"https:\/\/www.inet.edu.ar\/index.php\/wp-json\/wp\/v2\/types\/page"}],"author":[{"embeddable":true,"href":"https:\/\/www.inet.edu.ar\/index.php\/wp-json\/wp\/v2\/users\/3"}],"replies":[{"embeddable":true,"href":"https:\/\/www.inet.edu.ar\/index.php\/wp-json\/wp\/v2\/comments?post=526"}],"version-history":[{"count":29,"href":"https:\/\/www.inet.edu.ar\/index.php\/wp-json\/wp\/v2\/pages\/526\/revisions"}],"predecessor-version":[{"id":37619,"href":"https:\/\/www.inet.edu.ar\/index.php\/wp-json\/wp\/v2\/pages\/526\/revisions\/37619"}],"up":[{"embeddable":true,"href":"https:\/\/www.inet.edu.ar\/index.php\/wp-json\/wp\/v2\/pages\/314"}],"wp:attachment":[{"href":"https:\/\/www.inet.edu.ar\/index.php\/wp-json\/wp\/v2\/media?parent=526"}],"curies":[{"name":"wp","href":"https:\/\/api.w.org\/{rel}","templated":true}]}}