{"id":6144,"date":"2015-01-23T14:56:43","date_gmt":"2015-01-23T17:56:43","guid":{"rendered":"https:\/\/www.inet.edu.ar\/?page_id=6144"},"modified":"2025-02-28T17:46:38","modified_gmt":"2025-02-28T20:46:38","slug":"finestec","status":"publish","type":"page","link":"https:\/\/www.inet.edu.ar\/index.php\/finestec\/","title":{"rendered":"FinEsTec"},"content":{"rendered":"\n<p>El programa FinesTEC tiene como objetivo principal la finalizaci\u00f3n de estudios secundarios para j\u00f3venes y adultos en la Educaci\u00f3n T\u00e9cnico Profesional (ETP). <\/p>\n\n\n\n<p>Sus princiapales funciones son:<\/p>\n\n\n\n<ul class=\"wp-block-list\">\n<li>Planificar y desarrollar planes de mejora y estrategias de implementaci\u00f3n a nivel jurisdiccional, con la designaci\u00f3n de referentes y coordinadores pedag\u00f3gicos. <br><\/li>\n\n\n\n<li>Asistir y proporcionar formaci\u00f3n y apoyo a docentes, directivos y estudiantes, incluyendo la selecci\u00f3n de material did\u00e1ctico y la organizaci\u00f3n de encuentros para seguimiento y evaluaci\u00f3n.<br><\/li>\n\n\n\n<li>General materiales did\u00e1cticos en diversos formatos para docentes y estudiantes, as\u00ed como tambi\u00e9n la elaboraci\u00f3n de normativa que respalde la implementaci\u00f3n adecuada del programa.<br><\/li>\n\n\n\n<li>Evaluar de manera peri\u00f3dica las distintas fases de implementaci\u00f3n para proponer las mejoras necesarias y cumplir con la efectividad del programa.<\/li>\n<\/ul>\n","protected":false},"excerpt":{"rendered":"<p>El programa FinesTEC tiene como objetivo principal la finalizaci\u00f3n de estudios secundarios para j\u00f3venes y adultos en la Educaci\u00f3n T\u00e9cnico Profesional (ETP). Sus princiapales funciones son:<\/p>\n","protected":false},"author":3,"featured_media":0,"parent":0,"menu_order":0,"comment_status":"closed","ping_status":"open","template":"","meta":{"footnotes":""},"class_list":["post-6144","page","type-page","status-publish","hentry"],"_links":{"self":[{"href":"https:\/\/www.inet.edu.ar\/index.php\/wp-json\/wp\/v2\/pages\/6144","targetHints":{"allow":["GET"]}}],"collection":[{"href":"https:\/\/www.inet.edu.ar\/index.php\/wp-json\/wp\/v2\/pages"}],"about":[{"href":"https:\/\/www.inet.edu.ar\/index.php\/wp-json\/wp\/v2\/types\/page"}],"author":[{"embeddable":true,"href":"https:\/\/www.inet.edu.ar\/index.php\/wp-json\/wp\/v2\/users\/3"}],"replies":[{"embeddable":true,"href":"https:\/\/www.inet.edu.ar\/index.php\/wp-json\/wp\/v2\/comments?post=6144"}],"version-history":[{"count":23,"href":"https:\/\/www.inet.edu.ar\/index.php\/wp-json\/wp\/v2\/pages\/6144\/revisions"}],"predecessor-version":[{"id":41079,"href":"https:\/\/www.inet.edu.ar\/index.php\/wp-json\/wp\/v2\/pages\/6144\/revisions\/41079"}],"wp:attachment":[{"href":"https:\/\/www.inet.edu.ar\/index.php\/wp-json\/wp\/v2\/media?parent=6144"}],"curies":[{"name":"wp","href":"https:\/\/api.w.org\/{rel}","templated":true}]}}