{"id":6228,"date":"2015-02-10T14:41:33","date_gmt":"2015-02-10T17:41:33","guid":{"rendered":"https:\/\/www.inet.edu.ar\/?page_id=6228"},"modified":"2024-07-11T11:44:40","modified_gmt":"2024-07-11T14:44:40","slug":"mesa-federal-de-trabajo-permanente-para-la-formacion-profesional","status":"publish","type":"page","link":"https:\/\/www.inet.edu.ar\/index.php\/niveles-educativos\/formacion-profesional\/mesa-federal-de-trabajo-permanente-para-la-formacion-profesional\/","title":{"rendered":"Mesa Federal de Trabajo Permanente para la Formaci\u00f3n Profesional"},"content":{"rendered":"<p>&nbsp;<\/p>\n<p>A partir de los avances logrados a trav\u00e9s de la Ley de la Educaci\u00f3n T\u00e9cnico Profesional\u00a0 (LEY N\u00b0 26.058) y la necesidad de profundizar en la implementaci\u00f3n efectiva de los instrumentos para la mejora continua de la calidad educativa en todas las instituciones de Formaci\u00f3n Profesional, se constituy\u00f3 la <strong>Mesa Federal de Trabajo Permanente para la Formaci\u00f3n Profesional<\/strong> (Resoluci\u00f3n INET N\u00b0 1042\/2013), con el objetivo de establecer un espacio espec\u00edfico, en el marco de la Comisi\u00f3n Federal de Educaci\u00f3n T\u00e9cnico Profesional, que permita sostener la discusi\u00f3n y el tratamiento de la <em>Agenda Federal,<\/em> as\u00ed como el trabajo conjunto en el dise\u00f1o y la implementaci\u00f3n de los acuerdos a los que se lleguen en ese \u00e1mbito.<\/p>\n<p>Con su conformaci\u00f3n se ratifica el art\u00edculo N\u00b0 6 de la Ley de la Educaci\u00f3n T\u00e9cnico Profesional\u00a0 (LEY N\u00b0 26.058) que fija el objetivo de <em>\u201cestructurar una pol\u00edtica nacional y federal, integral, jerarquizada y arm\u00f3nica en la consolidaci\u00f3n de la Educaci\u00f3n T\u00e9cnico Profesional\u201d.<\/em><\/p>\n<p>La <strong>Mesa Federal de Trabajo Permanente para la Formaci\u00f3n Profesional<\/strong>, en tanto \u00f3rgano consultivo y propositivo, tiene como finalidad general analizar las tem\u00e1ticas relacionadas con la Formaci\u00f3n Profesional y luego, poner a disposici\u00f3n sus conclusiones y acuerdos ante las autoridades del Instituto Nacional de Educaci\u00f3n Tecnol\u00f3gica (INET) y la Comisi\u00f3n Federal de Educaci\u00f3n T\u00e9cnico Profesional.<\/p>\n<p>Sus objetivos espec\u00edficos proponen: continuar con la construcci\u00f3n de una concepci\u00f3n de la Formaci\u00f3n Profesional en correspondencia con el establecimiento de pol\u00edticas sustentables, federales y jurisdiccionales, que permitan compatibilizar la promoci\u00f3n social, profesional y personal, con la productividad de la econom\u00eda nacional, regional y local; avanzar en la mejora de la calidad de los procesos de ense\u00f1anza y aprendizaje, desarrollando en las instituciones de Formaci\u00f3n Profesional condiciones que les otorguen una mejor capacidad de respuesta ante las demandas del mundo de la producci\u00f3n y el trabajo; analizar los criterios y par\u00e1metros de calidad de las Instituciones de Formaci\u00f3n Profesional que permitan la plena aplicaci\u00f3n de las finalidades y prop\u00f3sitos de la Ley de la Educaci\u00f3n T\u00e9cnico Profesional (LEY N\u00b0 26.058) en el mediano plazo.<\/p>\n","protected":false},"excerpt":{"rendered":"<p>&nbsp; A partir de los avances logrados a trav\u00e9s de la Ley de la Educaci\u00f3n T\u00e9cnico Profesional\u00a0 (LEY N\u00b0 26.058) y la necesidad de profundizar en la implementaci\u00f3n efectiva de los instrumentos para la mejora continua de la calidad educativa en todas las instituciones de Formaci\u00f3n Profesional, se constituy\u00f3 la Mesa Federal de Trabajo Permanente [&hellip;]<\/p>\n","protected":false},"author":3,"featured_media":0,"parent":1429,"menu_order":4,"comment_status":"closed","ping_status":"open","template":"","meta":{"footnotes":""},"class_list":["post-6228","page","type-page","status-publish","hentry"],"_links":{"self":[{"href":"https:\/\/www.inet.edu.ar\/index.php\/wp-json\/wp\/v2\/pages\/6228","targetHints":{"allow":["GET"]}}],"collection":[{"href":"https:\/\/www.inet.edu.ar\/index.php\/wp-json\/wp\/v2\/pages"}],"about":[{"href":"https:\/\/www.inet.edu.ar\/index.php\/wp-json\/wp\/v2\/types\/page"}],"author":[{"embeddable":true,"href":"https:\/\/www.inet.edu.ar\/index.php\/wp-json\/wp\/v2\/users\/3"}],"replies":[{"embeddable":true,"href":"https:\/\/www.inet.edu.ar\/index.php\/wp-json\/wp\/v2\/comments?post=6228"}],"version-history":[{"count":4,"href":"https:\/\/www.inet.edu.ar\/index.php\/wp-json\/wp\/v2\/pages\/6228\/revisions"}],"predecessor-version":[{"id":10693,"href":"https:\/\/www.inet.edu.ar\/index.php\/wp-json\/wp\/v2\/pages\/6228\/revisions\/10693"}],"up":[{"embeddable":true,"href":"https:\/\/www.inet.edu.ar\/index.php\/wp-json\/wp\/v2\/pages\/1429"}],"wp:attachment":[{"href":"https:\/\/www.inet.edu.ar\/index.php\/wp-json\/wp\/v2\/media?parent=6228"}],"curies":[{"name":"wp","href":"https:\/\/api.w.org\/{rel}","templated":true}]}}