{"id":6234,"date":"2015-02-10T14:46:02","date_gmt":"2015-02-10T17:46:02","guid":{"rendered":"https:\/\/www.inet.edu.ar\/?page_id=6234"},"modified":"2016-05-02T10:04:58","modified_gmt":"2016-05-02T13:04:58","slug":"conformacion","status":"publish","type":"page","link":"https:\/\/www.inet.edu.ar\/index.php\/niveles-educativos\/formacion-profesional\/mesa-federal-de-trabajo-permanente-para-la-formacion-profesional\/conformacion\/","title":{"rendered":"Conformaci\u00f3n"},"content":{"rendered":"<p>&nbsp;<\/p>\n<p>La Mesa Federal de Trabajo Permanente para la Formaci\u00f3n Profesional est\u00e1 compuesta por:<\/p>\n<ul>\n<li>El equipo t\u00e9cnico de la Unidad de Formaci\u00f3n Profesional del INET.<\/li>\n<li>Los responsables de Formaci\u00f3n Profesional jurisdiccional y sus equipos t\u00e9cnicos educativos.<\/li>\n<\/ul>\n<p>&nbsp;<\/p>\n<p>Los integrantes de la Mesa Federal podr\u00e1n invitar a distintos especialistas pertenecientes a diferentes jurisdicciones o \u00e1mbitos institucionales en funci\u00f3n de la tem\u00e1tica que se decida abordar.<\/p>\n","protected":false},"excerpt":{"rendered":"<p>&nbsp; La Mesa Federal de Trabajo Permanente para la Formaci\u00f3n Profesional est\u00e1 compuesta por: El equipo t\u00e9cnico de la Unidad de Formaci\u00f3n Profesional del INET. Los responsables de Formaci\u00f3n Profesional jurisdiccional y sus equipos t\u00e9cnicos educativos. &nbsp; Los integrantes de la Mesa Federal podr\u00e1n invitar a distintos especialistas pertenecientes a diferentes jurisdicciones o \u00e1mbitos institucionales [&hellip;]<\/p>\n","protected":false},"author":3,"featured_media":0,"parent":6228,"menu_order":2,"comment_status":"closed","ping_status":"open","template":"","meta":{"footnotes":""},"class_list":["post-6234","page","type-page","status-publish","hentry"],"_links":{"self":[{"href":"https:\/\/www.inet.edu.ar\/index.php\/wp-json\/wp\/v2\/pages\/6234","targetHints":{"allow":["GET"]}}],"collection":[{"href":"https:\/\/www.inet.edu.ar\/index.php\/wp-json\/wp\/v2\/pages"}],"about":[{"href":"https:\/\/www.inet.edu.ar\/index.php\/wp-json\/wp\/v2\/types\/page"}],"author":[{"embeddable":true,"href":"https:\/\/www.inet.edu.ar\/index.php\/wp-json\/wp\/v2\/users\/3"}],"replies":[{"embeddable":true,"href":"https:\/\/www.inet.edu.ar\/index.php\/wp-json\/wp\/v2\/comments?post=6234"}],"version-history":[{"count":4,"href":"https:\/\/www.inet.edu.ar\/index.php\/wp-json\/wp\/v2\/pages\/6234\/revisions"}],"predecessor-version":[{"id":10641,"href":"https:\/\/www.inet.edu.ar\/index.php\/wp-json\/wp\/v2\/pages\/6234\/revisions\/10641"}],"up":[{"embeddable":true,"href":"https:\/\/www.inet.edu.ar\/index.php\/wp-json\/wp\/v2\/pages\/6228"}],"wp:attachment":[{"href":"https:\/\/www.inet.edu.ar\/index.php\/wp-json\/wp\/v2\/media?parent=6234"}],"curies":[{"name":"wp","href":"https:\/\/api.w.org\/{rel}","templated":true}]}}