{"id":627,"date":"2012-12-17T02:57:09","date_gmt":"2012-12-17T02:57:09","guid":{"rendered":"https:\/\/www.inet.edu.ar\/?page_id=627"},"modified":"2023-06-05T13:27:38","modified_gmt":"2023-06-05T16:27:38","slug":"funciones-elementales","status":"publish","type":"page","link":"https:\/\/www.inet.edu.ar\/index.php\/material-de-capacitacion\/nueva-serie-de-libros\/funciones-elementales\/","title":{"rendered":"Funciones elementales"},"content":{"rendered":"<p><a href=\"https:\/\/www.inet.edu.ar\/wp-content\/uploads\/2012\/12\/Funciones-tapa.png\"><img loading=\"lazy\" decoding=\"async\" class=\"alignleft wp-image-630\" title=\"Funciones---tapa\" src=\"https:\/\/www.inet.edu.ar\/wp-content\/uploads\/2012\/12\/Funciones-tapa.png\" alt=\"\" width=\"200\" height=\"258\" \/><\/a><\/p>\n<p>\u00abFunciones elementales para construir modelos matem\u00e1ticos\u00bb. Este texto tiene como objetivo desarrollar conocimientos de matem\u00e1tica b\u00e1sica a partir del estudio de las funciones matem\u00e1ticas y su representaci\u00f3n gr\u00e1fica. Estos temas integran los fundamentos necesarios para iniciar la construcci\u00f3n de modelos matem\u00e1ticos, en la educaci\u00f3n secundaria. La finalidad es propor\u00adcionar conceptos, propiedades, representaciones y aplicaciones de las funciones que constituyen la base de diferentes disciplinas como son: ingenier\u00eda, agronom\u00eda, biolog\u00eda, qu\u00edmica, f\u00edsica, econom\u00eda, entre otras.<\/p>\n<p>Su contenido incluye el estudio de las funciones: lineales, cuadr\u00e1ticas, exponenciales, logar\u00edtmicas y trigonom\u00e9tricas, que aparecen en las aplicaciones de la matem\u00e1tica. El estudio de estas funciones se desarrolla a partir de su definici\u00f3n, propiedades y representaci\u00f3n que permitir\u00e1n al estudiante su aplicaci\u00f3n. Es importante entender y aprehender el concepto de funci\u00f3n porque juega un papel primordial en la elaboraci\u00f3n de modelos matem\u00e1ticos para representar situaciones de la vida real.<\/p>\n<p>En el desarrollo de cada tema se ha puesto cuidado e inter\u00e9s en enunciar las definiciones y teoremas con simplicidad, aunque sin perder la precisi\u00f3n. De igual forma, las demostraciones que se incluyen son instructivas y accesibles. Es por ello, que a veces se proporcionan argumentos intuitivos o gr\u00e1ficos a fin de una mejor comprensi\u00f3n. Cada una de las unidades cuenta con una gran variedad de ejercicios resueltos y al final se encontrar\u00e1 un listado de ejercicios algor\u00edtmicos y de aplicaci\u00f3n para la realizaci\u00f3n de modelos elementales, que permitan asegurar la adquisici\u00f3n y la comprensi\u00f3n de los conceptos desarrollados.<\/p>\n<h2>Autores<\/h2>\n<ul>\n<li><strong>Magister M\u00f3nica Bocco\u00a0<\/strong><\/li>\n<\/ul>\n<h2>Descargas<\/h2>\n<p><a class=\"media media-zip\" href=\"https:\/\/www.inet.edu.ar\/wp-content\/uploads\/2023\/06\/Funciones-elementales.pdf\" target=\"_blank\" rel=\"noopener\">Funciones elementales<\/a><\/p>\n","protected":false},"excerpt":{"rendered":"<p>\u00abFunciones elementales para construir modelos matem\u00e1ticos\u00bb. Este texto tiene como objetivo desarrollar conocimientos de matem\u00e1tica b\u00e1sica a partir del estudio de las funciones matem\u00e1ticas y su representaci\u00f3n gr\u00e1fica. Estos temas integran los fundamentos necesarios para iniciar la construcci\u00f3n de modelos matem\u00e1ticos, en la educaci\u00f3n secundaria. La finalidad es propor\u00adcionar conceptos, propiedades, representaciones y aplicaciones de [&hellip;]<\/p>\n","protected":false},"author":3,"featured_media":0,"parent":526,"menu_order":9,"comment_status":"closed","ping_status":"open","template":"","meta":{"footnotes":""},"class_list":["post-627","page","type-page","status-publish","hentry"],"_links":{"self":[{"href":"https:\/\/www.inet.edu.ar\/index.php\/wp-json\/wp\/v2\/pages\/627","targetHints":{"allow":["GET"]}}],"collection":[{"href":"https:\/\/www.inet.edu.ar\/index.php\/wp-json\/wp\/v2\/pages"}],"about":[{"href":"https:\/\/www.inet.edu.ar\/index.php\/wp-json\/wp\/v2\/types\/page"}],"author":[{"embeddable":true,"href":"https:\/\/www.inet.edu.ar\/index.php\/wp-json\/wp\/v2\/users\/3"}],"replies":[{"embeddable":true,"href":"https:\/\/www.inet.edu.ar\/index.php\/wp-json\/wp\/v2\/comments?post=627"}],"version-history":[{"count":3,"href":"https:\/\/www.inet.edu.ar\/index.php\/wp-json\/wp\/v2\/pages\/627\/revisions"}],"predecessor-version":[{"id":37636,"href":"https:\/\/www.inet.edu.ar\/index.php\/wp-json\/wp\/v2\/pages\/627\/revisions\/37636"}],"up":[{"embeddable":true,"href":"https:\/\/www.inet.edu.ar\/index.php\/wp-json\/wp\/v2\/pages\/526"}],"wp:attachment":[{"href":"https:\/\/www.inet.edu.ar\/index.php\/wp-json\/wp\/v2\/media?parent=627"}],"curies":[{"name":"wp","href":"https:\/\/api.w.org\/{rel}","templated":true}]}}