{"id":70,"date":"2012-10-31T14:51:39","date_gmt":"2012-10-31T14:51:39","guid":{"rendered":"https:\/\/www.inet.edu.ar\/?page_id=70"},"modified":"2016-05-02T09:46:51","modified_gmt":"2016-05-02T12:46:51","slug":"ley-de-educacion-tecnico-profesional","status":"publish","type":"page","link":"https:\/\/www.inet.edu.ar\/index.php\/institucional\/normativa\/ley-de-educacion-tecnico-profesional\/","title":{"rendered":"Ley de Educaci\u00f3n T\u00e9cnico Profesional"},"content":{"rendered":"<p>La presente ley tiene por objeto regular y ordenar la Educaci\u00f3n T\u00e9cnico Profesional en el nivel Medio y Superior no universitario del Sistema Educativo Nacional y la Formaci\u00f3n Profesional.<\/p>\n<p>Esta ley se aplica en toda la Naci\u00f3n en su conjunto, respetando los criterios federales, las diversidades regionales, y articulando la educaci\u00f3n formal y no formal, la formaci\u00f3n general y la profesional en el marco de la educaci\u00f3n continua y permanente.<\/p>\n<p>La Educaci\u00f3n T\u00e9cnico Profesional es un derecho de todo habitante de la naci\u00f3n Argentina, que se hace efectivo a trav\u00e9s de procesos educativos, sistem\u00e1ticos y permanentes. Como servicio educativo profesionalizante comprende la formaci\u00f3n \u00e9tica, ciudadana, human\u00edstico general, cient\u00edfica, t\u00e9cnica y tecnol\u00f3gica.<\/p>\n<p>&nbsp;<\/p>\n<p><a class=\"media media-pdf\" href=\"https:\/\/www.inet.edu.ar\/wp-content\/uploads\/2012\/10\/ley-26058.pdf\">Ley de Educaci\u00f3n T\u00e9cnico Profesional &#8211; 26.058<\/a><\/p>\n<p>&nbsp;<\/p>\n","protected":false},"excerpt":{"rendered":"<p>La presente ley tiene por objeto regular y ordenar la Educaci\u00f3n T\u00e9cnico Profesional en el nivel Medio y Superior no universitario del Sistema Educativo Nacional y la Formaci\u00f3n Profesional. Esta ley se aplica en toda la Naci\u00f3n en su conjunto, respetando los criterios federales, las diversidades regionales, y articulando la educaci\u00f3n formal y no formal, [&hellip;]<\/p>\n","protected":false},"author":3,"featured_media":0,"parent":65,"menu_order":0,"comment_status":"closed","ping_status":"open","template":"","meta":{"footnotes":""},"class_list":["post-70","page","type-page","status-publish","hentry"],"_links":{"self":[{"href":"https:\/\/www.inet.edu.ar\/index.php\/wp-json\/wp\/v2\/pages\/70","targetHints":{"allow":["GET"]}}],"collection":[{"href":"https:\/\/www.inet.edu.ar\/index.php\/wp-json\/wp\/v2\/pages"}],"about":[{"href":"https:\/\/www.inet.edu.ar\/index.php\/wp-json\/wp\/v2\/types\/page"}],"author":[{"embeddable":true,"href":"https:\/\/www.inet.edu.ar\/index.php\/wp-json\/wp\/v2\/users\/3"}],"replies":[{"embeddable":true,"href":"https:\/\/www.inet.edu.ar\/index.php\/wp-json\/wp\/v2\/comments?post=70"}],"version-history":[{"count":8,"href":"https:\/\/www.inet.edu.ar\/index.php\/wp-json\/wp\/v2\/pages\/70\/revisions"}],"predecessor-version":[{"id":10636,"href":"https:\/\/www.inet.edu.ar\/index.php\/wp-json\/wp\/v2\/pages\/70\/revisions\/10636"}],"up":[{"embeddable":true,"href":"https:\/\/www.inet.edu.ar\/index.php\/wp-json\/wp\/v2\/pages\/65"}],"wp:attachment":[{"href":"https:\/\/www.inet.edu.ar\/index.php\/wp-json\/wp\/v2\/media?parent=70"}],"curies":[{"name":"wp","href":"https:\/\/api.w.org\/{rel}","templated":true}]}}