{"id":715,"date":"2012-12-17T04:47:48","date_gmt":"2012-12-17T04:47:48","guid":{"rendered":"https:\/\/www.inet.edu.ar\/?page_id=715"},"modified":"2023-06-05T15:32:48","modified_gmt":"2023-06-05T18:32:48","slug":"rios-de-la-vida","status":"publish","type":"page","link":"https:\/\/www.inet.edu.ar\/index.php\/material-de-capacitacion\/nueva-serie-de-libros\/rios-de-la-vida\/","title":{"rendered":"R\u00edos de vida"},"content":{"rendered":"<p>\u00abR\u00edos de Vida\u00bb. Los r\u00edos nos inspiran, nos transportan, nos alimentan, generan actividades productivas, nos entretienen.<\/p>\n<p>Una gran parte de la historia, la cultura y el arte humano est\u00e1 asociada a los r\u00edos.<\/p>\n<p>Nosotros los dragamos, construimos obras de ingenier\u00eda que modifican su cauce y realizamos considerables esfuerzos para controlar su cauce a fin de evitar inundaciones que afectan a las poblaciones ribere\u00f1as. Estos cambios f\u00edsicos realizados sobre el r\u00edo pueden generar alteraciones de los procesos naturales, generando efectos adversos.<\/p>\n<p>Del mismo modo, liberamos en ellos desechos de origen domiciliario e industrial, a veces, no adecuadamente tratados, alterando las caracter\u00edsticas y la calidad del recurso.<\/p>\n<p>La aplicaci\u00f3n del conocimiento disponible respecto de las caracter\u00edsticas f\u00edsicas, qu\u00edmicas y biol\u00f3gicas de estos particulares ecosistemas dulceacu\u00edcolas podr\u00eda prevenir estos problemas.<\/p>\n<p>Este libro se propone presentar una visi\u00f3n sistem\u00e1tica, aunque no exhaustiva, de los par\u00e1metros hidrol\u00f3gicos m\u00e1s relevantes y de las propiedades y procesos f\u00edsico-qu\u00edmicos y mediados por organismos vivos que prevalecen en las aguas naturales. As\u00ed, se presta especial atenci\u00f3n a los mecanismos naturales y generados a consecuencia de la actividad antropog\u00e9nica que determinan la presencia y la concentraci\u00f3n final de las especies qu\u00edmicas en las aguas del r\u00edo. Se consideran, adem\u00e1s, los procedimientos y criterios puestos en juego en los procesos de evaluaci\u00f3n de la calidad del agua. A partir de sus resultados, resulta posible la elaboraci\u00f3n de conclusiones en relaci\u00f3n a la condici\u00f3n del ecosistema acu\u00e1tico, de manera de generar las acciones tendientes a mejorar o mantener la calidad de agua del r\u00edo, dependiendo de los usos previstos para el recurso. Se analizan exhaustivamente los par\u00e1metros f\u00edsico-qu\u00edmicos y biol\u00f3gicos que son considerados como indicadores de la calidad de agua, sus valores umbrales y los niveles gu\u00eda regulatorios elaborados por la Subsecretar\u00eda de Recursos H\u00eddricos de la Naci\u00f3n, para los r\u00edos de nuestro pa\u00eds, y por organizaciones internacionales, tales como U.S. EPA y CCME (Canad\u00e1).<\/p>\n<p>Finalmente, se discuten los criterios y tecnolog\u00edas m\u00e1s relevantes utilizados en los procesos de remediaci\u00f3n y restauraci\u00f3n de los r\u00edos perturbados como consecuencia de la actividad humana.<\/p>\n<h2>Autores<\/h2>\n<ul>\n<li><strong>Mar\u00eda del Carmen Tortorelli<\/strong><br \/>\nDoctora en Ciencias Biol\u00f3gicas<\/li>\n<\/ul>\n<h2><\/h2>\n<h2>Descargas<\/h2>\n<p><a class=\"media media-zip\" href=\"https:\/\/www.inet.edu.ar\/wp-content\/uploads\/2023\/06\/Rios-de-vida.pdf\" target=\"_blank\" rel=\"noopener\">R\u00edos de vida<\/a><\/p>\n","protected":false},"excerpt":{"rendered":"<p>\u00abR\u00edos de Vida\u00bb. Los r\u00edos nos inspiran, nos transportan, nos alimentan, generan actividades productivas, nos entretienen. Una gran parte de la historia, la cultura y el arte humano est\u00e1 asociada a los r\u00edos. Nosotros los dragamos, construimos obras de ingenier\u00eda que modifican su cauce y realizamos considerables esfuerzos para controlar su cauce a fin de [&hellip;]<\/p>\n","protected":false},"author":3,"featured_media":0,"parent":526,"menu_order":20,"comment_status":"closed","ping_status":"open","template":"","meta":{"footnotes":""},"class_list":["post-715","page","type-page","status-publish","hentry"],"_links":{"self":[{"href":"https:\/\/www.inet.edu.ar\/index.php\/wp-json\/wp\/v2\/pages\/715","targetHints":{"allow":["GET"]}}],"collection":[{"href":"https:\/\/www.inet.edu.ar\/index.php\/wp-json\/wp\/v2\/pages"}],"about":[{"href":"https:\/\/www.inet.edu.ar\/index.php\/wp-json\/wp\/v2\/types\/page"}],"author":[{"embeddable":true,"href":"https:\/\/www.inet.edu.ar\/index.php\/wp-json\/wp\/v2\/users\/3"}],"replies":[{"embeddable":true,"href":"https:\/\/www.inet.edu.ar\/index.php\/wp-json\/wp\/v2\/comments?post=715"}],"version-history":[{"count":5,"href":"https:\/\/www.inet.edu.ar\/index.php\/wp-json\/wp\/v2\/pages\/715\/revisions"}],"predecessor-version":[{"id":37662,"href":"https:\/\/www.inet.edu.ar\/index.php\/wp-json\/wp\/v2\/pages\/715\/revisions\/37662"}],"up":[{"embeddable":true,"href":"https:\/\/www.inet.edu.ar\/index.php\/wp-json\/wp\/v2\/pages\/526"}],"wp:attachment":[{"href":"https:\/\/www.inet.edu.ar\/index.php\/wp-json\/wp\/v2\/media?parent=715"}],"curies":[{"name":"wp","href":"https:\/\/api.w.org\/{rel}","templated":true}]}}