{"id":766,"date":"2012-12-17T18:13:40","date_gmt":"2012-12-17T18:13:40","guid":{"rendered":"https:\/\/www.inet.edu.ar\/?page_id=766"},"modified":"2023-06-06T10:16:36","modified_gmt":"2023-06-06T13:16:36","slug":"educacion-con-tecnologias","status":"publish","type":"page","link":"https:\/\/www.inet.edu.ar\/index.php\/material-de-capacitacion\/educacion-con-tecnologias\/","title":{"rendered":"Educaci\u00f3n con tecnolog\u00edas"},"content":{"rendered":"<p style=\"text-align: justify;\">Propicia el uso de las nuevas tecnolog\u00edas de la informaci\u00f3n y de la comunicaci\u00f3n como recursos did\u00e1cticos, en las clases de todas las \u00e1reas y espacios curriculares.<\/p>\n<p style=\"text-align: justify;\">Materiales disponibles:<\/p>\n<h2 style=\"text-align: justify;\">Gesti\u00f3n de recursos tecnol\u00f3gicos en la escuela<\/h2>\n<p style=\"text-align: justify;\">Andrea Barbeito &#8211; INET. 2002. Buenos Aires<br \/>\nAbarca problem\u00e1ticas vinculadas con la gesti\u00f3n de los recursos tecnol\u00f3gicos disponibles en la instituci\u00f3n y con la incorporaci\u00f3n de aquellos en las propuestas did\u00e1cticas que se integren al Proyecto Educativo Institucional, a trav\u00e9s de un Centro de Recursos Tecnol\u00f3gicos.<\/p>\n<p style=\"text-align: justify;\"><a class=\"media media-zip\" href=\"https:\/\/www.inet.edu.ar\/wp-content\/uploads\/2012\/12\/gestion-de-recursos-tecnologicos.zip\">Descargar<\/a><\/p>\n<h2 style=\"text-align: justify;\">Multimedia educativa<\/h2>\n<p style=\"text-align: justify;\">Mar\u00eda Marta van Gelderen &#8211; INET. 2002. Buenos Aires<br \/>\nPresenta los elementos globales de multimedia: interactividad, comunicaci\u00f3n audiovisual, argumento, met\u00e1fora, dise\u00f1o de interface, estructura, manejo de contenidos y gui\u00f3n; y los componentes \u2013texto, hipertexto, sonido e imagen\u2013 que permiten la concreci\u00f3n de un proyecto de multimedia educativa.<\/p>\n<p style=\"text-align: justify;\"><a class=\"media media-zip\" href=\"https:\/\/www.inet.edu.ar\/wp-content\/uploads\/2012\/12\/multimedia-educativa.zip\">Descargar<\/a><\/p>\n<h2 style=\"text-align: justify;\">Comunicaci\u00f3n visual para docentes. Recursos para la producci\u00f3n de material did\u00e1ctico<\/h2>\n<p style=\"text-align: justify;\">Marina Calderone, Ingrid Creimer &#8211; INET. 2003. Buenos Aires<br \/>\nAnaliza los elementos de sintaxis visual -tipograf\u00eda, im\u00e1genes, color- que permiten al educador seleccionar o producir recursos did\u00e1cticos comunicativamente eficaces; presenta a la selecci\u00f3n de la tipograf\u00eda, al uso del color, a la detecci\u00f3n e integraci\u00f3n de im\u00e1genes, al manejo del espacio en el campo gr\u00e1fico, como elementos imprescindibles de considerar para la construcci\u00f3n de mensajes visuales.<\/p>\n<p style=\"text-align: justify;\"><a class=\"media media-zip\" href=\"https:\/\/www.inet.edu.ar\/wp-content\/uploads\/2012\/12\/comunicacion-visual.zip\">Descargar<\/a><\/p>\n<h2 style=\"text-align: justify;\">Video y televisi\u00f3n en la escuela<\/h2>\n<p style=\"text-align: justify;\">Alejandra Santos &#8211; INET. 2003. Buenos Aires<br \/>\nPlantea las posibilidades del uso de estos medios con fines educativos; propone tipolog\u00edas y recomendaciones para el uso de videos y de programas de TV en el aula.<\/p>\n<p style=\"text-align: justify;\"><a class=\"media media-zip\" href=\"https:\/\/www.inet.edu.ar\/wp-content\/uploads\/2012\/12\/video-y-television.zip\">Descargar<\/a><\/p>\n","protected":false},"excerpt":{"rendered":"<p>Propicia el uso de las nuevas tecnolog\u00edas de la informaci\u00f3n y de la comunicaci\u00f3n como recursos did\u00e1cticos, en las clases de todas las \u00e1reas y espacios curriculares. Materiales disponibles: Gesti\u00f3n de recursos tecnol\u00f3gicos en la escuela Andrea Barbeito &#8211; INET. 2002. Buenos Aires Abarca problem\u00e1ticas vinculadas con la gesti\u00f3n de los recursos tecnol\u00f3gicos disponibles en [&hellip;]<\/p>\n","protected":false},"author":3,"featured_media":0,"parent":314,"menu_order":5,"comment_status":"closed","ping_status":"open","template":"","meta":{"footnotes":""},"class_list":["post-766","page","type-page","status-publish","hentry"],"_links":{"self":[{"href":"https:\/\/www.inet.edu.ar\/index.php\/wp-json\/wp\/v2\/pages\/766","targetHints":{"allow":["GET"]}}],"collection":[{"href":"https:\/\/www.inet.edu.ar\/index.php\/wp-json\/wp\/v2\/pages"}],"about":[{"href":"https:\/\/www.inet.edu.ar\/index.php\/wp-json\/wp\/v2\/types\/page"}],"author":[{"embeddable":true,"href":"https:\/\/www.inet.edu.ar\/index.php\/wp-json\/wp\/v2\/users\/3"}],"replies":[{"embeddable":true,"href":"https:\/\/www.inet.edu.ar\/index.php\/wp-json\/wp\/v2\/comments?post=766"}],"version-history":[{"count":5,"href":"https:\/\/www.inet.edu.ar\/index.php\/wp-json\/wp\/v2\/pages\/766\/revisions"}],"predecessor-version":[{"id":37687,"href":"https:\/\/www.inet.edu.ar\/index.php\/wp-json\/wp\/v2\/pages\/766\/revisions\/37687"}],"up":[{"embeddable":true,"href":"https:\/\/www.inet.edu.ar\/index.php\/wp-json\/wp\/v2\/pages\/314"}],"wp:attachment":[{"href":"https:\/\/www.inet.edu.ar\/index.php\/wp-json\/wp\/v2\/media?parent=766"}],"curies":[{"name":"wp","href":"https:\/\/api.w.org\/{rel}","templated":true}]}}