{"id":772,"date":"2012-12-17T18:27:58","date_gmt":"2012-12-17T18:27:58","guid":{"rendered":"https:\/\/www.inet.edu.ar\/?page_id=772"},"modified":"2023-06-06T11:34:04","modified_gmt":"2023-06-06T14:34:04","slug":"educadores-en-tecnologias","status":"publish","type":"page","link":"https:\/\/www.inet.edu.ar\/index.php\/material-de-capacitacion\/educadores-en-tecnologias\/","title":{"rendered":"Educadores en tecnolog\u00edas"},"content":{"rendered":"<p style=\"text-align: justify;\">Focaliza el an\u00e1lisis y las propuestas en uno de los constituyentes del proceso did\u00e1ctico: el profesional que ense\u00f1a Tecnolog\u00eda, ahondando en los rasgos de su formaci\u00f3n, de sus pr\u00e1cticas, de sus procesos de capacitaci\u00f3n, de su vinculaci\u00f3n con los lineamientos curriculares y con las pol\u00edticas educativas, de interactividad con sus alumnos, y con sus propios saberes y modos de hacer.<\/p>\n<p style=\"text-align: justify;\">Materiales disponibles:<\/p>\n<h2 style=\"text-align: justify;\">Capacitaci\u00f3n de capacitadores de maestros de ense\u00f1anza pr\u00e1ctica<\/h2>\n<p style=\"text-align: justify;\"><strong>Claudia Crowe &#8211; INET. 2003. Buenos Aires <\/strong><br \/>\nRese\u00f1a una experiencia de capacitaci\u00f3n llevada a cabo desde el Centro Nacional de Educaci\u00f3n Tecnol\u00f3gica durante los a\u00f1os 2001 y 2002, que cont\u00f3 con la participaci\u00f3n de representantes de todas las jurisdicciones argentinas y que permiti\u00f3 capacitar equipos t\u00e9cnicos competentes para dise\u00f1ar, implementar, monitorear y evaluar proyectos de capacitaci\u00f3n de maestros de ense\u00f1anza pr\u00e1ctica -MEP- en Educaci\u00f3n Tecnol\u00f3gica.<\/p>\n<p style=\"text-align: justify;\"><a class=\"media media-zip\" href=\"https:\/\/www.inet.edu.ar\/wp-content\/uploads\/2012\/12\/capacitacion-de-capacitadores.zip\">Descargar<\/a><\/p>\n<h2 style=\"text-align: justify;\">El maestro de ense\u00f1anza pr\u00e1ctica en la educaci\u00f3n t\u00e9cnica. Continuidades y cambios de un rol profesional<\/h2>\n<p style=\"text-align: justify;\"><strong>Luis Doval &#8211; INET. 2003. Buenos Aires <\/strong><br \/>\nPropone una mirada retrospectiva hacia la escuela t\u00e9cnica que fue y la escuela t\u00e9cnica que es, enfocando el an\u00e1lisis en las pr\u00e1cticas docentes del MEP: su formaci\u00f3n, sus estilos de ense\u00f1anza, el marco curricular de su acci\u00f3n educativa.<\/p>\n<p style=\"text-align: justify;\"><a class=\"media media-zip\" href=\"https:\/\/www.inet.edu.ar\/wp-content\/uploads\/2012\/12\/el-maestro-de-ensenanza.zip\">Descargar<\/a><\/p>\n<h2 style=\"text-align: justify;\">Formaci\u00f3n de tutores del Sistema de Capacitaci\u00f3n a Distancia del Centro Nacional de Educaci\u00f3n Tecnol\u00f3gica.<\/h2>\n<p style=\"text-align: justify;\"><strong>Luis Doval &#8211; INET. 2004. Buenos Aires <\/strong><br \/>\nPermite detectar, formular y conceptualizar los problemas que se presentan en la tarea de coordinar acciones de tutor\u00eda en sistemas educativos a distancia; posibilita la planificaci\u00f3n, la puesta en marcha y la evaluaci\u00f3n de acciones innovadoras para la tarea del tutor.<\/p>\n<p style=\"text-align: justify;\"><a class=\"media media-zip\" href=\"https:\/\/www.inet.edu.ar\/wp-content\/uploads\/2012\/12\/formacion-de-tutores.zip\">Descargar<\/a><\/p>\n<h2 style=\"text-align: justify;\">Manual del facilitador<\/h2>\n<p style=\"text-align: justify;\"><strong>GTZ-INET. 1999. Buenos Aires <\/strong><br \/>\nSe centra en el \u00abmodelo de la actividad completa de seis fases\u00bb, derivado de la formaci\u00f3n por competencias t\u00e9cnico-profesionales, ahondando en estrategias para implementarlo en el aula.<\/p>\n<p style=\"text-align: justify;\"><a class=\"media media-zip\" href=\"https:\/\/www.inet.edu.ar\/wp-content\/uploads\/2012\/12\/manual-del-facilitador.zip\">Descargar<\/a><\/p>\n<h2 style=\"text-align: justify;\">Manual de evaluaci\u00f3n<\/h2>\n<p style=\"text-align: justify;\"><strong>GTZ-INET. 2000. Buenos Aires <\/strong><br \/>\nDelinea, en el marco de la formaci\u00f3n por competencias t\u00e9cnico-profesionales, los procesos de dise\u00f1o, de implementaci\u00f3n y de seguimiento de tareas de evaluaci\u00f3n.<\/p>\n<p style=\"text-align: justify;\"><a class=\"media media-zip\" href=\"https:\/\/www.inet.edu.ar\/wp-content\/uploads\/2012\/12\/manual-de-evaluacion.zip\">Descargar<\/a><\/p>\n<h2 style=\"text-align: justify;\">Competencias fundamentales. Competencias transversales. Competencias clave<\/h2>\n<p style=\"text-align: justify;\"><strong>GTZ-INET. 2000. Buenos Aires <\/strong><br \/>\nPlantea aportes te\u00f3ricos para la formaci\u00f3n t\u00e9cnico-profesional basada en competencias. Analiza diferentes dise\u00f1os curriculares y estrategias de ense\u00f1anza.<\/p>\n<p style=\"text-align: justify;\"><a class=\"media media-zip\" href=\"https:\/\/www.inet.edu.ar\/wp-content\/uploads\/2012\/12\/competencias-fundamentales.zip\">Descargar<\/a><\/p>\n","protected":false},"excerpt":{"rendered":"<p>Focaliza el an\u00e1lisis y las propuestas en uno de los constituyentes del proceso did\u00e1ctico: el profesional que ense\u00f1a Tecnolog\u00eda, ahondando en los rasgos de su formaci\u00f3n, de sus pr\u00e1cticas, de sus procesos de capacitaci\u00f3n, de su vinculaci\u00f3n con los lineamientos curriculares y con las pol\u00edticas educativas, de interactividad con sus alumnos, y con sus propios [&hellip;]<\/p>\n","protected":false},"author":3,"featured_media":0,"parent":314,"menu_order":6,"comment_status":"closed","ping_status":"open","template":"","meta":{"footnotes":""},"class_list":["post-772","page","type-page","status-publish","hentry"],"_links":{"self":[{"href":"https:\/\/www.inet.edu.ar\/index.php\/wp-json\/wp\/v2\/pages\/772","targetHints":{"allow":["GET"]}}],"collection":[{"href":"https:\/\/www.inet.edu.ar\/index.php\/wp-json\/wp\/v2\/pages"}],"about":[{"href":"https:\/\/www.inet.edu.ar\/index.php\/wp-json\/wp\/v2\/types\/page"}],"author":[{"embeddable":true,"href":"https:\/\/www.inet.edu.ar\/index.php\/wp-json\/wp\/v2\/users\/3"}],"replies":[{"embeddable":true,"href":"https:\/\/www.inet.edu.ar\/index.php\/wp-json\/wp\/v2\/comments?post=772"}],"version-history":[{"count":5,"href":"https:\/\/www.inet.edu.ar\/index.php\/wp-json\/wp\/v2\/pages\/772\/revisions"}],"predecessor-version":[{"id":37689,"href":"https:\/\/www.inet.edu.ar\/index.php\/wp-json\/wp\/v2\/pages\/772\/revisions\/37689"}],"up":[{"embeddable":true,"href":"https:\/\/www.inet.edu.ar\/index.php\/wp-json\/wp\/v2\/pages\/314"}],"wp:attachment":[{"href":"https:\/\/www.inet.edu.ar\/index.php\/wp-json\/wp\/v2\/media?parent=772"}],"curies":[{"name":"wp","href":"https:\/\/api.w.org\/{rel}","templated":true}]}}