{"id":872,"date":"2013-03-06T09:00:37","date_gmt":"2013-03-06T12:00:37","guid":{"rendered":"https:\/\/www.inet.edu.ar\/?page_id=872"},"modified":"2013-03-13T17:11:33","modified_gmt":"2013-03-13T20:11:33","slug":"ley-de-educacion-nacional","status":"publish","type":"page","link":"https:\/\/www.inet.edu.ar\/index.php\/institucional\/normativa\/ley-de-educacion-nacional\/","title":{"rendered":"Ley de Educaci\u00f3n Nacional"},"content":{"rendered":"<p><span style=\"line-height: 1.21em;\">La Ley de Educaci\u00f3n Nacional (N\u00ba 26.206) fue sancionada el 14 de diciembre del 2006 y tiene por objeto regular el ejercicio del derecho de ense\u00f1ar y aprender consagrado por el art\u00edculo 14 de la Constituci\u00f3n Nacional y los tratados internacionales incorporados a ella.<\/span><\/p>\n<p>Establece la estructura del Sistema Educativo, haciendo alusi\u00f3n a todos los niveles y modalidades del Sistema Educativo Nacional; determina la extensi\u00f3n de la obligatoriedad escolar y plantea las responsabilidades y obligaciones del Estado Nacional, las Provincias y la Ciudad Aut\u00f3noma de Buenos Aires en relaci\u00f3n a la Educaci\u00f3n.<\/p>\n<p>Se aplica en toda la Naci\u00f3n en su conjunto, respetando los criterios federales, las diversidades regionales y articula la educaci\u00f3n formal y no formal, la formaci\u00f3n general y la profesional en el marco de la educaci\u00f3n continua y permanente.<\/p>\n<p>&nbsp;<\/p>\n<p><a class=\"media media-pdf\" href=\"https:\/\/www.inet.edu.ar\/wp-content\/uploads\/2013\/03\/ley_de_educ_nac1.pdf\">Ley de Educaci\u00f3n Nacional<\/a><\/p>\n<p>&nbsp;<\/p>\n<p>&nbsp;<\/p>\n","protected":false},"excerpt":{"rendered":"<p>La Ley de Educaci\u00f3n Nacional (N\u00ba 26.206) fue sancionada el 14 de diciembre del 2006 y tiene por objeto regular el ejercicio del derecho de ense\u00f1ar y aprender consagrado por el art\u00edculo 14 de la Constituci\u00f3n Nacional y los tratados internacionales incorporados a ella. Establece la estructura del Sistema Educativo, haciendo alusi\u00f3n a todos los [&hellip;]<\/p>\n","protected":false},"author":3,"featured_media":0,"parent":65,"menu_order":0,"comment_status":"closed","ping_status":"open","template":"","meta":{"footnotes":""},"class_list":["post-872","page","type-page","status-publish","hentry"],"_links":{"self":[{"href":"https:\/\/www.inet.edu.ar\/index.php\/wp-json\/wp\/v2\/pages\/872","targetHints":{"allow":["GET"]}}],"collection":[{"href":"https:\/\/www.inet.edu.ar\/index.php\/wp-json\/wp\/v2\/pages"}],"about":[{"href":"https:\/\/www.inet.edu.ar\/index.php\/wp-json\/wp\/v2\/types\/page"}],"author":[{"embeddable":true,"href":"https:\/\/www.inet.edu.ar\/index.php\/wp-json\/wp\/v2\/users\/3"}],"replies":[{"embeddable":true,"href":"https:\/\/www.inet.edu.ar\/index.php\/wp-json\/wp\/v2\/comments?post=872"}],"version-history":[{"count":9,"href":"https:\/\/www.inet.edu.ar\/index.php\/wp-json\/wp\/v2\/pages\/872\/revisions"}],"predecessor-version":[{"id":875,"href":"https:\/\/www.inet.edu.ar\/index.php\/wp-json\/wp\/v2\/pages\/872\/revisions\/875"}],"up":[{"embeddable":true,"href":"https:\/\/www.inet.edu.ar\/index.php\/wp-json\/wp\/v2\/pages\/65"}],"wp:attachment":[{"href":"https:\/\/www.inet.edu.ar\/index.php\/wp-json\/wp\/v2\/media?parent=872"}],"curies":[{"name":"wp","href":"https:\/\/api.w.org\/{rel}","templated":true}]}}