{"id":92,"date":"2012-10-31T14:56:35","date_gmt":"2012-10-31T14:56:35","guid":{"rendered":"https:\/\/www.inet.edu.ar\/?page_id=92"},"modified":"2025-03-14T09:00:53","modified_gmt":"2025-03-14T12:00:53","slug":"estudios-investigaciones","status":"publish","type":"page","link":"https:\/\/www.inet.edu.ar\/index.php\/estudios-investigaciones\/","title":{"rendered":"Informaci\u00f3n y Estad\u00edstica"},"content":{"rendered":"\n<p>La administraci\u00f3n del Registro Federal de Instituciones de Educaci\u00f3n T\u00e9cnico Profesional \u2013RFIETP\u2013, la producci\u00f3n de estad\u00edsticas y la gesti\u00f3n de investigaciones sobre la Educaci\u00f3n T\u00e9cnico Profesional (ETP) en Argentina constituyen los principales prop\u00f3sitos de la Unidad de Informaci\u00f3n y Estad\u00edstica.<\/p>\n\n\n\n<p>En este sentido, se mantiene actualizado el RFIETP que es un instrumento fijado por la Ley Nacional de Educaci\u00f3n T\u00e9cnica N\u00ba 26.058\/05, que funciona en forma continua desde 2006. Este registro, conforma una n\u00f3mina exhaustiva de todas las instituciones que brindan ETP de car\u00e1cter nacional, jurisdiccional y municipal, que comprende a poco menos de seis mil instituciones.<\/p>\n\n\n\n<p>Adem\u00e1s, se elaboran informes estad\u00edsticos sobre las instituciones, los planes de estudio, los directivos, los docentes y los estudiantes de la ETP en la Argentina. Para ello se apela a m\u00faltiples fuentes, entre las cuales se encuentran las de producci\u00f3n propia como el RFIETP y el relevamiento del proceso de autoevaluaci\u00f3n institucional.<\/p>\n\n\n\n<p>Sus principales funciones son:<\/p>\n\n\n\n<ul class=\"wp-block-list\">\n<li>Mantener actualizado el Registro Federal de Instituciones de Educaci\u00f3n T\u00e9cnico Profesional -RFIETP- y ofrecer al p\u00fablico el Cat\u00e1logo Nacional de T\u00edtulos y Certificaciones de ETP.<\/li>\n\n\n\n<li>Sostener el proceso de Autoevaluaci\u00f3n Institucional como instancia de reflexi\u00f3n y participaci\u00f3n entre Directivos, Docentes y Alumnos para contribuir al proceso de mejora de la calidad de la Educaci\u00f3n T\u00e9cnico Profesional.<\/li>\n\n\n\n<li>Gestionar el Fondo Nacional de Investigaciones de Educaci\u00f3n T\u00e9cnico Profesional para que por medio de sus tres componentes (investigaciones de instituciones expertas, institucionales en red e individuales) se aporten evidencias para la mejora de la calidad de las pol\u00edticas p\u00fablicas de la ETP y sus pr\u00e1cticas institucionales.<\/li>\n\n\n\n<li>Publicar anualmente \u2018La ETP en cifras\u2019 que conforma una serie iniciada en 2013.<\/li>\n\n\n\n<li>Asesorar a la Direcci\u00f3n Ejecutiva y otras \u00e1reas del INET para la producci\u00f3n de estad\u00edsticas propias de funcionamiento de las distintas ofertas de la ETP.<\/li>\n\n\n\n<li>Producir informes estad\u00edsticos con informaci\u00f3n de fuentes propias (como RFIETP y relevamiento de AEI) y de otras fuentes de la Secretar\u00eda de Educaci\u00f3n (Relevamiento Anual, Operativo Aprender y otros) y de otros organismos del Sistema Estad\u00edstico Nacional (Censo de Poblaci\u00f3n, Encuesta Permanente de Hogares y otros).<\/li>\n<\/ul>\n\n\n\n<p>Para poder facilitar la comunicaci\u00f3n entre la Unidad de Informaci\u00f3n y Estad\u00edstica y sus usuarios, compartimos los siguientes correos electr\u00f3nicos:<\/p>\n\n\n\n<p>Por temas de Registro Federal de Instituciones: <a href=\"mailto:rfietp@educacion.gob.ar\"><strong>rfietp@educacion.gob.ar<\/strong><\/a><\/p>\n\n\n\n<p>Por el proceso de Autoevaluaci\u00f3n: <a href=\"mailto:aei.inet@educacion.gob.ar\"><strong>aei.inet@educacion.gob.ar<\/strong><\/a><\/p>\n\n\n\n<p>Por cuestiones referidas al FoNIETP: <a href=\"mailto:fonietp.inet@educacion.gob.ar\"><strong>fonietp.inet@educacion.gob.ar<\/strong><\/a><\/p>\n\n\n\n<p>Por temas generales del \u00e1rea de Informaci\u00f3n y Estad\u00edstica: <a href=\"mailto:uie.inet@educacion.gob.ar\"><strong>uie.inet@educacion.gob.ar<\/strong><\/a><\/p>\n","protected":false},"excerpt":{"rendered":"<p>La administraci\u00f3n del Registro Federal de Instituciones de Educaci\u00f3n T\u00e9cnico Profesional \u2013RFIETP\u2013, la producci\u00f3n de estad\u00edsticas y la gesti\u00f3n de investigaciones sobre la Educaci\u00f3n T\u00e9cnico Profesional (ETP) en Argentina constituyen los principales prop\u00f3sitos de la Unidad de Informaci\u00f3n y Estad\u00edstica. En este sentido, se mantiene actualizado el RFIETP que es un instrumento fijado por la [&hellip;]<\/p>\n","protected":false},"author":3,"featured_media":0,"parent":0,"menu_order":0,"comment_status":"closed","ping_status":"open","template":"","meta":{"footnotes":""},"class_list":["post-92","page","type-page","status-publish","hentry"],"_links":{"self":[{"href":"https:\/\/www.inet.edu.ar\/index.php\/wp-json\/wp\/v2\/pages\/92","targetHints":{"allow":["GET"]}}],"collection":[{"href":"https:\/\/www.inet.edu.ar\/index.php\/wp-json\/wp\/v2\/pages"}],"about":[{"href":"https:\/\/www.inet.edu.ar\/index.php\/wp-json\/wp\/v2\/types\/page"}],"author":[{"embeddable":true,"href":"https:\/\/www.inet.edu.ar\/index.php\/wp-json\/wp\/v2\/users\/3"}],"replies":[{"embeddable":true,"href":"https:\/\/www.inet.edu.ar\/index.php\/wp-json\/wp\/v2\/comments?post=92"}],"version-history":[{"count":30,"href":"https:\/\/www.inet.edu.ar\/index.php\/wp-json\/wp\/v2\/pages\/92\/revisions"}],"predecessor-version":[{"id":40571,"href":"https:\/\/www.inet.edu.ar\/index.php\/wp-json\/wp\/v2\/pages\/92\/revisions\/40571"}],"wp:attachment":[{"href":"https:\/\/www.inet.edu.ar\/index.php\/wp-json\/wp\/v2\/media?parent=92"}],"curies":[{"name":"wp","href":"https:\/\/api.w.org\/{rel}","templated":true}]}}