{"id":96,"date":"2012-10-31T14:56:57","date_gmt":"2012-10-31T14:56:57","guid":{"rendered":"https:\/\/www.inet.edu.ar\/?page_id=96"},"modified":"2026-03-31T16:35:28","modified_gmt":"2026-03-31T19:35:28","slug":"credito-fiscal","status":"publish","type":"page","link":"https:\/\/www.inet.edu.ar\/index.php\/credito-fiscal\/","title":{"rendered":"Cr\u00e9dito Fiscal"},"content":{"rendered":"\n<p>Cr\u00e9dito Fiscal es un instrumento destinado a financiar proyectos de capacitaci\u00f3n en recursos humanos y adquisici\u00f3n de equipamiento para establecimientos educativos, a trav\u00e9s de proyectos que vinculen educaci\u00f3n y trabajo.<\/p>\n\n\n\n<p>Los proyectos incluyen acciones destinadas a:<\/p>\n\n\n\n<ul class=\"wp-block-list\">\n<li>Fortalecer la Educaci\u00f3n Tecnol\u00f3gica de nivel Medio y Superior No Universitario, y la Formaci\u00f3n Profesional.<br><\/li>\n\n\n\n<li>Promover la participaci\u00f3n de organizaciones del \u00e1mbito productivo y su articulaci\u00f3n con establecimientos educativos.<br><\/li>\n\n\n\n<li>Impulsar la capacitaci\u00f3n para trabajadores ocupados, subocupados y desocupados.<br><\/li>\n\n\n\n<li>Vincular la capacitaci\u00f3n con las principales actividades productivas de la provincia.<\/li>\n<\/ul>\n\n\n\n<p><\/p>\n\n\n\n<p>Plataforma para la carga de proyectos: <a href=\"https:\/\/creditofiscal.educacion.gob.ar\/\" target=\"_blank\" rel=\"noreferrer noopener\"><strong>https:\/\/creditofiscal.educacion.gob.ar\/<\/strong><\/a><\/p>\n\n\n\n<p><\/p>\n\n\n\n<p><strong>Cronograma 2026<\/strong><\/p>\n\n\n\n<figure class=\"wp-block-table\"><table class=\"has-fixed-layout\"><tbody><tr><td><strong>Etapa<\/strong><\/td><td class=\"has-text-align-center\" data-align=\"center\"><strong>Inicio<\/strong><\/td><td><strong>Finalizaci\u00f3n<\/strong><\/td><\/tr><tr><td><strong>Publicaci\u00f3n de Manual<\/strong><\/td><td class=\"has-text-align-center\" data-align=\"center\" colspan=\"2\"><em>Lunes 30 de marzo<\/em><\/td><\/tr><tr><td><strong>Capacitaci\u00f3n<\/strong> (distintos horarios)<\/td><td class=\"has-text-align-center\" data-align=\"center\"><em>Lunes 6 de abril<\/em><\/td><td><em>Jueves 16 de abril<\/em><\/td><\/tr><tr><td><strong>Presentaci\u00f3n de proyectos<\/strong>: <strong>instituciones educativas<\/strong><\/td><td class=\"has-text-align-center\" data-align=\"center\"><em>Lunes 13 de abril<\/em><\/td><td><em>Viernes 15 de mayo<\/em><\/td><\/tr><tr><td><strong>Presentaci\u00f3n de documentaci\u00f3n: empresas<\/strong><\/td><td class=\"has-text-align-center\" data-align=\"center\"><em>Lunes 13 de abril<\/em><\/td><td><em>Viernes 15 de mayo<\/em><\/td><\/tr><tr><td><strong>Evaluaci\u00f3n de proyectos<\/strong><\/td><td class=\"has-text-align-center\" data-align=\"center\"><em>Lunes 18 de mayo<\/em><\/td><td><em>Viernes 3 de julio<\/em><\/td><\/tr><tr><td><strong>Publicaci\u00f3n de orden de m\u00e9rito<\/strong><\/td><td class=\"has-text-align-center\" data-align=\"center\" colspan=\"2\"><em>Lunes 6 de julio<\/em><\/td><\/tr><tr><td><strong>Ejecuci\u00f3n<\/strong><\/td><td class=\"has-text-align-center\" data-align=\"center\"><em>Lunes 6 de julio<\/em><\/td><td><em>Viernes 2 de octubre<\/em><\/td><\/tr><\/tbody><\/table><\/figure>\n","protected":false},"excerpt":{"rendered":"<p>Cr\u00e9dito Fiscal es un instrumento destinado a financiar proyectos de capacitaci\u00f3n en recursos humanos y adquisici\u00f3n de equipamiento para establecimientos educativos, a trav\u00e9s de proyectos que vinculen educaci\u00f3n y trabajo. Los proyectos incluyen acciones destinadas a: Plataforma para la carga de proyectos: https:\/\/creditofiscal.educacion.gob.ar\/ Cronograma 2026 Etapa Inicio Finalizaci\u00f3n Publicaci\u00f3n de Manual Lunes 30 de marzo [&hellip;]<\/p>\n","protected":false},"author":3,"featured_media":0,"parent":0,"menu_order":0,"comment_status":"closed","ping_status":"open","template":"","meta":{"footnotes":""},"class_list":["post-96","page","type-page","status-publish","hentry"],"_links":{"self":[{"href":"https:\/\/www.inet.edu.ar\/index.php\/wp-json\/wp\/v2\/pages\/96","targetHints":{"allow":["GET"]}}],"collection":[{"href":"https:\/\/www.inet.edu.ar\/index.php\/wp-json\/wp\/v2\/pages"}],"about":[{"href":"https:\/\/www.inet.edu.ar\/index.php\/wp-json\/wp\/v2\/types\/page"}],"author":[{"embeddable":true,"href":"https:\/\/www.inet.edu.ar\/index.php\/wp-json\/wp\/v2\/users\/3"}],"replies":[{"embeddable":true,"href":"https:\/\/www.inet.edu.ar\/index.php\/wp-json\/wp\/v2\/comments?post=96"}],"version-history":[{"count":44,"href":"https:\/\/www.inet.edu.ar\/index.php\/wp-json\/wp\/v2\/pages\/96\/revisions"}],"predecessor-version":[{"id":42143,"href":"https:\/\/www.inet.edu.ar\/index.php\/wp-json\/wp\/v2\/pages\/96\/revisions\/42143"}],"wp:attachment":[{"href":"https:\/\/www.inet.edu.ar\/index.php\/wp-json\/wp\/v2\/media?parent=96"}],"curies":[{"name":"wp","href":"https:\/\/api.w.org\/{rel}","templated":true}]}}

Crédito Fiscal

<p>Crédito Fiscal es un instrumento destinado a financiar proyectos de capacitación en recursos humanos y adquisición de equipamiento para establecimientos educativos, a través de proyectos que vinculen educación y trabajo.</p>



<p>Los proyectos incluyen acciones destinadas a:</p>



<ul class="wp-block-list">
<li>Fortalecer la Educación Tecnológica de nivel Medio y Superior No Universitario, y la Formación Profesional.<br></li>



<li>Promover la participación de organizaciones del ámbito productivo y su articulación con establecimientos educativos.<br></li>



<li>Impulsar la capacitación para trabajadores ocupados, subocupados y desocupados.<br></li>



<li>Vincular la capacitación con las principales actividades productivas de la provincia.</li>
</ul>



<p></p>



<p>Plataforma para la carga de proyectos: <a href="https://creditofiscal.educacion.gob.ar/" target="_blank" rel="noreferrer noopener"><strong>https://creditofiscal.educacion.gob.ar/</strong></a></p>



<p></p>



<p><strong>Cronograma 2026</strong></p>



<figure class="wp-block-table"><table class="has-fixed-layout"><tbody><tr><td><strong>Etapa</strong></td><td class="has-text-align-center" data-align="center"><strong>Inicio</strong></td><td><strong>Finalización</strong></td></tr><tr><td><strong>Publicación de Manual</strong></td><td class="has-text-align-center" data-align="center" colspan="2"><em>Lunes 30 de marzo</em></td></tr><tr><td><strong>Capacitación</strong> (distintos horarios)</td><td class="has-text-align-center" data-align="center"><em>Lunes 6 de abril</em></td><td><em>Jueves 16 de abril</em></td></tr><tr><td><strong>Presentación de proyectos</strong>: <strong>instituciones educativas</strong></td><td class="has-text-align-center" data-align="center"><em>Lunes 13 de abril</em></td><td><em>Viernes 15 de mayo</em></td></tr><tr><td><strong>Presentación de documentación: empresas</strong></td><td class="has-text-align-center" data-align="center"><em>Lunes 13 de abril</em></td><td><em>Viernes 15 de mayo</em></td></tr><tr><td><strong>Evaluación de proyectos</strong></td><td class="has-text-align-center" data-align="center"><em>Lunes 18 de mayo</em></td><td><em>Viernes 3 de julio</em></td></tr><tr><td><strong>Publicación de orden de mérito</strong></td><td class="has-text-align-center" data-align="center" colspan="2"><em>Lunes 6 de julio</em></td></tr><tr><td><strong>Ejecución</strong></td><td class="has-text-align-center" data-align="center"><em>Lunes 6 de julio</em></td><td><em>Viernes 2 de octubre</em></td></tr></tbody></table></figure>

<p>Crédito Fiscal es un instrumento destinado a financiar proyectos de capacitación en recursos humanos y adquisición de equipamiento para establecimientos educativos, a través de proyectos que vinculen educación y trabajo. Los proyectos incluyen acciones destinadas a: Plataforma para la carga de proyectos: https://creditofiscal.educacion.gob.ar/ Cronograma 2026 Etapa Inicio Finalización Publicación de Manual Lunes 30 de marzo [&hellip;]</p>
